--
-- Host: 127.0.0.1    Database: shofy
-- ------------------------------------------------------


--
-- Table structure for table `activations`
--

CREATE TABLE `activations` (
  `id` bigint unsigned NOT NULL AUTO_INCREMENT,
  `user_id` bigint unsigned NOT NULL,
  `code` varchar(120) COLLATE utf8mb4_unicode_ci NOT NULL,
  `completed` tinyint(1) NOT NULL DEFAULT '0',
  `completed_at` timestamp NULL DEFAULT NULL,
  `created_at` timestamp NULL DEFAULT NULL,
  `updated_at` timestamp NULL DEFAULT NULL,
  PRIMARY KEY (`id`),
  KEY `activations_user_id_index` (`user_id`)
) ENGINE=InnoDB AUTO_INCREMENT=2 DEFAULT CHARSET=utf8mb4 COLLATE=utf8mb4_unicode_ci;

--
-- Dumping data for table `activations`
--

INSERT INTO `activations` VALUES (1,1,'r1wwDVLMuS405GDFL7n1E4l2G5ilgQeC',1,'2025-03-31 21:07:46','2025-03-31 21:07:46','2025-03-31 21:07:46');

--
-- Table structure for table `admin_notifications`
--

CREATE TABLE `admin_notifications` (
  `id` bigint unsigned NOT NULL AUTO_INCREMENT,
  `title` varchar(191) COLLATE utf8mb4_unicode_ci NOT NULL,
  `action_label` varchar(191) COLLATE utf8mb4_unicode_ci DEFAULT NULL,
  `action_url` varchar(191) COLLATE utf8mb4_unicode_ci DEFAULT NULL,
  `description` varchar(400) COLLATE utf8mb4_unicode_ci DEFAULT NULL,
  `read_at` timestamp NULL DEFAULT NULL,
  `created_at` timestamp NULL DEFAULT NULL,
  `updated_at` timestamp NULL DEFAULT NULL,
  `permission` varchar(191) COLLATE utf8mb4_unicode_ci DEFAULT NULL,
  PRIMARY KEY (`id`)
) ENGINE=InnoDB DEFAULT CHARSET=utf8mb4 COLLATE=utf8mb4_unicode_ci;

--
-- Dumping data for table `admin_notifications`
--


--
-- Table structure for table `ads`
--

CREATE TABLE `ads` (
  `id` bigint unsigned NOT NULL AUTO_INCREMENT,
  `name` varchar(191) COLLATE utf8mb4_unicode_ci NOT NULL,
  `expired_at` datetime DEFAULT NULL,
  `location` varchar(120) COLLATE utf8mb4_unicode_ci DEFAULT NULL,
  `key` varchar(120) COLLATE utf8mb4_unicode_ci NOT NULL,
  `image` varchar(191) COLLATE utf8mb4_unicode_ci DEFAULT NULL,
  `url` varchar(191) COLLATE utf8mb4_unicode_ci DEFAULT NULL,
  `clicked` bigint NOT NULL DEFAULT '0',
  `order` int DEFAULT '0',
  `status` varchar(60) COLLATE utf8mb4_unicode_ci NOT NULL DEFAULT 'published',
  `created_at` timestamp NULL DEFAULT NULL,
  `updated_at` timestamp NULL DEFAULT NULL,
  `open_in_new_tab` tinyint(1) NOT NULL DEFAULT '1',
  `tablet_image` varchar(191) COLLATE utf8mb4_unicode_ci DEFAULT NULL,
  `mobile_image` varchar(191) COLLATE utf8mb4_unicode_ci DEFAULT NULL,
  `ads_type` varchar(191) COLLATE utf8mb4_unicode_ci DEFAULT NULL,
  `google_adsense_slot_id` varchar(191) COLLATE utf8mb4_unicode_ci DEFAULT NULL,
  PRIMARY KEY (`id`),
  UNIQUE KEY `ads_key_unique` (`key`)
) ENGINE=InnoDB DEFAULT CHARSET=utf8mb4 COLLATE=utf8mb4_unicode_ci;

--
-- Dumping data for table `ads`
--


--
-- Table structure for table `ads_translations`
--

CREATE TABLE `ads_translations` (
  `lang_code` varchar(191) COLLATE utf8mb4_unicode_ci NOT NULL,
  `ads_id` bigint unsigned NOT NULL,
  `name` varchar(191) COLLATE utf8mb4_unicode_ci DEFAULT NULL,
  `image` varchar(191) COLLATE utf8mb4_unicode_ci DEFAULT NULL,
  `url` varchar(191) COLLATE utf8mb4_unicode_ci DEFAULT NULL,
  PRIMARY KEY (`lang_code`,`ads_id`)
) ENGINE=InnoDB DEFAULT CHARSET=utf8mb4 COLLATE=utf8mb4_unicode_ci;

--
-- Dumping data for table `ads_translations`
--


--
-- Table structure for table `announcements`
--

CREATE TABLE `announcements` (
  `id` bigint unsigned NOT NULL AUTO_INCREMENT,
  `name` varchar(191) COLLATE utf8mb4_unicode_ci NOT NULL,
  `content` text COLLATE utf8mb4_unicode_ci NOT NULL,
  `has_action` tinyint(1) NOT NULL DEFAULT '0',
  `action_label` varchar(60) COLLATE utf8mb4_unicode_ci DEFAULT NULL,
  `action_url` varchar(400) COLLATE utf8mb4_unicode_ci DEFAULT NULL,
  `action_open_new_tab` tinyint(1) NOT NULL DEFAULT '0',
  `dismissible` tinyint(1) NOT NULL DEFAULT '0',
  `start_date` datetime DEFAULT NULL,
  `end_date` datetime DEFAULT NULL,
  `is_active` tinyint(1) NOT NULL DEFAULT '1',
  `created_at` timestamp NULL DEFAULT NULL,
  `updated_at` timestamp NULL DEFAULT NULL,
  PRIMARY KEY (`id`)
) ENGINE=InnoDB AUTO_INCREMENT=4 DEFAULT CHARSET=utf8mb4 COLLATE=utf8mb4_unicode_ci;

--
-- Dumping data for table `announcements`
--

INSERT INTO `announcements` VALUES (1,'Announcement 1','Enjoy free shipping on all orders over $99! Shop now and save on delivery costs.',0,NULL,NULL,0,1,'2025-04-01 04:07:56',NULL,1,'2025-03-31 21:07:56','2025-03-31 21:07:56'),(2,'Announcement 2','Need assistance? Our customer support is available 24/7 to help you with any questions or concerns.',0,NULL,NULL,0,1,'2025-04-01 04:07:56',NULL,1,'2025-03-31 21:07:56','2025-03-31 21:07:56'),(3,'Announcement 3','Shop with confidence! We offer a hassle-free 30 days return service for your peace of mind.',0,NULL,NULL,0,1,'2025-04-01 04:07:56',NULL,1,'2025-03-31 21:07:56','2025-03-31 21:07:56');

--
-- Table structure for table `announcements_translations`
--

CREATE TABLE `announcements_translations` (
  `lang_code` varchar(191) COLLATE utf8mb4_unicode_ci NOT NULL,
  `announcements_id` bigint unsigned NOT NULL,
  `content` text COLLATE utf8mb4_unicode_ci,
  `action_label` varchar(60) COLLATE utf8mb4_unicode_ci DEFAULT NULL,
  PRIMARY KEY (`lang_code`,`announcements_id`)
) ENGINE=InnoDB DEFAULT CHARSET=utf8mb4 COLLATE=utf8mb4_unicode_ci;

--
-- Dumping data for table `announcements_translations`
--


--
-- Table structure for table `audit_histories`
--

CREATE TABLE `audit_histories` (
  `id` bigint unsigned NOT NULL AUTO_INCREMENT,
  `user_id` bigint unsigned NOT NULL,
  `module` varchar(60) COLLATE utf8mb4_unicode_ci NOT NULL,
  `request` longtext COLLATE utf8mb4_unicode_ci,
  `action` varchar(120) COLLATE utf8mb4_unicode_ci NOT NULL,
  `user_agent` text COLLATE utf8mb4_unicode_ci,
  `ip_address` varchar(45) COLLATE utf8mb4_unicode_ci DEFAULT NULL,
  `reference_user` bigint unsigned NOT NULL,
  `reference_id` bigint unsigned NOT NULL,
  `reference_name` varchar(191) COLLATE utf8mb4_unicode_ci NOT NULL,
  `type` varchar(20) COLLATE utf8mb4_unicode_ci NOT NULL,
  `created_at` timestamp NULL DEFAULT NULL,
  `updated_at` timestamp NULL DEFAULT NULL,
  PRIMARY KEY (`id`),
  KEY `audit_histories_user_id_index` (`user_id`),
  KEY `audit_histories_module_index` (`module`)
) ENGINE=InnoDB DEFAULT CHARSET=utf8mb4 COLLATE=utf8mb4_unicode_ci;

--
-- Dumping data for table `audit_histories`
--


--
-- Table structure for table `cache`
--

CREATE TABLE `cache` (
  `key` varchar(191) COLLATE utf8mb4_unicode_ci NOT NULL,
  `value` mediumtext COLLATE utf8mb4_unicode_ci NOT NULL,
  `expiration` int NOT NULL,
  PRIMARY KEY (`key`)
) ENGINE=InnoDB DEFAULT CHARSET=utf8mb4 COLLATE=utf8mb4_unicode_ci;

--
-- Dumping data for table `cache`
--


--
-- Table structure for table `cache_locks`
--

CREATE TABLE `cache_locks` (
  `key` varchar(191) COLLATE utf8mb4_unicode_ci NOT NULL,
  `owner` varchar(191) COLLATE utf8mb4_unicode_ci NOT NULL,
  `expiration` int NOT NULL,
  PRIMARY KEY (`key`)
) ENGINE=InnoDB DEFAULT CHARSET=utf8mb4 COLLATE=utf8mb4_unicode_ci;

--
-- Dumping data for table `cache_locks`
--


--
-- Table structure for table `categories`
--

CREATE TABLE `categories` (
  `id` bigint unsigned NOT NULL AUTO_INCREMENT,
  `name` varchar(120) COLLATE utf8mb4_unicode_ci NOT NULL,
  `parent_id` bigint unsigned NOT NULL DEFAULT '0',
  `description` varchar(400) COLLATE utf8mb4_unicode_ci DEFAULT NULL,
  `status` varchar(60) COLLATE utf8mb4_unicode_ci NOT NULL DEFAULT 'published',
  `author_id` bigint unsigned DEFAULT NULL,
  `author_type` varchar(191) COLLATE utf8mb4_unicode_ci NOT NULL DEFAULT 'Botble\\ACL\\Models\\User',
  `icon` varchar(60) COLLATE utf8mb4_unicode_ci DEFAULT NULL,
  `order` int unsigned NOT NULL DEFAULT '0',
  `is_featured` tinyint NOT NULL DEFAULT '0',
  `is_default` tinyint unsigned NOT NULL DEFAULT '0',
  `created_at` timestamp NULL DEFAULT NULL,
  `updated_at` timestamp NULL DEFAULT NULL,
  PRIMARY KEY (`id`),
  KEY `categories_parent_id_index` (`parent_id`),
  KEY `categories_status_index` (`status`),
  KEY `categories_created_at_index` (`created_at`)
) ENGINE=InnoDB AUTO_INCREMENT=7 DEFAULT CHARSET=utf8mb4 COLLATE=utf8mb4_unicode_ci;

--
-- Dumping data for table `categories`
--

INSERT INTO `categories` VALUES (1,'Crisp Bread &amp; Cake',0,'Et corrupti esse maxime laudantium expedita quo. Est accusantium corporis laboriosam doloremque odit. Amet omnis est omnis iste.','published',1,'Botble\\ACL\\Models\\User',NULL,0,0,0,'2025-03-31 21:07:52','2025-03-31 21:07:52'),(2,'Fashion',0,'Voluptatem ut et laudantium voluptas doloribus. Dolores dolorem veniam culpa iusto cupiditate aut. Est voluptatem quisquam ipsa assumenda et enim.','published',1,'Botble\\ACL\\Models\\User',NULL,0,1,0,'2025-03-31 21:07:52','2025-03-31 21:07:52'),(3,'Electronic',0,'Quasi ut ex velit qui optio dolorum omnis. Dolorem blanditiis eum ipsam. Quam rem tempora fugit omnis animi alias beatae. Ea commodi sunt omnis soluta est qui autem. Repellat porro et vero tempora.','published',1,'Botble\\ACL\\Models\\User',NULL,0,1,0,'2025-03-31 21:07:52','2025-03-31 21:07:52'),(4,'Commercial',0,'Et sit consequatur ut qui iure. Possimus et modi consequatur distinctio cum ut dolores. Velit voluptatem ad aliquid. Necessitatibus incidunt porro nemo praesentium quasi atque.','published',1,'Botble\\ACL\\Models\\User',NULL,0,1,0,'2025-03-31 21:07:52','2025-03-31 21:07:52'),(5,'Organic Fruits',0,'Molestiae dignissimos fugiat quia repellendus. Quisquam voluptate iusto enim.','published',1,'Botble\\ACL\\Models\\User',NULL,0,1,0,'2025-03-31 21:07:52','2025-03-31 21:07:52'),(6,'Ecological',0,'Eum voluptatem voluptas voluptas dignissimos et laborum sed voluptas. Commodi consequatur est iste laboriosam impedit nam. Voluptatem assumenda labore aliquam. Omnis illo aut sint qui voluptates.','published',1,'Botble\\ACL\\Models\\User',NULL,0,1,0,'2025-03-31 21:07:52','2025-03-31 21:07:52');

--
-- Table structure for table `categories_translations`
--

CREATE TABLE `categories_translations` (
  `lang_code` varchar(20) COLLATE utf8mb4_unicode_ci NOT NULL,
  `categories_id` bigint unsigned NOT NULL,
  `name` varchar(191) COLLATE utf8mb4_unicode_ci DEFAULT NULL,
  `description` varchar(400) COLLATE utf8mb4_unicode_ci DEFAULT NULL,
  PRIMARY KEY (`lang_code`,`categories_id`)
) ENGINE=InnoDB DEFAULT CHARSET=utf8mb4 COLLATE=utf8mb4_unicode_ci;

--
-- Dumping data for table `categories_translations`
--


--
-- Table structure for table `cities`
--

CREATE TABLE `cities` (
  `id` bigint unsigned NOT NULL AUTO_INCREMENT,
  `name` varchar(120) COLLATE utf8mb4_unicode_ci NOT NULL,
  `slug` varchar(120) COLLATE utf8mb4_unicode_ci DEFAULT NULL,
  `state_id` bigint unsigned DEFAULT NULL,
  `country_id` bigint unsigned DEFAULT NULL,
  `record_id` varchar(40) COLLATE utf8mb4_unicode_ci DEFAULT NULL,
  `order` tinyint NOT NULL DEFAULT '0',
  `image` varchar(191) COLLATE utf8mb4_unicode_ci DEFAULT NULL,
  `is_default` tinyint unsigned NOT NULL DEFAULT '0',
  `status` varchar(60) COLLATE utf8mb4_unicode_ci NOT NULL DEFAULT 'published',
  `created_at` timestamp NULL DEFAULT NULL,
  `updated_at` timestamp NULL DEFAULT NULL,
  `zip_code` varchar(20) COLLATE utf8mb4_unicode_ci DEFAULT NULL,
  PRIMARY KEY (`id`),
  UNIQUE KEY `cities_slug_unique` (`slug`)
) ENGINE=InnoDB DEFAULT CHARSET=utf8mb4 COLLATE=utf8mb4_unicode_ci;

--
-- Dumping data for table `cities`
--


--
-- Table structure for table `cities_translations`
--

CREATE TABLE `cities_translations` (
  `lang_code` varchar(20) COLLATE utf8mb4_unicode_ci NOT NULL,
  `cities_id` bigint unsigned NOT NULL,
  `name` varchar(120) COLLATE utf8mb4_unicode_ci DEFAULT NULL,
  `slug` varchar(120) COLLATE utf8mb4_unicode_ci DEFAULT NULL,
  PRIMARY KEY (`lang_code`,`cities_id`)
) ENGINE=InnoDB DEFAULT CHARSET=utf8mb4 COLLATE=utf8mb4_unicode_ci;

--
-- Dumping data for table `cities_translations`
--


--
-- Table structure for table `contact_custom_field_options`
--

CREATE TABLE `contact_custom_field_options` (
  `id` bigint unsigned NOT NULL AUTO_INCREMENT,
  `custom_field_id` bigint unsigned NOT NULL,
  `label` varchar(191) COLLATE utf8mb4_unicode_ci DEFAULT NULL,
  `value` varchar(191) COLLATE utf8mb4_unicode_ci NOT NULL,
  `order` int NOT NULL DEFAULT '999',
  `created_at` timestamp NULL DEFAULT NULL,
  `updated_at` timestamp NULL DEFAULT NULL,
  PRIMARY KEY (`id`)
) ENGINE=InnoDB DEFAULT CHARSET=utf8mb4 COLLATE=utf8mb4_unicode_ci;

--
-- Dumping data for table `contact_custom_field_options`
--


--
-- Table structure for table `contact_custom_field_options_translations`
--

CREATE TABLE `contact_custom_field_options_translations` (
  `contact_custom_field_options_id` bigint unsigned NOT NULL,
  `lang_code` varchar(191) COLLATE utf8mb4_unicode_ci NOT NULL,
  `label` varchar(191) COLLATE utf8mb4_unicode_ci DEFAULT NULL,
  `value` varchar(191) COLLATE utf8mb4_unicode_ci DEFAULT NULL,
  PRIMARY KEY (`lang_code`,`contact_custom_field_options_id`)
) ENGINE=InnoDB DEFAULT CHARSET=utf8mb4 COLLATE=utf8mb4_unicode_ci;

--
-- Dumping data for table `contact_custom_field_options_translations`
--


--
-- Table structure for table `contact_custom_fields`
--

CREATE TABLE `contact_custom_fields` (
  `id` bigint unsigned NOT NULL AUTO_INCREMENT,
  `type` varchar(191) COLLATE utf8mb4_unicode_ci NOT NULL,
  `required` tinyint(1) NOT NULL DEFAULT '0',
  `name` varchar(191) COLLATE utf8mb4_unicode_ci NOT NULL,
  `placeholder` varchar(191) COLLATE utf8mb4_unicode_ci DEFAULT NULL,
  `order` int NOT NULL DEFAULT '999',
  `status` varchar(191) COLLATE utf8mb4_unicode_ci NOT NULL DEFAULT 'published',
  `created_at` timestamp NULL DEFAULT NULL,
  `updated_at` timestamp NULL DEFAULT NULL,
  PRIMARY KEY (`id`)
) ENGINE=InnoDB DEFAULT CHARSET=utf8mb4 COLLATE=utf8mb4_unicode_ci;

--
-- Dumping data for table `contact_custom_fields`
--


--
-- Table structure for table `contact_custom_fields_translations`
--

CREATE TABLE `contact_custom_fields_translations` (
  `contact_custom_fields_id` bigint unsigned NOT NULL,
  `lang_code` varchar(191) COLLATE utf8mb4_unicode_ci NOT NULL,
  `name` varchar(191) COLLATE utf8mb4_unicode_ci DEFAULT NULL,
  `placeholder` varchar(191) COLLATE utf8mb4_unicode_ci DEFAULT NULL,
  PRIMARY KEY (`lang_code`,`contact_custom_fields_id`)
) ENGINE=InnoDB DEFAULT CHARSET=utf8mb4 COLLATE=utf8mb4_unicode_ci;

--
-- Dumping data for table `contact_custom_fields_translations`
--


--
-- Table structure for table `contact_replies`
--

CREATE TABLE `contact_replies` (
  `id` bigint unsigned NOT NULL AUTO_INCREMENT,
  `message` longtext COLLATE utf8mb4_unicode_ci NOT NULL,
  `contact_id` bigint unsigned NOT NULL,
  `created_at` timestamp NULL DEFAULT NULL,
  `updated_at` timestamp NULL DEFAULT NULL,
  PRIMARY KEY (`id`)
) ENGINE=InnoDB DEFAULT CHARSET=utf8mb4 COLLATE=utf8mb4_unicode_ci;

--
-- Dumping data for table `contact_replies`
--


--
-- Table structure for table `contacts`
--

CREATE TABLE `contacts` (
  `id` bigint unsigned NOT NULL AUTO_INCREMENT,
  `name` varchar(60) COLLATE utf8mb4_unicode_ci NOT NULL,
  `email` varchar(60) COLLATE utf8mb4_unicode_ci DEFAULT NULL,
  `phone` varchar(60) COLLATE utf8mb4_unicode_ci DEFAULT NULL,
  `address` varchar(120) COLLATE utf8mb4_unicode_ci DEFAULT NULL,
  `subject` varchar(120) COLLATE utf8mb4_unicode_ci DEFAULT NULL,
  `content` longtext COLLATE utf8mb4_unicode_ci NOT NULL,
  `custom_fields` text COLLATE utf8mb4_unicode_ci,
  `status` varchar(60) COLLATE utf8mb4_unicode_ci NOT NULL DEFAULT 'unread',
  `created_at` timestamp NULL DEFAULT NULL,
  `updated_at` timestamp NULL DEFAULT NULL,
  PRIMARY KEY (`id`)
) ENGINE=InnoDB AUTO_INCREMENT=11 DEFAULT CHARSET=utf8mb4 COLLATE=utf8mb4_unicode_ci;

--
-- Dumping data for table `contacts`
--

INSERT INTO `contacts` VALUES (1,'Virginie Hayes','olegros@example.com','+1 (820) 576-2137','477 Schuster Circles Suite 926\nPort Marleymouth, OH 79920','In eius ipsa labore sunt.','Natus amet natus rem dicta est. Harum eius voluptates veritatis. Repudiandae dignissimos qui repellendus ut sed sed dolor. Eos adipisci ut et rerum dolorum libero. Officia dolores sed perspiciatis consequatur vitae quidem omnis. Voluptatem quaerat aperiam et et dicta quia ipsam optio. Corporis est similique dolore perferendis illum et voluptates. Commodi perferendis quo natus molestiae et similique aliquid.',NULL,'read','2025-03-31 21:07:51','2025-03-31 21:07:51'),(2,'Dr. Anabelle Watsica DDS','mcglynn.bridgette@example.net','(731) 557-4742','668 Wyman Harbors Apt. 523\nTrevermouth, DC 31030','Sed magni et fugiat non delectus numquam nam.','In ex rerum et qui eligendi sed. Quod et voluptatem quia ea vitae eos. Quia eos molestiae quaerat amet ut. Earum natus autem laborum est rerum ratione occaecati voluptates. In voluptatem debitis recusandae rerum debitis odio. Recusandae alias debitis dignissimos dignissimos aliquam sit. Necessitatibus rerum ut nihil animi autem. Dicta alias autem quod nulla. Sapiente dicta et exercitationem dignissimos nisi. Dolorem aut beatae non aut.',NULL,'unread','2025-03-31 21:07:51','2025-03-31 21:07:51'),(3,'Prof. Chaim Kunze','ischowalter@example.com','+13152397012','546 Keira Walks\nSmithland, DC 53759','Iure ab tempora eos veniam aut deserunt.','Rerum aut ratione iusto cupiditate rerum id aut rerum. Iure sit dolor facere facere et. Aspernatur distinctio aut non incidunt quae. Tempora beatae tempore ipsa qui cumque excepturi. Sed totam et deserunt aut qui iusto magni. Enim beatae quia doloribus architecto excepturi eligendi. Dolorum id dolor soluta nostrum ut debitis. Iste tenetur tempora repudiandae id quaerat. Est saepe eveniet modi. In animi velit dolor. Perferendis libero nostrum nihil illo.',NULL,'read','2025-03-31 21:07:51','2025-03-31 21:07:51'),(4,'Orpha Rowe PhD','utremblay@example.com','283.294.1789','5260 Matteo Freeway Apt. 470\nDanielborough, DE 36839-4468','Et et dolor debitis et qui ut aut voluptas.','A quam debitis atque in. Similique nam enim quod iusto dignissimos ratione. Fugit voluptates ut quam perferendis culpa at. Molestias error animi aperiam quis sapiente dolorem. Provident ratione est aspernatur deleniti dolores possimus. Assumenda aperiam et ut. Et suscipit esse voluptas tempora inventore molestias quis. Velit harum consequatur id illo ut eligendi. Cum atque blanditiis velit saepe quibusdam est.',NULL,'read','2025-03-31 21:07:51','2025-03-31 21:07:51'),(5,'Arely Hauck','frieda.wehner@example.org','+13373444085','1619 Adrienne Flat Suite 505\nVaughnmouth, SC 82255-3344','Omnis quos tempora quos cumque nihil est.','Earum vel aliquam et cum distinctio sit. Ab assumenda cumque quas vel numquam. Sint id sed in autem officia voluptatem ipsum. Minima rerum eius et. Officiis fuga adipisci voluptatem sit cupiditate quod. Est quasi perspiciatis tempora est debitis nulla laborum. Commodi a cupiditate fugit et. Repellat maiores natus nemo occaecati quaerat et animi. Facilis aut quas facilis nisi laboriosam. Et sunt facilis ut quod. Ut et et vitae ipsa hic harum recusandae cumque. Ipsa deserunt ea omnis qui.',NULL,'read','2025-03-31 21:07:51','2025-03-31 21:07:51'),(6,'Elroy Jerde','lilla35@example.org','(865) 859-2693','498 Iva Plain\nLake Vadaview, MT 33698-4534','Ab consequuntur incidunt distinctio.','Sit debitis ut et eum beatae dolor autem voluptates. Incidunt autem qui reiciendis similique quae ut expedita. Hic consequuntur porro voluptas voluptatum ipsum accusamus est. Praesentium sequi eveniet error repellendus in sint commodi. Est dolor ea tenetur voluptatem vel possimus commodi. Qui nihil et voluptatem vel. Non et explicabo commodi et est neque.',NULL,'unread','2025-03-31 21:07:51','2025-03-31 21:07:51'),(7,'Alan Spinka DDS','jayda93@example.org','(878) 528-1401','9483 Abner Rue Apt. 083\nMedhurstfurt, TX 96860-6796','Non earum nisi maiores molestias excepturi nisi.','Ut et consequatur dolor nostrum voluptatem. Placeat eum adipisci sit repudiandae assumenda. Nemo officia nihil occaecati necessitatibus magni distinctio. Qui excepturi mollitia et velit. Id consectetur laudantium et aliquam qui est fugit. Nisi culpa temporibus accusantium voluptate rem commodi. Nesciunt sapiente suscipit eligendi in enim omnis nihil. Tempora sequi sit dolor expedita rerum aliquam voluptates. Harum non nesciunt quo et iste.',NULL,'unread','2025-03-31 21:07:51','2025-03-31 21:07:51'),(8,'Marcel Gibson','irwin.mitchell@example.com','314-515-0828','384 Breanna Knolls\nPort Carolyn, SD 23867','In quia harum reprehenderit sed a.','Dolore minima aliquam nobis. Suscipit a voluptatem consequatur veritatis animi quia nam. Accusamus eos nostrum sequi molestias ut ipsum. Ut omnis iusto nostrum sunt. Pariatur molestiae dignissimos quos quidem. Voluptates laborum harum et earum beatae sit beatae. Et vitae inventore dolore qui. Ipsa sed dolorem deserunt qui. Voluptatum consequatur dolorum quod veniam aspernatur fugiat. Sit accusamus quia quas molestiae.',NULL,'unread','2025-03-31 21:07:51','2025-03-31 21:07:51'),(9,'Fern Brakus','jweissnat@example.com','+1-857-206-8186','5488 Lubowitz Burg\nPort Prince, DE 26301','Necessitatibus ratione soluta asperiores ullam.','Recusandae magnam illo totam suscipit. Debitis exercitationem nam quis optio quia ut quia. Et minima omnis iure maiores molestiae. Quae et quia voluptatem harum illo. Ducimus aut ut earum ab aut ea eos. Sed earum iste ex. Dolor quasi similique qui debitis repellat. Saepe excepturi magni deleniti et sunt facilis. Ut ex mollitia nihil libero explicabo in quibusdam totam. Voluptas nihil sequi earum illum voluptate corporis facere. Neque sint ut molestiae aut.',NULL,'read','2025-03-31 21:07:51','2025-03-31 21:07:51'),(10,'Sterling Ritchie','lambert.sporer@example.com','678.377.4906','868 Glover Gardens\nLarissafurt, IL 19037-2763','Ipsum nemo nemo enim unde quas dolor.','Ullam est pariatur quo quaerat assumenda. Aspernatur nihil quod ducimus aut aut sunt. Quo rerum laudantium est iste autem. Dolorem reprehenderit neque iste fugit. Modi debitis voluptas expedita rem. Id quaerat qui distinctio saepe amet sit. Nam vel sint et nihil voluptas itaque sapiente. Dolor beatae voluptatem sit rerum est iusto. Sit vitae ut perspiciatis animi sed sequi non natus. Expedita occaecati similique quis ipsum rerum ut molestiae sunt.',NULL,'read','2025-03-31 21:07:51','2025-03-31 21:07:51');

--
-- Table structure for table `countries`
--

CREATE TABLE `countries` (
  `id` bigint unsigned NOT NULL AUTO_INCREMENT,
  `name` varchar(120) COLLATE utf8mb4_unicode_ci NOT NULL,
  `nationality` varchar(120) COLLATE utf8mb4_unicode_ci DEFAULT NULL,
  `order` tinyint NOT NULL DEFAULT '0',
  `image` varchar(191) COLLATE utf8mb4_unicode_ci DEFAULT NULL,
  `is_default` tinyint unsigned NOT NULL DEFAULT '0',
  `status` varchar(60) COLLATE utf8mb4_unicode_ci NOT NULL DEFAULT 'published',
  `created_at` timestamp NULL DEFAULT NULL,
  `updated_at` timestamp NULL DEFAULT NULL,
  `code` varchar(10) COLLATE utf8mb4_unicode_ci DEFAULT NULL,
  PRIMARY KEY (`id`)
) ENGINE=InnoDB DEFAULT CHARSET=utf8mb4 COLLATE=utf8mb4_unicode_ci;

--
-- Dumping data for table `countries`
--


--
-- Table structure for table `countries_translations`
--

CREATE TABLE `countries_translations` (
  `lang_code` varchar(20) COLLATE utf8mb4_unicode_ci NOT NULL,
  `countries_id` bigint unsigned NOT NULL,
  `name` varchar(120) COLLATE utf8mb4_unicode_ci DEFAULT NULL,
  `nationality` varchar(120) COLLATE utf8mb4_unicode_ci DEFAULT NULL,
  PRIMARY KEY (`lang_code`,`countries_id`)
) ENGINE=InnoDB DEFAULT CHARSET=utf8mb4 COLLATE=utf8mb4_unicode_ci;

--
-- Dumping data for table `countries_translations`
--


--
-- Table structure for table `dashboard_widget_settings`
--

CREATE TABLE `dashboard_widget_settings` (
  `id` bigint unsigned NOT NULL AUTO_INCREMENT,
  `settings` text COLLATE utf8mb4_unicode_ci,
  `user_id` bigint unsigned NOT NULL,
  `widget_id` bigint unsigned NOT NULL,
  `order` tinyint unsigned NOT NULL DEFAULT '0',
  `status` tinyint unsigned NOT NULL DEFAULT '1',
  `created_at` timestamp NULL DEFAULT NULL,
  `updated_at` timestamp NULL DEFAULT NULL,
  PRIMARY KEY (`id`),
  KEY `dashboard_widget_settings_user_id_index` (`user_id`),
  KEY `dashboard_widget_settings_widget_id_index` (`widget_id`)
) ENGINE=InnoDB DEFAULT CHARSET=utf8mb4 COLLATE=utf8mb4_unicode_ci;

--
-- Dumping data for table `dashboard_widget_settings`
--


--
-- Table structure for table `dashboard_widgets`
--

CREATE TABLE `dashboard_widgets` (
  `id` bigint unsigned NOT NULL AUTO_INCREMENT,
  `name` varchar(120) COLLATE utf8mb4_unicode_ci NOT NULL,
  `created_at` timestamp NULL DEFAULT NULL,
  `updated_at` timestamp NULL DEFAULT NULL,
  PRIMARY KEY (`id`)
) ENGINE=InnoDB DEFAULT CHARSET=utf8mb4 COLLATE=utf8mb4_unicode_ci;

--
-- Dumping data for table `dashboard_widgets`
--


--
-- Table structure for table `ec_brands`
--

CREATE TABLE `ec_brands` (
  `id` bigint unsigned NOT NULL AUTO_INCREMENT,
  `name` varchar(191) COLLATE utf8mb4_unicode_ci NOT NULL,
  `description` mediumtext COLLATE utf8mb4_unicode_ci,
  `website` varchar(191) COLLATE utf8mb4_unicode_ci DEFAULT NULL,
  `logo` varchar(191) COLLATE utf8mb4_unicode_ci DEFAULT NULL,
  `status` varchar(60) COLLATE utf8mb4_unicode_ci NOT NULL DEFAULT 'published',
  `order` tinyint unsigned NOT NULL DEFAULT '0',
  `is_featured` tinyint unsigned NOT NULL DEFAULT '0',
  `created_at` timestamp NULL DEFAULT NULL,
  `updated_at` timestamp NULL DEFAULT NULL,
  PRIMARY KEY (`id`)
) ENGINE=InnoDB AUTO_INCREMENT=6 DEFAULT CHARSET=utf8mb4 COLLATE=utf8mb4_unicode_ci;

--
-- Dumping data for table `ec_brands`
--

INSERT INTO `ec_brands` VALUES (1,'FoodPound','New Snacks Release',NULL,'main/brands/1.png','published',0,1,'2025-03-31 21:07:46','2025-03-31 21:07:46'),(2,'iTea JSC','Happy Tea 100% Organic. From $29.9',NULL,'main/brands/2.png','published',1,1,'2025-03-31 21:07:46','2025-03-31 21:07:46'),(3,'Soda Brand','Fresh Meat Sausage. BUY 2 GET 1!',NULL,'main/brands/3.png','published',2,1,'2025-03-31 21:07:46','2025-03-31 21:07:46'),(4,'Shofy','Fresh Meat Sausage. BUY 2 GET 1!',NULL,'main/brands/4.png','published',3,1,'2025-03-31 21:07:46','2025-03-31 21:07:46'),(5,'Soda Brand','Fresh Meat Sausage. BUY 2 GET 1!',NULL,'main/brands/5.png','published',4,1,'2025-03-31 21:07:46','2025-03-31 21:07:46');

--
-- Table structure for table `ec_brands_translations`
--

CREATE TABLE `ec_brands_translations` (
  `lang_code` varchar(191) COLLATE utf8mb4_unicode_ci NOT NULL,
  `ec_brands_id` bigint unsigned NOT NULL,
  `name` varchar(191) COLLATE utf8mb4_unicode_ci DEFAULT NULL,
  `description` mediumtext COLLATE utf8mb4_unicode_ci,
  PRIMARY KEY (`lang_code`,`ec_brands_id`)
) ENGINE=InnoDB DEFAULT CHARSET=utf8mb4 COLLATE=utf8mb4_unicode_ci;

--
-- Dumping data for table `ec_brands_translations`
--


--
-- Table structure for table `ec_cart`
--

CREATE TABLE `ec_cart` (
  `identifier` varchar(60) COLLATE utf8mb4_unicode_ci NOT NULL,
  `instance` varchar(60) COLLATE utf8mb4_unicode_ci NOT NULL,
  `content` longtext COLLATE utf8mb4_unicode_ci NOT NULL,
  `created_at` timestamp NULL DEFAULT NULL,
  `updated_at` timestamp NULL DEFAULT NULL,
  PRIMARY KEY (`identifier`,`instance`)
) ENGINE=InnoDB DEFAULT CHARSET=utf8mb4 COLLATE=utf8mb4_unicode_ci;

--
-- Dumping data for table `ec_cart`
--


--
-- Table structure for table `ec_currencies`
--

CREATE TABLE `ec_currencies` (
  `id` bigint unsigned NOT NULL AUTO_INCREMENT,
  `title` varchar(191) COLLATE utf8mb4_unicode_ci NOT NULL,
  `symbol` varchar(10) COLLATE utf8mb4_unicode_ci NOT NULL,
  `is_prefix_symbol` tinyint unsigned NOT NULL DEFAULT '0',
  `decimals` tinyint unsigned DEFAULT '0',
  `order` int unsigned DEFAULT '0',
  `is_default` tinyint NOT NULL DEFAULT '0',
  `exchange_rate` double NOT NULL DEFAULT '1',
  `created_at` timestamp NULL DEFAULT NULL,
  `updated_at` timestamp NULL DEFAULT NULL,
  PRIMARY KEY (`id`)
) ENGINE=InnoDB AUTO_INCREMENT=5 DEFAULT CHARSET=utf8mb4 COLLATE=utf8mb4_unicode_ci;

--
-- Dumping data for table `ec_currencies`
--

INSERT INTO `ec_currencies` VALUES (1,'USD','$',1,2,0,1,1,'2025-03-31 21:07:46','2025-03-31 21:07:46'),(2,'EUR','€',0,2,1,0,0.84,'2025-03-31 21:07:46','2025-03-31 21:07:46'),(3,'VND','₫',0,0,2,0,23203,'2025-03-31 21:07:46','2025-03-31 21:07:46'),(4,'NGN','₦',1,2,2,0,895.52,'2025-03-31 21:07:46','2025-03-31 21:07:46');

--
-- Table structure for table `ec_customer_addresses`
--

CREATE TABLE `ec_customer_addresses` (
  `id` bigint unsigned NOT NULL AUTO_INCREMENT,
  `name` varchar(191) COLLATE utf8mb4_unicode_ci NOT NULL,
  `email` varchar(60) COLLATE utf8mb4_unicode_ci DEFAULT NULL,
  `phone` varchar(20) COLLATE utf8mb4_unicode_ci DEFAULT NULL,
  `country` varchar(120) COLLATE utf8mb4_unicode_ci DEFAULT NULL,
  `state` varchar(120) COLLATE utf8mb4_unicode_ci DEFAULT NULL,
  `city` varchar(120) COLLATE utf8mb4_unicode_ci DEFAULT NULL,
  `address` varchar(191) COLLATE utf8mb4_unicode_ci DEFAULT NULL,
  `customer_id` bigint unsigned NOT NULL,
  `is_default` tinyint unsigned NOT NULL DEFAULT '0',
  `created_at` timestamp NULL DEFAULT NULL,
  `updated_at` timestamp NULL DEFAULT NULL,
  `zip_code` varchar(20) COLLATE utf8mb4_unicode_ci DEFAULT NULL,
  PRIMARY KEY (`id`)
) ENGINE=InnoDB AUTO_INCREMENT=13 DEFAULT CHARSET=utf8mb4 COLLATE=utf8mb4_unicode_ci;

--
-- Dumping data for table `ec_customer_addresses`
--

INSERT INTO `ec_customer_addresses` VALUES (1,'Prof. Toby Kris PhD','customer@botble.com','+13207737552','SZ','Alabama','Hermannborough','2561 Elyse Circles',1,1,'2025-03-31 21:07:48','2025-03-31 21:07:48','27513'),(2,'Prof. Toby Kris PhD','customer@botble.com','+18124225404','CD','Connecticut','South Keatonton','4193 Cormier Plains',1,0,'2025-03-31 21:07:48','2025-03-31 21:07:48','23411-0846'),(3,'Ms. Alexa Leuschke','vendor@botble.com','+12698621785','BN','Massachusetts','Millerhaven','86662 Mills Plains',2,1,'2025-03-31 21:07:48','2025-03-31 21:07:48','64997-3839'),(4,'Ms. Alexa Leuschke','vendor@botble.com','+19478895164','NU','California','East Henriette','6268 Marlene Springs Apt. 031',2,0,'2025-03-31 21:07:48','2025-03-31 21:07:48','79746'),(5,'Catherine Leuschke','byundt@example.com','+13614006521','PM','Rhode Island','Gibsonchester','71283 Hauck Fork',3,1,'2025-03-31 21:07:49','2025-03-31 21:07:49','79005'),(6,'Dr. Jayden Schiller','jstoltenberg@example.org','+13528346834','ID','Utah','Cruickshankfort','564 Otho Lights',4,1,'2025-03-31 21:07:49','2025-03-31 21:07:49','65934-7630'),(7,'Ella Sawayn','steve12@example.net','+17575334198','CG','Kansas','South Abdulville','896 McDermott Points',5,1,'2025-03-31 21:07:49','2025-03-31 21:07:49','01438-4910'),(8,'Athena Larkin','trevor.weber@example.net','+12549391194','AO','Nebraska','North Dannyland','12401 Hagenes Islands Suite 593',6,1,'2025-03-31 21:07:50','2025-03-31 21:07:50','61592'),(9,'Elizabeth Bergstrom','vroob@example.com','+17734330490','BZ','Wisconsin','Hayesville','27033 Moen Falls',7,1,'2025-03-31 21:07:50','2025-03-31 21:07:50','06025-1952'),(10,'Camron Runte','domenico50@example.org','+12013646738','SJ','Kansas','East Patrick','4063 Rogahn Ranch Suite 945',8,1,'2025-03-31 21:07:50','2025-03-31 21:07:50','12252'),(11,'Dina Marquardt','harber.jackson@example.net','+12794215147','BS','Vermont','New Hopeshire','1028 Myrtis Wall Suite 432',9,1,'2025-03-31 21:07:51','2025-03-31 21:07:51','49399-7154'),(12,'Jeff Herzog','haley25@example.com','+14454624873','YT','Louisiana','Port Ronstad','62388 Christine Freeway Apt. 463',10,1,'2025-03-31 21:07:51','2025-03-31 21:07:51','57774');

--
-- Table structure for table `ec_customer_password_resets`
--

CREATE TABLE `ec_customer_password_resets` (
  `email` varchar(191) COLLATE utf8mb4_unicode_ci NOT NULL,
  `token` varchar(191) COLLATE utf8mb4_unicode_ci NOT NULL,
  `created_at` timestamp NULL DEFAULT NULL,
  KEY `ec_customer_password_resets_email_index` (`email`),
  KEY `ec_customer_password_resets_token_index` (`token`)
) ENGINE=InnoDB DEFAULT CHARSET=utf8mb4 COLLATE=utf8mb4_unicode_ci;

--
-- Dumping data for table `ec_customer_password_resets`
--


--
-- Table structure for table `ec_customer_recently_viewed_products`
--

CREATE TABLE `ec_customer_recently_viewed_products` (
  `id` bigint unsigned NOT NULL AUTO_INCREMENT,
  `customer_id` bigint unsigned NOT NULL,
  `product_id` bigint unsigned NOT NULL,
  PRIMARY KEY (`id`)
) ENGINE=InnoDB DEFAULT CHARSET=utf8mb4 COLLATE=utf8mb4_unicode_ci;

--
-- Dumping data for table `ec_customer_recently_viewed_products`
--


--
-- Table structure for table `ec_customer_used_coupons`
--

CREATE TABLE `ec_customer_used_coupons` (
  `discount_id` bigint unsigned NOT NULL,
  `customer_id` bigint unsigned NOT NULL,
  PRIMARY KEY (`discount_id`,`customer_id`)
) ENGINE=InnoDB DEFAULT CHARSET=utf8mb4 COLLATE=utf8mb4_unicode_ci;

--
-- Dumping data for table `ec_customer_used_coupons`
--


--
-- Table structure for table `ec_discount_customers`
--

CREATE TABLE `ec_discount_customers` (
  `discount_id` bigint unsigned NOT NULL,
  `customer_id` bigint unsigned NOT NULL,
  PRIMARY KEY (`discount_id`,`customer_id`)
) ENGINE=InnoDB DEFAULT CHARSET=utf8mb4 COLLATE=utf8mb4_unicode_ci;

--
-- Dumping data for table `ec_discount_customers`
--


--
-- Table structure for table `ec_discount_product_categories`
--

CREATE TABLE `ec_discount_product_categories` (
  `discount_id` bigint unsigned NOT NULL,
  `product_category_id` bigint unsigned NOT NULL,
  PRIMARY KEY (`discount_id`,`product_category_id`)
) ENGINE=InnoDB DEFAULT CHARSET=utf8mb4 COLLATE=utf8mb4_unicode_ci;

--
-- Dumping data for table `ec_discount_product_categories`
--


--
-- Table structure for table `ec_discount_product_collections`
--

CREATE TABLE `ec_discount_product_collections` (
  `discount_id` bigint unsigned NOT NULL,
  `product_collection_id` bigint unsigned NOT NULL,
  PRIMARY KEY (`discount_id`,`product_collection_id`)
) ENGINE=InnoDB DEFAULT CHARSET=utf8mb4 COLLATE=utf8mb4_unicode_ci;

--
-- Dumping data for table `ec_discount_product_collections`
--


--
-- Table structure for table `ec_discount_products`
--

CREATE TABLE `ec_discount_products` (
  `discount_id` bigint unsigned NOT NULL,
  `product_id` bigint unsigned NOT NULL,
  PRIMARY KEY (`discount_id`,`product_id`)
) ENGINE=InnoDB DEFAULT CHARSET=utf8mb4 COLLATE=utf8mb4_unicode_ci;

--
-- Dumping data for table `ec_discount_products`
--


--
-- Table structure for table `ec_discounts`
--

CREATE TABLE `ec_discounts` (
  `id` bigint unsigned NOT NULL AUTO_INCREMENT,
  `title` varchar(120) COLLATE utf8mb4_unicode_ci DEFAULT NULL,
  `code` varchar(20) COLLATE utf8mb4_unicode_ci DEFAULT NULL,
  `start_date` datetime DEFAULT NULL,
  `end_date` datetime DEFAULT NULL,
  `quantity` int DEFAULT NULL,
  `total_used` int unsigned NOT NULL DEFAULT '0',
  `value` double DEFAULT NULL,
  `type` varchar(60) COLLATE utf8mb4_unicode_ci DEFAULT 'coupon',
  `can_use_with_promotion` tinyint(1) NOT NULL DEFAULT '0',
  `can_use_with_flash_sale` tinyint(1) NOT NULL DEFAULT '0',
  `discount_on` varchar(20) COLLATE utf8mb4_unicode_ci DEFAULT NULL,
  `product_quantity` int unsigned DEFAULT NULL,
  `type_option` varchar(100) COLLATE utf8mb4_unicode_ci NOT NULL DEFAULT 'amount',
  `target` varchar(100) COLLATE utf8mb4_unicode_ci NOT NULL DEFAULT 'all-orders',
  `min_order_price` decimal(15,2) DEFAULT NULL,
  `apply_via_url` tinyint(1) NOT NULL DEFAULT '0',
  `display_at_checkout` tinyint(1) NOT NULL DEFAULT '0',
  `created_at` timestamp NULL DEFAULT NULL,
  `updated_at` timestamp NULL DEFAULT NULL,
  `store_id` bigint unsigned DEFAULT NULL,
  `description` varchar(400) COLLATE utf8mb4_unicode_ci DEFAULT NULL,
  PRIMARY KEY (`id`),
  UNIQUE KEY `ec_discounts_code_unique` (`code`)
) ENGINE=InnoDB AUTO_INCREMENT=11 DEFAULT CHARSET=utf8mb4 COLLATE=utf8mb4_unicode_ci;

--
-- Dumping data for table `ec_discounts`
--

INSERT INTO `ec_discounts` VALUES (1,'Discount 1','65TWQON6I5C8','2025-03-31 04:07:53',NULL,NULL,0,309,'coupon',0,0,NULL,NULL,'same-price','all-orders',NULL,0,1,'2025-03-31 21:07:53','2025-03-31 21:07:53',NULL,NULL),(2,'Discount 2','FGVLSEHOYILO','2025-03-31 04:07:53',NULL,NULL,0,1,'coupon',0,0,NULL,NULL,'percentage','all-orders',NULL,0,1,'2025-03-31 21:07:53','2025-03-31 21:07:53',NULL,NULL),(3,'Discount 3','JJ0D3UKRGBPF','2025-03-31 04:07:53','2025-04-29 04:07:53',NULL,0,97,'coupon',0,0,NULL,NULL,'amount','all-orders',NULL,0,1,'2025-03-31 21:07:53','2025-03-31 21:07:53',NULL,NULL),(4,'Discount 4','GIYZS5HNQPQS','2025-03-31 04:07:53',NULL,NULL,0,451,'coupon',0,0,NULL,NULL,'amount','all-orders',NULL,0,1,'2025-03-31 21:07:53','2025-03-31 21:07:53',NULL,NULL),(5,'Discount 5','EPYTFPKIK3HW','2025-03-31 04:07:53','2025-04-11 04:07:53',NULL,0,88,'coupon',0,0,NULL,NULL,'percentage','all-orders',NULL,0,1,'2025-03-31 21:07:53','2025-03-31 21:07:53',NULL,NULL),(6,'Discount 6','FQKNJT36NMMD','2025-03-31 04:07:53',NULL,NULL,0,329,'coupon',0,0,NULL,NULL,'amount','all-orders',NULL,0,1,'2025-03-31 21:07:53','2025-03-31 21:07:53',NULL,NULL),(7,'Discount 7','CIX89NL6SDPV','2025-03-31 04:07:53',NULL,NULL,0,122,'coupon',0,0,NULL,NULL,'shipping','all-orders',NULL,0,1,'2025-03-31 21:07:53','2025-03-31 21:07:53',NULL,NULL),(8,'Discount 8','15VCMZR2NQHO','2025-03-31 04:07:53',NULL,NULL,0,7,'coupon',0,0,NULL,NULL,'percentage','all-orders',NULL,0,1,'2025-03-31 21:07:53','2025-03-31 21:07:53',NULL,NULL),(9,'Discount 9','SADVRWZDGGVY','2025-03-31 04:07:53',NULL,NULL,0,56,'coupon',0,0,NULL,NULL,'percentage','all-orders',NULL,0,1,'2025-03-31 21:07:53','2025-03-31 21:07:53',NULL,NULL),(10,'Discount 10','UMBGHBWR0BTT','2025-03-31 04:07:53','2025-04-12 04:07:53',NULL,0,70,'coupon',0,0,NULL,NULL,'percentage','all-orders',NULL,0,1,'2025-03-31 21:07:53','2025-03-31 21:07:53',NULL,NULL);

--
-- Table structure for table `ec_flash_sale_products`
--

CREATE TABLE `ec_flash_sale_products` (
  `flash_sale_id` bigint unsigned NOT NULL,
  `product_id` bigint unsigned NOT NULL,
  `price` double unsigned DEFAULT NULL,
  `quantity` int unsigned DEFAULT NULL,
  `sold` int unsigned NOT NULL DEFAULT '0'
) ENGINE=InnoDB DEFAULT CHARSET=utf8mb4 COLLATE=utf8mb4_unicode_ci;

--
-- Dumping data for table `ec_flash_sale_products`
--

INSERT INTO `ec_flash_sale_products` VALUES (1,1,383.2,12,5),(1,2,353.4,11,2),(1,3,93.2,20,3),(1,4,364.07,15,3),(1,5,1753.54,17,3),(1,6,360.22,11,4),(1,7,624,13,3),(1,8,351.4368,6,3),(1,9,374.68,10,2),(1,10,919.08,19,2);

--
-- Table structure for table `ec_flash_sales`
--

CREATE TABLE `ec_flash_sales` (
  `id` bigint unsigned NOT NULL AUTO_INCREMENT,
  `name` varchar(191) COLLATE utf8mb4_unicode_ci NOT NULL,
  `end_date` datetime NOT NULL,
  `status` varchar(60) COLLATE utf8mb4_unicode_ci NOT NULL DEFAULT 'published',
  `created_at` timestamp NULL DEFAULT NULL,
  `updated_at` timestamp NULL DEFAULT NULL,
  PRIMARY KEY (`id`)
) ENGINE=InnoDB AUTO_INCREMENT=2 DEFAULT CHARSET=utf8mb4 COLLATE=utf8mb4_unicode_ci;

--
-- Dumping data for table `ec_flash_sales`
--

INSERT INTO `ec_flash_sales` VALUES (1,'Winter Sale','2025-07-22 00:00:00','published','2025-03-31 21:08:00','2025-03-31 21:08:00');

--
-- Table structure for table `ec_flash_sales_translations`
--

CREATE TABLE `ec_flash_sales_translations` (
  `lang_code` varchar(191) COLLATE utf8mb4_unicode_ci NOT NULL,
  `ec_flash_sales_id` bigint unsigned NOT NULL,
  `name` varchar(191) COLLATE utf8mb4_unicode_ci DEFAULT NULL,
  PRIMARY KEY (`lang_code`,`ec_flash_sales_id`)
) ENGINE=InnoDB DEFAULT CHARSET=utf8mb4 COLLATE=utf8mb4_unicode_ci;

--
-- Dumping data for table `ec_flash_sales_translations`
--


--
-- Table structure for table `ec_global_option_value`
--

CREATE TABLE `ec_global_option_value` (
  `id` bigint unsigned NOT NULL AUTO_INCREMENT,
  `option_id` bigint unsigned NOT NULL COMMENT 'option id',
  `option_value` tinytext COLLATE utf8mb4_unicode_ci COMMENT 'option value',
  `affect_price` double DEFAULT NULL COMMENT 'value of price of this option affect',
  `order` int NOT NULL DEFAULT '9999',
  `affect_type` tinyint NOT NULL DEFAULT '0' COMMENT '0. fixed 1. percent',
  `created_at` timestamp NULL DEFAULT NULL,
  `updated_at` timestamp NULL DEFAULT NULL,
  PRIMARY KEY (`id`)
) ENGINE=InnoDB AUTO_INCREMENT=13 DEFAULT CHARSET=utf8mb4 COLLATE=utf8mb4_unicode_ci;

--
-- Dumping data for table `ec_global_option_value`
--

INSERT INTO `ec_global_option_value` VALUES (1,1,'1 Year',0,9999,0,'2025-03-31 21:07:53','2025-03-31 21:07:53'),(2,1,'2 Year',10,9999,0,'2025-03-31 21:07:53','2025-03-31 21:07:53'),(3,1,'3 Year',20,9999,0,'2025-03-31 21:07:53','2025-03-31 21:07:53'),(4,2,'4GB',0,9999,0,'2025-03-31 21:07:53','2025-03-31 21:07:53'),(5,2,'8GB',10,9999,0,'2025-03-31 21:07:53','2025-03-31 21:07:53'),(6,2,'16GB',20,9999,0,'2025-03-31 21:07:53','2025-03-31 21:07:53'),(7,3,'Core i5',0,9999,0,'2025-03-31 21:07:53','2025-03-31 21:07:53'),(8,3,'Core i7',10,9999,0,'2025-03-31 21:07:53','2025-03-31 21:07:53'),(9,3,'Core i9',20,9999,0,'2025-03-31 21:07:53','2025-03-31 21:07:53'),(10,4,'128GB',0,9999,0,'2025-03-31 21:07:53','2025-03-31 21:07:53'),(11,4,'256GB',10,9999,0,'2025-03-31 21:07:53','2025-03-31 21:07:53'),(12,4,'512GB',20,9999,0,'2025-03-31 21:07:53','2025-03-31 21:07:53');

--
-- Table structure for table `ec_global_option_value_translations`
--

CREATE TABLE `ec_global_option_value_translations` (
  `lang_code` varchar(191) COLLATE utf8mb4_unicode_ci NOT NULL,
  `ec_global_option_value_id` bigint unsigned NOT NULL,
  `option_value` varchar(191) COLLATE utf8mb4_unicode_ci DEFAULT NULL,
  PRIMARY KEY (`lang_code`,`ec_global_option_value_id`)
) ENGINE=InnoDB DEFAULT CHARSET=utf8mb4 COLLATE=utf8mb4_unicode_ci;

--
-- Dumping data for table `ec_global_option_value_translations`
--


--
-- Table structure for table `ec_global_options`
--

CREATE TABLE `ec_global_options` (
  `id` bigint unsigned NOT NULL AUTO_INCREMENT,
  `name` varchar(191) COLLATE utf8mb4_unicode_ci NOT NULL COMMENT 'Name of options',
  `option_type` varchar(191) COLLATE utf8mb4_unicode_ci NOT NULL COMMENT 'option type',
  `required` tinyint(1) NOT NULL DEFAULT '0' COMMENT 'Checked if this option is required',
  `created_at` timestamp NULL DEFAULT NULL,
  `updated_at` timestamp NULL DEFAULT NULL,
  PRIMARY KEY (`id`)
) ENGINE=InnoDB AUTO_INCREMENT=5 DEFAULT CHARSET=utf8mb4 COLLATE=utf8mb4_unicode_ci;

--
-- Dumping data for table `ec_global_options`
--

INSERT INTO `ec_global_options` VALUES (1,'Warranty','Botble\\Ecommerce\\Option\\OptionType\\RadioButton',1,'2025-03-31 21:07:53','2025-03-31 21:07:53'),(2,'RAM','Botble\\Ecommerce\\Option\\OptionType\\RadioButton',1,'2025-03-31 21:07:53','2025-03-31 21:07:53'),(3,'CPU','Botble\\Ecommerce\\Option\\OptionType\\RadioButton',1,'2025-03-31 21:07:53','2025-03-31 21:07:53'),(4,'HDD','Botble\\Ecommerce\\Option\\OptionType\\Dropdown',0,'2025-03-31 21:07:53','2025-03-31 21:07:53');

--
-- Table structure for table `ec_global_options_translations`
--

CREATE TABLE `ec_global_options_translations` (
  `lang_code` varchar(191) COLLATE utf8mb4_unicode_ci NOT NULL,
  `ec_global_options_id` bigint unsigned NOT NULL,
  `name` varchar(191) COLLATE utf8mb4_unicode_ci DEFAULT NULL,
  PRIMARY KEY (`lang_code`,`ec_global_options_id`)
) ENGINE=InnoDB DEFAULT CHARSET=utf8mb4 COLLATE=utf8mb4_unicode_ci;

--
-- Dumping data for table `ec_global_options_translations`
--


--
-- Table structure for table `ec_grouped_products`
--

CREATE TABLE `ec_grouped_products` (
  `id` bigint unsigned NOT NULL AUTO_INCREMENT,
  `parent_product_id` bigint unsigned NOT NULL,
  `product_id` bigint unsigned NOT NULL,
  `fixed_qty` int NOT NULL DEFAULT '1',
  PRIMARY KEY (`id`)
) ENGINE=InnoDB DEFAULT CHARSET=utf8mb4 COLLATE=utf8mb4_unicode_ci;

--
-- Dumping data for table `ec_grouped_products`
--


--
-- Table structure for table `ec_invoice_items`
--

CREATE TABLE `ec_invoice_items` (
  `id` bigint unsigned NOT NULL AUTO_INCREMENT,
  `invoice_id` bigint unsigned NOT NULL,
  `reference_type` varchar(191) COLLATE utf8mb4_unicode_ci NOT NULL,
  `reference_id` bigint unsigned NOT NULL,
  `name` varchar(191) COLLATE utf8mb4_unicode_ci NOT NULL,
  `description` varchar(400) COLLATE utf8mb4_unicode_ci DEFAULT NULL,
  `image` varchar(191) COLLATE utf8mb4_unicode_ci DEFAULT NULL,
  `qty` int unsigned NOT NULL,
  `price` decimal(15,2) NOT NULL DEFAULT '0.00',
  `sub_total` decimal(15,2) unsigned NOT NULL,
  `tax_amount` decimal(15,2) unsigned NOT NULL DEFAULT '0.00',
  `discount_amount` decimal(15,2) unsigned NOT NULL DEFAULT '0.00',
  `amount` decimal(15,2) unsigned NOT NULL,
  `options` text COLLATE utf8mb4_unicode_ci,
  `created_at` timestamp NULL DEFAULT NULL,
  `updated_at` timestamp NULL DEFAULT NULL,
  PRIMARY KEY (`id`),
  KEY `ec_invoice_items_reference_type_reference_id_index` (`reference_type`,`reference_id`)
) ENGINE=InnoDB DEFAULT CHARSET=utf8mb4 COLLATE=utf8mb4_unicode_ci;

--
-- Dumping data for table `ec_invoice_items`
--


--
-- Table structure for table `ec_invoices`
--

CREATE TABLE `ec_invoices` (
  `id` bigint unsigned NOT NULL AUTO_INCREMENT,
  `reference_type` varchar(191) COLLATE utf8mb4_unicode_ci NOT NULL,
  `reference_id` bigint unsigned NOT NULL,
  `code` varchar(191) COLLATE utf8mb4_unicode_ci NOT NULL,
  `customer_name` varchar(191) COLLATE utf8mb4_unicode_ci DEFAULT NULL,
  `company_name` varchar(191) COLLATE utf8mb4_unicode_ci DEFAULT NULL,
  `company_logo` varchar(191) COLLATE utf8mb4_unicode_ci DEFAULT NULL,
  `customer_email` varchar(191) COLLATE utf8mb4_unicode_ci DEFAULT NULL,
  `customer_phone` varchar(191) COLLATE utf8mb4_unicode_ci DEFAULT NULL,
  `customer_address` varchar(191) COLLATE utf8mb4_unicode_ci DEFAULT NULL,
  `customer_tax_id` varchar(191) COLLATE utf8mb4_unicode_ci DEFAULT NULL,
  `sub_total` decimal(15,2) unsigned NOT NULL,
  `tax_amount` decimal(15,2) unsigned NOT NULL DEFAULT '0.00',
  `shipping_amount` decimal(15,2) unsigned NOT NULL DEFAULT '0.00',
  `discount_amount` decimal(15,2) unsigned NOT NULL DEFAULT '0.00',
  `shipping_option` varchar(60) COLLATE utf8mb4_unicode_ci DEFAULT NULL,
  `shipping_method` varchar(60) COLLATE utf8mb4_unicode_ci NOT NULL DEFAULT 'default',
  `coupon_code` varchar(120) COLLATE utf8mb4_unicode_ci DEFAULT NULL,
  `discount_description` varchar(191) COLLATE utf8mb4_unicode_ci DEFAULT NULL,
  `amount` decimal(15,2) unsigned NOT NULL,
  `description` text COLLATE utf8mb4_unicode_ci,
  `payment_id` bigint unsigned DEFAULT NULL,
  `status` varchar(191) COLLATE utf8mb4_unicode_ci NOT NULL DEFAULT 'pending',
  `paid_at` timestamp NULL DEFAULT NULL,
  `created_at` timestamp NULL DEFAULT NULL,
  `updated_at` timestamp NULL DEFAULT NULL,
  PRIMARY KEY (`id`),
  UNIQUE KEY `ec_invoices_code_unique` (`code`),
  KEY `ec_invoices_reference_type_reference_id_index` (`reference_type`,`reference_id`),
  KEY `ec_invoices_payment_id_index` (`payment_id`),
  KEY `ec_invoices_status_index` (`status`)
) ENGINE=InnoDB DEFAULT CHARSET=utf8mb4 COLLATE=utf8mb4_unicode_ci;

--
-- Dumping data for table `ec_invoices`
--


--
-- Table structure for table `ec_option_value`
--

CREATE TABLE `ec_option_value` (
  `id` bigint unsigned NOT NULL AUTO_INCREMENT,
  `option_id` bigint unsigned NOT NULL COMMENT 'option id',
  `option_value` tinytext COLLATE utf8mb4_unicode_ci COMMENT 'option value',
  `affect_price` double DEFAULT NULL COMMENT 'value of price of this option affect',
  `order` int NOT NULL DEFAULT '9999',
  `affect_type` tinyint NOT NULL DEFAULT '0' COMMENT '0. fixed 1. percent',
  `created_at` timestamp NULL DEFAULT NULL,
  `updated_at` timestamp NULL DEFAULT NULL,
  PRIMARY KEY (`id`)
) ENGINE=InnoDB DEFAULT CHARSET=utf8mb4 COLLATE=utf8mb4_unicode_ci;

--
-- Dumping data for table `ec_option_value`
--


--
-- Table structure for table `ec_option_value_translations`
--

CREATE TABLE `ec_option_value_translations` (
  `lang_code` varchar(191) COLLATE utf8mb4_unicode_ci NOT NULL,
  `ec_option_value_id` bigint unsigned NOT NULL,
  `option_value` varchar(191) COLLATE utf8mb4_unicode_ci DEFAULT NULL,
  PRIMARY KEY (`lang_code`,`ec_option_value_id`)
) ENGINE=InnoDB DEFAULT CHARSET=utf8mb4 COLLATE=utf8mb4_unicode_ci;

--
-- Dumping data for table `ec_option_value_translations`
--


--
-- Table structure for table `ec_options`
--

CREATE TABLE `ec_options` (
  `id` bigint unsigned NOT NULL AUTO_INCREMENT,
  `name` varchar(191) COLLATE utf8mb4_unicode_ci NOT NULL COMMENT 'Name of options',
  `option_type` varchar(191) COLLATE utf8mb4_unicode_ci DEFAULT NULL COMMENT 'option type',
  `product_id` bigint unsigned NOT NULL DEFAULT '0',
  `order` int NOT NULL DEFAULT '9999',
  `required` tinyint(1) NOT NULL DEFAULT '0' COMMENT 'Checked if this option is required',
  `created_at` timestamp NULL DEFAULT NULL,
  `updated_at` timestamp NULL DEFAULT NULL,
  PRIMARY KEY (`id`)
) ENGINE=InnoDB DEFAULT CHARSET=utf8mb4 COLLATE=utf8mb4_unicode_ci;

--
-- Dumping data for table `ec_options`
--


--
-- Table structure for table `ec_options_translations`
--

CREATE TABLE `ec_options_translations` (
  `lang_code` varchar(191) COLLATE utf8mb4_unicode_ci NOT NULL,
  `ec_options_id` bigint unsigned NOT NULL,
  `name` varchar(191) COLLATE utf8mb4_unicode_ci DEFAULT NULL,
  PRIMARY KEY (`lang_code`,`ec_options_id`)
) ENGINE=InnoDB DEFAULT CHARSET=utf8mb4 COLLATE=utf8mb4_unicode_ci;

--
-- Dumping data for table `ec_options_translations`
--


--
-- Table structure for table `ec_order_addresses`
--

CREATE TABLE `ec_order_addresses` (
  `id` bigint unsigned NOT NULL AUTO_INCREMENT,
  `name` varchar(191) COLLATE utf8mb4_unicode_ci NOT NULL,
  `phone` varchar(20) COLLATE utf8mb4_unicode_ci DEFAULT NULL,
  `email` varchar(191) COLLATE utf8mb4_unicode_ci DEFAULT NULL,
  `country` varchar(120) COLLATE utf8mb4_unicode_ci DEFAULT NULL,
  `state` varchar(120) COLLATE utf8mb4_unicode_ci DEFAULT NULL,
  `city` varchar(120) COLLATE utf8mb4_unicode_ci DEFAULT NULL,
  `address` varchar(191) COLLATE utf8mb4_unicode_ci DEFAULT NULL,
  `order_id` bigint unsigned NOT NULL,
  `zip_code` varchar(20) COLLATE utf8mb4_unicode_ci DEFAULT NULL,
  `type` varchar(60) COLLATE utf8mb4_unicode_ci NOT NULL DEFAULT 'shipping_address',
  PRIMARY KEY (`id`)
) ENGINE=InnoDB DEFAULT CHARSET=utf8mb4 COLLATE=utf8mb4_unicode_ci;

--
-- Dumping data for table `ec_order_addresses`
--


--
-- Table structure for table `ec_order_histories`
--

CREATE TABLE `ec_order_histories` (
  `id` bigint unsigned NOT NULL AUTO_INCREMENT,
  `action` varchar(120) COLLATE utf8mb4_unicode_ci NOT NULL,
  `description` varchar(400) COLLATE utf8mb4_unicode_ci DEFAULT NULL,
  `user_id` bigint unsigned DEFAULT NULL,
  `order_id` bigint unsigned NOT NULL,
  `extras` text COLLATE utf8mb4_unicode_ci,
  `created_at` timestamp NULL DEFAULT NULL,
  `updated_at` timestamp NULL DEFAULT NULL,
  PRIMARY KEY (`id`)
) ENGINE=InnoDB DEFAULT CHARSET=utf8mb4 COLLATE=utf8mb4_unicode_ci;

--
-- Dumping data for table `ec_order_histories`
--


--
-- Table structure for table `ec_order_product`
--

CREATE TABLE `ec_order_product` (
  `id` bigint unsigned NOT NULL AUTO_INCREMENT,
  `order_id` bigint unsigned NOT NULL,
  `qty` int NOT NULL,
  `price` decimal(15,2) NOT NULL,
  `tax_amount` decimal(15,2) NOT NULL,
  `options` text COLLATE utf8mb4_unicode_ci,
  `product_options` text COLLATE utf8mb4_unicode_ci COMMENT 'product option data',
  `product_id` bigint unsigned DEFAULT NULL,
  `product_name` varchar(191) COLLATE utf8mb4_unicode_ci NOT NULL,
  `product_image` varchar(191) COLLATE utf8mb4_unicode_ci DEFAULT NULL,
  `weight` double DEFAULT '0',
  `restock_quantity` int unsigned DEFAULT '0',
  `created_at` timestamp NULL DEFAULT NULL,
  `updated_at` timestamp NULL DEFAULT NULL,
  `product_type` varchar(60) COLLATE utf8mb4_unicode_ci NOT NULL DEFAULT 'physical',
  `times_downloaded` int NOT NULL DEFAULT '0',
  `license_code` char(36) COLLATE utf8mb4_unicode_ci DEFAULT NULL,
  `downloaded_at` timestamp NULL DEFAULT NULL,
  PRIMARY KEY (`id`)
) ENGINE=InnoDB DEFAULT CHARSET=utf8mb4 COLLATE=utf8mb4_unicode_ci;

--
-- Dumping data for table `ec_order_product`
--


--
-- Table structure for table `ec_order_referrals`
--

CREATE TABLE `ec_order_referrals` (
  `id` bigint unsigned NOT NULL AUTO_INCREMENT,
  `ip` varchar(39) COLLATE utf8mb4_unicode_ci DEFAULT NULL,
  `landing_domain` varchar(191) COLLATE utf8mb4_unicode_ci DEFAULT NULL,
  `landing_page` varchar(191) COLLATE utf8mb4_unicode_ci DEFAULT NULL,
  `landing_params` varchar(191) COLLATE utf8mb4_unicode_ci DEFAULT NULL,
  `referral` varchar(191) COLLATE utf8mb4_unicode_ci DEFAULT NULL,
  `gclid` varchar(191) COLLATE utf8mb4_unicode_ci DEFAULT NULL,
  `fclid` varchar(191) COLLATE utf8mb4_unicode_ci DEFAULT NULL,
  `utm_source` varchar(191) COLLATE utf8mb4_unicode_ci DEFAULT NULL,
  `utm_campaign` varchar(191) COLLATE utf8mb4_unicode_ci DEFAULT NULL,
  `utm_medium` varchar(191) COLLATE utf8mb4_unicode_ci DEFAULT NULL,
  `utm_term` varchar(191) COLLATE utf8mb4_unicode_ci DEFAULT NULL,
  `utm_content` varchar(191) COLLATE utf8mb4_unicode_ci DEFAULT NULL,
  `referrer_url` text COLLATE utf8mb4_unicode_ci,
  `referrer_domain` varchar(191) COLLATE utf8mb4_unicode_ci DEFAULT NULL,
  `order_id` bigint unsigned DEFAULT NULL,
  `created_at` timestamp NULL DEFAULT NULL,
  `updated_at` timestamp NULL DEFAULT NULL,
  PRIMARY KEY (`id`),
  KEY `ec_order_referrals_order_id_index` (`order_id`)
) ENGINE=InnoDB DEFAULT CHARSET=utf8mb4 COLLATE=utf8mb4_unicode_ci;

--
-- Dumping data for table `ec_order_referrals`
--


--
-- Table structure for table `ec_order_return_histories`
--

CREATE TABLE `ec_order_return_histories` (
  `id` bigint unsigned NOT NULL AUTO_INCREMENT,
  `user_id` bigint unsigned DEFAULT NULL,
  `order_return_id` bigint unsigned NOT NULL,
  `action` varchar(191) COLLATE utf8mb4_unicode_ci NOT NULL,
  `description` varchar(400) COLLATE utf8mb4_unicode_ci DEFAULT NULL,
  `reason` varchar(191) COLLATE utf8mb4_unicode_ci DEFAULT NULL,
  `created_at` timestamp NULL DEFAULT NULL,
  `updated_at` timestamp NULL DEFAULT NULL,
  PRIMARY KEY (`id`)
) ENGINE=InnoDB DEFAULT CHARSET=utf8mb4 COLLATE=utf8mb4_unicode_ci;

--
-- Dumping data for table `ec_order_return_histories`
--


--
-- Table structure for table `ec_order_return_items`
--

CREATE TABLE `ec_order_return_items` (
  `id` bigint unsigned NOT NULL AUTO_INCREMENT,
  `order_return_id` bigint unsigned NOT NULL COMMENT 'Order return id',
  `order_product_id` bigint unsigned NOT NULL COMMENT 'Order product id',
  `product_id` bigint unsigned NOT NULL COMMENT 'Product id',
  `product_name` varchar(191) COLLATE utf8mb4_unicode_ci NOT NULL,
  `product_image` varchar(191) COLLATE utf8mb4_unicode_ci DEFAULT NULL,
  `qty` int NOT NULL COMMENT 'Quantity return',
  `price` decimal(15,2) NOT NULL COMMENT 'Price Product',
  `reason` text COLLATE utf8mb4_unicode_ci,
  `created_at` timestamp NULL DEFAULT NULL,
  `updated_at` timestamp NULL DEFAULT NULL,
  `refund_amount` decimal(12,2) DEFAULT '0.00',
  PRIMARY KEY (`id`)
) ENGINE=InnoDB DEFAULT CHARSET=utf8mb4 COLLATE=utf8mb4_unicode_ci;

--
-- Dumping data for table `ec_order_return_items`
--


--
-- Table structure for table `ec_order_returns`
--

CREATE TABLE `ec_order_returns` (
  `id` bigint unsigned NOT NULL AUTO_INCREMENT,
  `code` varchar(191) COLLATE utf8mb4_unicode_ci DEFAULT NULL,
  `order_id` bigint unsigned NOT NULL COMMENT 'Order ID',
  `store_id` bigint unsigned DEFAULT NULL COMMENT 'Store ID',
  `user_id` bigint unsigned NOT NULL COMMENT 'Customer ID',
  `reason` text COLLATE utf8mb4_unicode_ci COMMENT 'Reason return order',
  `order_status` varchar(191) COLLATE utf8mb4_unicode_ci DEFAULT NULL COMMENT 'Order current status',
  `return_status` varchar(191) COLLATE utf8mb4_unicode_ci NOT NULL COMMENT 'Return status',
  `created_at` timestamp NULL DEFAULT NULL,
  `updated_at` timestamp NULL DEFAULT NULL,
  PRIMARY KEY (`id`),
  UNIQUE KEY `ec_order_returns_code_unique` (`code`)
) ENGINE=InnoDB DEFAULT CHARSET=utf8mb4 COLLATE=utf8mb4_unicode_ci;

--
-- Dumping data for table `ec_order_returns`
--


--
-- Table structure for table `ec_order_tax_information`
--

CREATE TABLE `ec_order_tax_information` (
  `id` bigint unsigned NOT NULL AUTO_INCREMENT,
  `order_id` bigint unsigned NOT NULL,
  `company_name` varchar(120) COLLATE utf8mb4_unicode_ci NOT NULL,
  `company_address` varchar(191) COLLATE utf8mb4_unicode_ci NOT NULL,
  `company_tax_code` varchar(20) COLLATE utf8mb4_unicode_ci NOT NULL,
  `company_email` varchar(60) COLLATE utf8mb4_unicode_ci NOT NULL,
  `created_at` timestamp NULL DEFAULT NULL,
  `updated_at` timestamp NULL DEFAULT NULL,
  PRIMARY KEY (`id`),
  KEY `ec_order_tax_information_order_id_index` (`order_id`)
) ENGINE=InnoDB DEFAULT CHARSET=utf8mb4 COLLATE=utf8mb4_unicode_ci;

--
-- Dumping data for table `ec_order_tax_information`
--


--
-- Table structure for table `ec_orders`
--

CREATE TABLE `ec_orders` (
  `id` bigint unsigned NOT NULL AUTO_INCREMENT,
  `code` varchar(191) COLLATE utf8mb4_unicode_ci DEFAULT NULL,
  `user_id` bigint unsigned NOT NULL,
  `shipping_option` varchar(60) COLLATE utf8mb4_unicode_ci DEFAULT NULL,
  `shipping_method` varchar(60) COLLATE utf8mb4_unicode_ci NOT NULL DEFAULT 'default',
  `status` varchar(120) COLLATE utf8mb4_unicode_ci NOT NULL DEFAULT 'pending',
  `amount` decimal(15,2) NOT NULL,
  `tax_amount` decimal(15,2) DEFAULT NULL,
  `shipping_amount` decimal(15,2) DEFAULT NULL,
  `description` text COLLATE utf8mb4_unicode_ci,
  `coupon_code` varchar(120) COLLATE utf8mb4_unicode_ci DEFAULT NULL,
  `discount_amount` decimal(15,2) DEFAULT NULL,
  `sub_total` decimal(15,2) NOT NULL,
  `is_confirmed` tinyint(1) NOT NULL DEFAULT '0',
  `discount_description` varchar(191) COLLATE utf8mb4_unicode_ci DEFAULT NULL,
  `is_finished` tinyint(1) DEFAULT '0',
  `cancellation_reason` varchar(191) COLLATE utf8mb4_unicode_ci DEFAULT NULL,
  `cancellation_reason_description` varchar(191) COLLATE utf8mb4_unicode_ci DEFAULT NULL,
  `completed_at` timestamp NULL DEFAULT NULL,
  `token` varchar(120) COLLATE utf8mb4_unicode_ci DEFAULT NULL,
  `payment_id` bigint unsigned DEFAULT NULL,
  `created_at` timestamp NULL DEFAULT NULL,
  `updated_at` timestamp NULL DEFAULT NULL,
  `store_id` bigint unsigned DEFAULT NULL,
  `proof_file` varchar(191) COLLATE utf8mb4_unicode_ci DEFAULT NULL,
  `private_notes` text COLLATE utf8mb4_unicode_ci,
  PRIMARY KEY (`id`),
  UNIQUE KEY `ec_orders_code_unique` (`code`),
  KEY `ec_orders_user_id_status_created_at_index` (`user_id`,`status`,`created_at`)
) ENGINE=InnoDB DEFAULT CHARSET=utf8mb4 COLLATE=utf8mb4_unicode_ci;

--
-- Dumping data for table `ec_orders`
--


--
-- Table structure for table `ec_product_attribute_sets`
--

CREATE TABLE `ec_product_attribute_sets` (
  `id` bigint unsigned NOT NULL AUTO_INCREMENT,
  `title` varchar(120) COLLATE utf8mb4_unicode_ci NOT NULL,
  `slug` varchar(120) COLLATE utf8mb4_unicode_ci DEFAULT NULL,
  `display_layout` varchar(191) COLLATE utf8mb4_unicode_ci NOT NULL DEFAULT 'swatch_dropdown',
  `is_searchable` tinyint unsigned NOT NULL DEFAULT '1',
  `is_comparable` tinyint unsigned NOT NULL DEFAULT '1',
  `is_use_in_product_listing` tinyint unsigned NOT NULL DEFAULT '0',
  `status` varchar(60) COLLATE utf8mb4_unicode_ci NOT NULL DEFAULT 'published',
  `order` tinyint unsigned NOT NULL DEFAULT '0',
  `created_at` timestamp NULL DEFAULT NULL,
  `updated_at` timestamp NULL DEFAULT NULL,
  `use_image_from_product_variation` tinyint unsigned NOT NULL DEFAULT '0',
  PRIMARY KEY (`id`)
) ENGINE=InnoDB AUTO_INCREMENT=5 DEFAULT CHARSET=utf8mb4 COLLATE=utf8mb4_unicode_ci;

--
-- Dumping data for table `ec_product_attribute_sets`
--

INSERT INTO `ec_product_attribute_sets` VALUES (1,'Color','color','visual',1,1,1,'published',0,'2025-03-31 21:07:47','2025-03-31 21:07:47',0),(2,'Size','size','text',1,1,1,'published',1,'2025-03-31 21:07:47','2025-03-31 21:07:47',0),(3,'Weight','weight','text',1,1,1,'published',0,'2025-03-31 21:07:47','2025-03-31 21:07:47',0),(4,'Boxes','boxes','text',1,1,1,'published',1,'2025-03-31 21:07:47','2025-03-31 21:07:47',0);

--
-- Table structure for table `ec_product_attribute_sets_translations`
--

CREATE TABLE `ec_product_attribute_sets_translations` (
  `lang_code` varchar(191) COLLATE utf8mb4_unicode_ci NOT NULL,
  `ec_product_attribute_sets_id` bigint unsigned NOT NULL,
  `title` varchar(191) COLLATE utf8mb4_unicode_ci DEFAULT NULL,
  PRIMARY KEY (`lang_code`,`ec_product_attribute_sets_id`)
) ENGINE=InnoDB DEFAULT CHARSET=utf8mb4 COLLATE=utf8mb4_unicode_ci;

--
-- Dumping data for table `ec_product_attribute_sets_translations`
--


--
-- Table structure for table `ec_product_attributes`
--

CREATE TABLE `ec_product_attributes` (
  `id` bigint unsigned NOT NULL AUTO_INCREMENT,
  `attribute_set_id` bigint unsigned NOT NULL,
  `title` varchar(120) COLLATE utf8mb4_unicode_ci NOT NULL,
  `slug` varchar(120) COLLATE utf8mb4_unicode_ci DEFAULT NULL,
  `color` varchar(120) COLLATE utf8mb4_unicode_ci DEFAULT NULL,
  `image` varchar(191) COLLATE utf8mb4_unicode_ci DEFAULT NULL,
  `is_default` tinyint unsigned NOT NULL DEFAULT '0',
  `order` tinyint unsigned NOT NULL DEFAULT '0',
  `created_at` timestamp NULL DEFAULT NULL,
  `updated_at` timestamp NULL DEFAULT NULL,
  PRIMARY KEY (`id`),
  KEY `attribute_set_status_index` (`attribute_set_id`)
) ENGINE=InnoDB AUTO_INCREMENT=21 DEFAULT CHARSET=utf8mb4 COLLATE=utf8mb4_unicode_ci;

--
-- Dumping data for table `ec_product_attributes`
--

INSERT INTO `ec_product_attributes` VALUES (1,1,'Green','green','#5FB7D4',NULL,1,1,'2025-03-31 21:07:47','2025-03-31 21:07:47'),(2,1,'Blue','blue','#333333',NULL,0,2,'2025-03-31 21:07:47','2025-03-31 21:07:47'),(3,1,'Red','red','#DA323F',NULL,0,3,'2025-03-31 21:07:47','2025-03-31 21:07:47'),(4,1,'Black','black','#2F366C',NULL,0,4,'2025-03-31 21:07:47','2025-03-31 21:07:47'),(5,1,'Brown','brown','#87554B',NULL,0,5,'2025-03-31 21:07:47','2025-03-31 21:07:47'),(6,2,'S','s',NULL,NULL,1,1,'2025-03-31 21:07:47','2025-03-31 21:07:47'),(7,2,'M','m',NULL,NULL,0,2,'2025-03-31 21:07:47','2025-03-31 21:07:47'),(8,2,'L','l',NULL,NULL,0,3,'2025-03-31 21:07:47','2025-03-31 21:07:47'),(9,2,'XL','xl',NULL,NULL,0,4,'2025-03-31 21:07:47','2025-03-31 21:07:47'),(10,2,'XXL','xxl',NULL,NULL,0,5,'2025-03-31 21:07:47','2025-03-31 21:07:47'),(11,3,'1KG','1kg',NULL,NULL,1,1,'2025-03-31 21:07:47','2025-03-31 21:07:47'),(12,3,'2KG','2kg',NULL,NULL,0,2,'2025-03-31 21:07:47','2025-03-31 21:07:47'),(13,3,'3KG','3kg',NULL,NULL,0,3,'2025-03-31 21:07:47','2025-03-31 21:07:47'),(14,3,'4KG','4kg',NULL,NULL,0,4,'2025-03-31 21:07:47','2025-03-31 21:07:47'),(15,3,'5KG','5kg',NULL,NULL,0,5,'2025-03-31 21:07:47','2025-03-31 21:07:47'),(16,4,'1 Box','1-box',NULL,NULL,1,1,'2025-03-31 21:07:47','2025-03-31 21:07:47'),(17,4,'2 Boxes','2-boxes',NULL,NULL,0,2,'2025-03-31 21:07:47','2025-03-31 21:07:47'),(18,4,'3 Boxes','3-boxes',NULL,NULL,0,3,'2025-03-31 21:07:47','2025-03-31 21:07:47'),(19,4,'4 Boxes','4-boxes',NULL,NULL,0,4,'2025-03-31 21:07:47','2025-03-31 21:07:47'),(20,4,'5 Boxes','5-boxes',NULL,NULL,0,5,'2025-03-31 21:07:47','2025-03-31 21:07:47');

--
-- Table structure for table `ec_product_attributes_translations`
--

CREATE TABLE `ec_product_attributes_translations` (
  `lang_code` varchar(191) COLLATE utf8mb4_unicode_ci NOT NULL,
  `ec_product_attributes_id` bigint unsigned NOT NULL,
  `title` varchar(191) COLLATE utf8mb4_unicode_ci DEFAULT NULL,
  PRIMARY KEY (`lang_code`,`ec_product_attributes_id`)
) ENGINE=InnoDB DEFAULT CHARSET=utf8mb4 COLLATE=utf8mb4_unicode_ci;

--
-- Dumping data for table `ec_product_attributes_translations`
--


--
-- Table structure for table `ec_product_categories`
--

CREATE TABLE `ec_product_categories` (
  `id` bigint unsigned NOT NULL AUTO_INCREMENT,
  `name` varchar(191) COLLATE utf8mb4_unicode_ci NOT NULL,
  `parent_id` bigint unsigned NOT NULL DEFAULT '0',
  `description` mediumtext COLLATE utf8mb4_unicode_ci,
  `status` varchar(60) COLLATE utf8mb4_unicode_ci NOT NULL DEFAULT 'published',
  `order` int unsigned NOT NULL DEFAULT '0',
  `image` varchar(191) COLLATE utf8mb4_unicode_ci DEFAULT NULL,
  `is_featured` tinyint unsigned NOT NULL DEFAULT '0',
  `created_at` timestamp NULL DEFAULT NULL,
  `updated_at` timestamp NULL DEFAULT NULL,
  `icon` varchar(191) COLLATE utf8mb4_unicode_ci DEFAULT NULL,
  `icon_image` varchar(191) COLLATE utf8mb4_unicode_ci DEFAULT NULL,
  PRIMARY KEY (`id`),
  KEY `ec_product_categories_parent_id_status_created_at_index` (`parent_id`,`status`,`created_at`),
  KEY `ec_product_categories_parent_id_status_index` (`parent_id`,`status`)
) ENGINE=InnoDB AUTO_INCREMENT=19 DEFAULT CHARSET=utf8mb4 COLLATE=utf8mb4_unicode_ci;

--
-- Dumping data for table `ec_product_categories`
--

INSERT INTO `ec_product_categories` VALUES (1,'Discover Skincare',0,NULL,'published',0,'beauty/product-categories/1.jpg',1,'2025-03-31 21:07:57','2025-03-31 21:07:57',NULL,NULL),(2,'Clothing',0,NULL,'published',1,'beauty/product-categories/4.jpg',1,'2025-03-31 21:07:57','2025-03-31 21:07:57',NULL,NULL),(3,'Men\'s Clothing',2,NULL,'published',0,NULL,0,'2025-03-31 21:07:57','2025-03-31 21:07:57',NULL,NULL),(4,'T-Shirts',3,NULL,'published',0,NULL,0,'2025-03-31 21:07:57','2025-03-31 21:07:57',NULL,NULL),(5,'Jeans',3,NULL,'published',1,NULL,0,'2025-03-31 21:07:57','2025-03-31 21:07:57',NULL,NULL),(6,'Suits',3,NULL,'published',2,NULL,0,'2025-03-31 21:07:57','2025-03-31 21:07:57',NULL,NULL),(7,'Women\'s Clothing',2,NULL,'published',1,'beauty/product-categories/2.jpg',1,'2025-03-31 21:07:57','2025-03-31 21:07:57',NULL,NULL),(8,'Dresses',7,NULL,'published',0,NULL,0,'2025-03-31 21:07:57','2025-03-31 21:07:57',NULL,NULL),(9,'Blouses',7,NULL,'published',1,NULL,0,'2025-03-31 21:07:57','2025-03-31 21:07:57',NULL,NULL),(10,'Pants',7,NULL,'published',2,NULL,0,'2025-03-31 21:07:57','2025-03-31 21:07:57',NULL,NULL),(11,'Accessories',0,NULL,'published',2,'beauty/product-categories/5.jpg',1,'2025-03-31 21:07:57','2025-03-31 21:07:57',NULL,NULL),(12,'Hats',11,NULL,'published',0,NULL,0,'2025-03-31 21:07:57','2025-03-31 21:07:57',NULL,NULL),(13,'Scarves',11,NULL,'published',1,NULL,0,'2025-03-31 21:07:57','2025-03-31 21:07:57',NULL,NULL),(14,'Jewelry',11,NULL,'published',2,NULL,0,'2025-03-31 21:07:57','2025-03-31 21:07:57',NULL,NULL),(15,'Shoes',0,NULL,'published',3,'beauty/product-categories/6.jpg',1,'2025-03-31 21:07:57','2025-03-31 21:07:57',NULL,NULL),(16,'Sportswear',0,NULL,'published',4,NULL,0,'2025-03-31 21:07:57','2025-03-31 21:07:57',NULL,NULL),(17,'Running Shoes',16,NULL,'published',0,'beauty/product-categories/3.jpg',1,'2025-03-31 21:07:57','2025-03-31 21:07:57',NULL,NULL),(18,'Activewear',16,NULL,'published',1,NULL,0,'2025-03-31 21:07:57','2025-03-31 21:07:57',NULL,NULL);

--
-- Table structure for table `ec_product_categories_translations`
--

CREATE TABLE `ec_product_categories_translations` (
  `lang_code` varchar(191) COLLATE utf8mb4_unicode_ci NOT NULL,
  `ec_product_categories_id` bigint unsigned NOT NULL,
  `name` varchar(191) COLLATE utf8mb4_unicode_ci DEFAULT NULL,
  `description` mediumtext COLLATE utf8mb4_unicode_ci,
  PRIMARY KEY (`lang_code`,`ec_product_categories_id`)
) ENGINE=InnoDB DEFAULT CHARSET=utf8mb4 COLLATE=utf8mb4_unicode_ci;

--
-- Dumping data for table `ec_product_categories_translations`
--


--
-- Table structure for table `ec_product_categorizables`
--

CREATE TABLE `ec_product_categorizables` (
  `category_id` bigint unsigned NOT NULL,
  `reference_id` bigint unsigned NOT NULL,
  `reference_type` varchar(120) COLLATE utf8mb4_unicode_ci NOT NULL,
  PRIMARY KEY (`category_id`,`reference_id`,`reference_type`),
  KEY `ec_product_categorizables_category_id_index` (`category_id`),
  KEY `ec_product_categorizables_reference_id_index` (`reference_id`),
  KEY `ec_product_categorizables_reference_type_index` (`reference_type`)
) ENGINE=InnoDB DEFAULT CHARSET=utf8mb4 COLLATE=utf8mb4_unicode_ci;

--
-- Dumping data for table `ec_product_categorizables`
--


--
-- Table structure for table `ec_product_category_product`
--

CREATE TABLE `ec_product_category_product` (
  `category_id` bigint unsigned NOT NULL,
  `product_id` bigint unsigned NOT NULL,
  PRIMARY KEY (`product_id`,`category_id`),
  KEY `ec_product_category_product_category_id_index` (`category_id`),
  KEY `ec_product_category_product_product_id_index` (`product_id`)
) ENGINE=InnoDB DEFAULT CHARSET=utf8mb4 COLLATE=utf8mb4_unicode_ci;

--
-- Dumping data for table `ec_product_category_product`
--

INSERT INTO `ec_product_category_product` VALUES (1,7),(1,18),(1,19),(1,20),(1,21),(1,25),(1,27),(1,29),(1,42),(2,2),(2,4),(2,5),(2,6),(2,16),(2,22),(2,27),(2,28),(2,30),(2,39),(3,9),(3,15),(3,16),(3,17),(3,20),(3,23),(3,24),(3,26),(3,33),(3,35),(3,36),(3,38),(3,40),(3,42),(4,12),(4,18),(4,21),(4,34),(4,43),(5,2),(5,5),(5,15),(5,19),(5,24),(5,28),(5,30),(5,34),(5,37),(6,16),(6,21),(6,28),(6,31),(6,36),(6,43),(7,1),(7,3),(7,13),(7,17),(7,18),(7,22),(7,23),(7,26),(7,29),(7,30),(7,31),(7,32),(7,41),(8,7),(8,8),(8,11),(8,14),(8,17),(8,22),(8,25),(8,34),(8,39),(9,1),(9,2),(9,7),(9,8),(9,9),(9,10),(9,14),(9,27),(9,32),(9,37),(9,40),(9,41),(10,1),(10,3),(10,5),(10,6),(10,10),(10,13),(10,15),(10,21),(10,28),(10,32),(10,33),(10,35),(10,36),(10,38),(10,40),(10,42),(11,9),(11,11),(11,12),(11,13),(11,14),(11,20),(11,26),(11,29),(11,31),(11,40),(11,42),(12,1),(12,4),(12,10),(12,15),(12,19),(12,25),(12,27),(12,35),(12,37),(12,41),(12,43),(13,3),(13,8),(13,9),(13,12),(13,29),(13,31),(13,38),(14,4),(14,5),(14,6),(14,10),(14,14),(14,19),(14,38),(14,39),(14,41),(15,2),(15,3),(15,16),(15,22),(15,30),(15,33),(15,35),(15,36),(15,43),(16,11),(16,12),(16,18),(16,20),(16,23),(16,24),(16,32),(16,33),(17,6),(17,8),(17,11),(17,13),(17,17),(17,37),(17,39),(18,4),(18,7),(18,23),(18,24),(18,25),(18,26),(18,34);

--
-- Table structure for table `ec_product_collection_products`
--

CREATE TABLE `ec_product_collection_products` (
  `product_collection_id` bigint unsigned NOT NULL,
  `product_id` bigint unsigned NOT NULL,
  PRIMARY KEY (`product_id`,`product_collection_id`),
  KEY `ec_product_collection_products_product_collection_id_index` (`product_collection_id`),
  KEY `ec_product_collection_products_product_id_index` (`product_id`)
) ENGINE=InnoDB DEFAULT CHARSET=utf8mb4 COLLATE=utf8mb4_unicode_ci;

--
-- Dumping data for table `ec_product_collection_products`
--

INSERT INTO `ec_product_collection_products` VALUES (1,4),(1,6),(1,7),(1,8),(1,11),(1,16),(1,17),(1,19),(1,29),(1,37),(1,40),(1,42),(2,1),(2,3),(2,5),(2,13),(2,14),(2,15),(2,24),(2,25),(2,26),(2,39),(2,41),(2,43),(3,2),(3,9),(3,18),(3,20),(3,23),(3,28),(3,30),(3,31),(3,32),(3,34),(3,35),(3,36),(4,10),(4,12),(4,21),(4,22),(4,27),(4,33),(4,38);

--
-- Table structure for table `ec_product_collections`
--

CREATE TABLE `ec_product_collections` (
  `id` bigint unsigned NOT NULL AUTO_INCREMENT,
  `name` varchar(191) COLLATE utf8mb4_unicode_ci NOT NULL,
  `slug` varchar(191) COLLATE utf8mb4_unicode_ci NOT NULL,
  `description` varchar(400) COLLATE utf8mb4_unicode_ci DEFAULT NULL,
  `image` varchar(191) COLLATE utf8mb4_unicode_ci DEFAULT NULL,
  `status` varchar(60) COLLATE utf8mb4_unicode_ci NOT NULL DEFAULT 'published',
  `created_at` timestamp NULL DEFAULT NULL,
  `updated_at` timestamp NULL DEFAULT NULL,
  `is_featured` tinyint unsigned NOT NULL DEFAULT '0',
  PRIMARY KEY (`id`)
) ENGINE=InnoDB AUTO_INCREMENT=5 DEFAULT CHARSET=utf8mb4 COLLATE=utf8mb4_unicode_ci;

--
-- Dumping data for table `ec_product_collections`
--

INSERT INTO `ec_product_collections` VALUES (1,'Trendy Wardrobe Essentials','trendy-wardrobe-essentials',NULL,NULL,'published','2025-03-31 21:07:57','2025-03-31 21:07:57',0),(2,'Fashion Forward Finds','fashion-forward-finds',NULL,NULL,'published','2025-03-31 21:07:57','2025-03-31 21:07:57',0),(3,'Chic &amp; Stylish Collection','chic-stylish-collection',NULL,NULL,'published','2025-03-31 21:07:57','2025-03-31 21:07:57',0),(4,'Weekly Fashion Picks','weekly-fashion-picks',NULL,NULL,'published','2025-03-31 21:07:57','2025-03-31 21:07:57',0);

--
-- Table structure for table `ec_product_collections_translations`
--

CREATE TABLE `ec_product_collections_translations` (
  `lang_code` varchar(191) COLLATE utf8mb4_unicode_ci NOT NULL,
  `ec_product_collections_id` bigint unsigned NOT NULL,
  `name` varchar(191) COLLATE utf8mb4_unicode_ci DEFAULT NULL,
  `description` varchar(400) COLLATE utf8mb4_unicode_ci DEFAULT NULL,
  PRIMARY KEY (`lang_code`,`ec_product_collections_id`)
) ENGINE=InnoDB DEFAULT CHARSET=utf8mb4 COLLATE=utf8mb4_unicode_ci;

--
-- Dumping data for table `ec_product_collections_translations`
--


--
-- Table structure for table `ec_product_cross_sale_relations`
--

CREATE TABLE `ec_product_cross_sale_relations` (
  `from_product_id` bigint unsigned NOT NULL,
  `to_product_id` bigint unsigned NOT NULL,
  `is_variant` tinyint(1) NOT NULL DEFAULT '0',
  `price` decimal(15,2) DEFAULT '0.00',
  `price_type` varchar(191) COLLATE utf8mb4_unicode_ci NOT NULL DEFAULT 'fixed',
  `apply_to_all_variations` tinyint(1) NOT NULL DEFAULT '1',
  PRIMARY KEY (`from_product_id`,`to_product_id`),
  KEY `ec_product_cross_sale_relations_from_product_id_index` (`from_product_id`),
  KEY `ec_product_cross_sale_relations_to_product_id_index` (`to_product_id`)
) ENGINE=InnoDB DEFAULT CHARSET=utf8mb4 COLLATE=utf8mb4_unicode_ci;

--
-- Dumping data for table `ec_product_cross_sale_relations`
--

INSERT INTO `ec_product_cross_sale_relations` VALUES (1,5,0,0.00,'fixed',1),(1,12,0,0.00,'fixed',1),(1,19,0,0.00,'fixed',1),(1,24,0,0.00,'fixed',1),(1,27,0,0.00,'fixed',1),(1,33,0,0.00,'fixed',1),(2,3,0,0.00,'fixed',1),(2,5,0,0.00,'fixed',1),(2,20,0,0.00,'fixed',1),(2,23,0,0.00,'fixed',1),(2,27,0,0.00,'fixed',1),(2,32,0,0.00,'fixed',1),(2,37,0,0.00,'fixed',1),(3,7,0,0.00,'fixed',1),(3,8,0,0.00,'fixed',1),(3,11,0,0.00,'fixed',1),(3,12,0,0.00,'fixed',1),(3,21,0,0.00,'fixed',1),(3,25,0,0.00,'fixed',1),(3,42,0,0.00,'fixed',1),(4,3,0,0.00,'fixed',1),(4,7,0,0.00,'fixed',1),(4,22,0,0.00,'fixed',1),(4,24,0,0.00,'fixed',1),(4,30,0,0.00,'fixed',1),(4,36,0,0.00,'fixed',1),(5,9,0,0.00,'fixed',1),(5,13,0,0.00,'fixed',1),(5,22,0,0.00,'fixed',1),(5,26,0,0.00,'fixed',1),(5,31,0,0.00,'fixed',1),(5,33,0,0.00,'fixed',1),(5,40,0,0.00,'fixed',1),(6,3,0,0.00,'fixed',1),(6,5,0,0.00,'fixed',1),(6,7,0,0.00,'fixed',1),(6,10,0,0.00,'fixed',1),(6,23,0,0.00,'fixed',1),(6,32,0,0.00,'fixed',1),(6,42,0,0.00,'fixed',1),(7,1,0,0.00,'fixed',1),(7,6,0,0.00,'fixed',1),(7,17,0,0.00,'fixed',1),(7,34,0,0.00,'fixed',1),(7,41,0,0.00,'fixed',1),(7,43,0,0.00,'fixed',1),(8,5,0,0.00,'fixed',1),(8,16,0,0.00,'fixed',1),(8,19,0,0.00,'fixed',1),(8,22,0,0.00,'fixed',1),(8,28,0,0.00,'fixed',1),(8,38,0,0.00,'fixed',1),(9,1,0,0.00,'fixed',1),(9,2,0,0.00,'fixed',1),(9,8,0,0.00,'fixed',1),(9,18,0,0.00,'fixed',1),(9,34,0,0.00,'fixed',1),(9,43,0,0.00,'fixed',1),(10,6,0,0.00,'fixed',1),(10,13,0,0.00,'fixed',1),(10,18,0,0.00,'fixed',1),(10,35,0,0.00,'fixed',1),(10,38,0,0.00,'fixed',1),(10,40,0,0.00,'fixed',1),(11,6,0,0.00,'fixed',1),(11,15,0,0.00,'fixed',1),(11,25,0,0.00,'fixed',1),(11,30,0,0.00,'fixed',1),(11,32,0,0.00,'fixed',1),(11,41,0,0.00,'fixed',1),(12,7,0,0.00,'fixed',1),(12,15,0,0.00,'fixed',1),(12,20,0,0.00,'fixed',1),(12,21,0,0.00,'fixed',1),(12,23,0,0.00,'fixed',1),(12,42,0,0.00,'fixed',1),(13,9,0,0.00,'fixed',1),(13,12,0,0.00,'fixed',1),(13,14,0,0.00,'fixed',1),(13,26,0,0.00,'fixed',1),(13,41,0,0.00,'fixed',1),(14,6,0,0.00,'fixed',1),(14,7,0,0.00,'fixed',1),(14,15,0,0.00,'fixed',1),(14,26,0,0.00,'fixed',1),(14,27,0,0.00,'fixed',1),(14,29,0,0.00,'fixed',1),(15,4,0,0.00,'fixed',1),(15,9,0,0.00,'fixed',1),(15,19,0,0.00,'fixed',1),(15,26,0,0.00,'fixed',1),(15,28,0,0.00,'fixed',1),(15,30,0,0.00,'fixed',1),(15,32,0,0.00,'fixed',1),(16,1,0,0.00,'fixed',1),(16,7,0,0.00,'fixed',1),(16,13,0,0.00,'fixed',1),(16,21,0,0.00,'fixed',1),(16,28,0,0.00,'fixed',1),(16,38,0,0.00,'fixed',1),(16,41,0,0.00,'fixed',1),(17,2,0,0.00,'fixed',1),(17,8,0,0.00,'fixed',1),(17,14,0,0.00,'fixed',1),(17,23,0,0.00,'fixed',1),(17,24,0,0.00,'fixed',1),(17,26,0,0.00,'fixed',1),(17,29,0,0.00,'fixed',1),(18,3,0,0.00,'fixed',1),(18,7,0,0.00,'fixed',1),(18,28,0,0.00,'fixed',1),(18,29,0,0.00,'fixed',1),(18,31,0,0.00,'fixed',1),(18,33,0,0.00,'fixed',1),(19,2,0,0.00,'fixed',1),(19,5,0,0.00,'fixed',1),(19,10,0,0.00,'fixed',1),(19,12,0,0.00,'fixed',1),(19,18,0,0.00,'fixed',1),(19,23,0,0.00,'fixed',1),(19,43,0,0.00,'fixed',1),(20,1,0,0.00,'fixed',1),(20,8,0,0.00,'fixed',1),(20,12,0,0.00,'fixed',1),(20,25,0,0.00,'fixed',1),(20,26,0,0.00,'fixed',1),(20,39,0,0.00,'fixed',1),(21,1,0,0.00,'fixed',1),(21,7,0,0.00,'fixed',1),(21,12,0,0.00,'fixed',1),(21,32,0,0.00,'fixed',1),(21,33,0,0.00,'fixed',1),(21,36,0,0.00,'fixed',1),(21,39,0,0.00,'fixed',1),(22,6,0,0.00,'fixed',1),(22,10,0,0.00,'fixed',1),(22,11,0,0.00,'fixed',1),(22,13,0,0.00,'fixed',1),(22,27,0,0.00,'fixed',1),(22,28,0,0.00,'fixed',1),(22,32,0,0.00,'fixed',1),(23,4,0,0.00,'fixed',1),(23,21,0,0.00,'fixed',1),(23,25,0,0.00,'fixed',1),(23,36,0,0.00,'fixed',1),(23,39,0,0.00,'fixed',1),(23,40,0,0.00,'fixed',1),(23,43,0,0.00,'fixed',1),(24,8,0,0.00,'fixed',1),(24,12,0,0.00,'fixed',1),(24,17,0,0.00,'fixed',1),(24,18,0,0.00,'fixed',1),(24,23,0,0.00,'fixed',1),(25,12,0,0.00,'fixed',1),(25,13,0,0.00,'fixed',1),(25,15,0,0.00,'fixed',1),(25,19,0,0.00,'fixed',1),(25,20,0,0.00,'fixed',1),(25,21,0,0.00,'fixed',1),(25,41,0,0.00,'fixed',1),(26,2,0,0.00,'fixed',1),(26,4,0,0.00,'fixed',1),(26,7,0,0.00,'fixed',1),(26,16,0,0.00,'fixed',1),(26,21,0,0.00,'fixed',1),(26,28,0,0.00,'fixed',1),(26,37,0,0.00,'fixed',1),(27,5,0,0.00,'fixed',1),(27,6,0,0.00,'fixed',1),(27,11,0,0.00,'fixed',1),(27,12,0,0.00,'fixed',1),(27,16,0,0.00,'fixed',1),(27,29,0,0.00,'fixed',1),(27,35,0,0.00,'fixed',1),(28,18,0,0.00,'fixed',1),(28,21,0,0.00,'fixed',1),(28,30,0,0.00,'fixed',1),(28,32,0,0.00,'fixed',1),(28,38,0,0.00,'fixed',1),(28,39,0,0.00,'fixed',1),(28,40,0,0.00,'fixed',1),(29,2,0,0.00,'fixed',1),(29,6,0,0.00,'fixed',1),(29,11,0,0.00,'fixed',1),(29,14,0,0.00,'fixed',1),(29,35,0,0.00,'fixed',1),(30,7,0,0.00,'fixed',1),(30,13,0,0.00,'fixed',1),(30,31,0,0.00,'fixed',1),(30,36,0,0.00,'fixed',1),(30,40,0,0.00,'fixed',1),(30,41,0,0.00,'fixed',1),(31,2,0,0.00,'fixed',1),(31,12,0,0.00,'fixed',1),(31,13,0,0.00,'fixed',1),(31,20,0,0.00,'fixed',1),(31,30,0,0.00,'fixed',1),(31,43,0,0.00,'fixed',1),(32,8,0,0.00,'fixed',1),(32,12,0,0.00,'fixed',1),(32,19,0,0.00,'fixed',1),(32,23,0,0.00,'fixed',1),(32,28,0,0.00,'fixed',1),(32,37,0,0.00,'fixed',1),(33,2,0,0.00,'fixed',1),(33,15,0,0.00,'fixed',1),(33,20,0,0.00,'fixed',1),(33,23,0,0.00,'fixed',1),(33,31,0,0.00,'fixed',1),(33,42,0,0.00,'fixed',1),(34,1,0,0.00,'fixed',1),(34,5,0,0.00,'fixed',1),(34,9,0,0.00,'fixed',1),(34,13,0,0.00,'fixed',1),(34,20,0,0.00,'fixed',1),(34,31,0,0.00,'fixed',1),(34,38,0,0.00,'fixed',1),(35,7,0,0.00,'fixed',1),(35,10,0,0.00,'fixed',1),(35,12,0,0.00,'fixed',1),(35,22,0,0.00,'fixed',1),(35,34,0,0.00,'fixed',1),(35,38,0,0.00,'fixed',1),(35,39,0,0.00,'fixed',1),(36,3,0,0.00,'fixed',1),(36,13,0,0.00,'fixed',1),(36,15,0,0.00,'fixed',1),(36,18,0,0.00,'fixed',1),(36,22,0,0.00,'fixed',1),(36,25,0,0.00,'fixed',1),(36,37,0,0.00,'fixed',1),(37,2,0,0.00,'fixed',1),(37,9,0,0.00,'fixed',1),(37,16,0,0.00,'fixed',1),(37,23,0,0.00,'fixed',1),(37,28,0,0.00,'fixed',1),(37,41,0,0.00,'fixed',1),(38,1,0,0.00,'fixed',1),(38,13,0,0.00,'fixed',1),(38,17,0,0.00,'fixed',1),(38,21,0,0.00,'fixed',1),(38,33,0,0.00,'fixed',1),(38,35,0,0.00,'fixed',1),(38,40,0,0.00,'fixed',1),(39,1,0,0.00,'fixed',1),(39,8,0,0.00,'fixed',1),(39,9,0,0.00,'fixed',1),(39,13,0,0.00,'fixed',1),(39,14,0,0.00,'fixed',1),(39,28,0,0.00,'fixed',1),(39,33,0,0.00,'fixed',1),(40,3,0,0.00,'fixed',1),(40,8,0,0.00,'fixed',1),(40,11,0,0.00,'fixed',1),(40,17,0,0.00,'fixed',1),(40,37,0,0.00,'fixed',1),(40,39,0,0.00,'fixed',1),(40,41,0,0.00,'fixed',1),(41,1,0,0.00,'fixed',1),(41,5,0,0.00,'fixed',1),(41,9,0,0.00,'fixed',1),(41,12,0,0.00,'fixed',1),(41,14,0,0.00,'fixed',1),(41,19,0,0.00,'fixed',1),(41,30,0,0.00,'fixed',1),(42,17,0,0.00,'fixed',1),(42,20,0,0.00,'fixed',1),(42,24,0,0.00,'fixed',1),(42,29,0,0.00,'fixed',1),(42,31,0,0.00,'fixed',1),(42,37,0,0.00,'fixed',1),(43,4,0,0.00,'fixed',1),(43,7,0,0.00,'fixed',1),(43,8,0,0.00,'fixed',1),(43,12,0,0.00,'fixed',1),(43,32,0,0.00,'fixed',1),(43,37,0,0.00,'fixed',1),(43,41,0,0.00,'fixed',1);

--
-- Table structure for table `ec_product_files`
--

CREATE TABLE `ec_product_files` (
  `id` bigint unsigned NOT NULL AUTO_INCREMENT,
  `product_id` bigint unsigned DEFAULT NULL,
  `url` varchar(400) COLLATE utf8mb4_unicode_ci DEFAULT NULL,
  `extras` mediumtext COLLATE utf8mb4_unicode_ci,
  `created_at` timestamp NULL DEFAULT NULL,
  `updated_at` timestamp NULL DEFAULT NULL,
  PRIMARY KEY (`id`),
  KEY `ec_product_files_product_id_index` (`product_id`)
) ENGINE=InnoDB AUTO_INCREMENT=38 DEFAULT CHARSET=utf8mb4 COLLATE=utf8mb4_unicode_ci;

--
-- Dumping data for table `ec_product_files`
--

INSERT INTO `ec_product_files` VALUES (1,4,'ecommerce/digital-product-files/product-17.jpg','{\"filename\":\"product-17.jpg\",\"url\":\"ecommerce\\/digital-product-files\\/product-17.jpg\",\"mime_type\":\"image\\/jpeg\",\"size\":9803,\"modified\":\"2025-04-01 04:07:59\",\"name\":\"product-17\",\"extension\":\"jpg\"}','2025-03-31 21:07:59','2025-03-31 21:07:59'),(2,4,'ecommerce/digital-product-files/product-18.jpg','{\"filename\":\"product-18.jpg\",\"url\":\"ecommerce\\/digital-product-files\\/product-18.jpg\",\"mime_type\":\"image\\/jpeg\",\"size\":9803,\"modified\":\"2025-04-01 04:07:59\",\"name\":\"product-18\",\"extension\":\"jpg\"}','2025-03-31 21:07:59','2025-03-31 21:07:59'),(3,8,'ecommerce/digital-product-files/product-6.jpg','{\"filename\":\"product-6.jpg\",\"url\":\"ecommerce\\/digital-product-files\\/product-6.jpg\",\"mime_type\":\"image\\/jpeg\",\"size\":9803,\"modified\":\"2025-04-01 04:07:59\",\"name\":\"product-6\",\"extension\":\"jpg\"}','2025-03-31 21:07:59','2025-03-31 21:07:59'),(4,8,'ecommerce/digital-product-files/product-4.jpg','{\"filename\":\"product-4.jpg\",\"url\":\"ecommerce\\/digital-product-files\\/product-4.jpg\",\"mime_type\":\"image\\/jpeg\",\"size\":9803,\"modified\":\"2025-04-01 04:07:59\",\"name\":\"product-4\",\"extension\":\"jpg\"}','2025-03-31 21:07:59','2025-03-31 21:07:59'),(5,12,'ecommerce/digital-product-files/product-details-desc-3.jpg','{\"filename\":\"product-details-desc-3.jpg\",\"url\":\"ecommerce\\/digital-product-files\\/product-details-desc-3.jpg\",\"mime_type\":\"image\\/jpeg\",\"size\":9803,\"modified\":\"2025-04-01 04:07:59\",\"name\":\"product-details-desc-3\",\"extension\":\"jpg\"}','2025-03-31 21:07:59','2025-03-31 21:07:59'),(6,12,'ecommerce/digital-product-files/product-2.jpg','{\"filename\":\"product-2.jpg\",\"url\":\"ecommerce\\/digital-product-files\\/product-2.jpg\",\"mime_type\":\"image\\/jpeg\",\"size\":9803,\"modified\":\"2025-04-01 04:07:59\",\"name\":\"product-2\",\"extension\":\"jpg\"}','2025-03-31 21:07:59','2025-03-31 21:07:59'),(7,16,'ecommerce/digital-product-files/product-12.jpg','{\"filename\":\"product-12.jpg\",\"url\":\"ecommerce\\/digital-product-files\\/product-12.jpg\",\"mime_type\":\"image\\/jpeg\",\"size\":9803,\"modified\":\"2025-04-01 04:07:59\",\"name\":\"product-12\",\"extension\":\"jpg\"}','2025-03-31 21:07:59','2025-03-31 21:07:59'),(8,16,'ecommerce/digital-product-files/product-9.jpg','{\"filename\":\"product-9.jpg\",\"url\":\"ecommerce\\/digital-product-files\\/product-9.jpg\",\"mime_type\":\"image\\/jpeg\",\"size\":9803,\"modified\":\"2025-04-01 04:07:59\",\"name\":\"product-9\",\"extension\":\"jpg\"}','2025-03-31 21:07:59','2025-03-31 21:07:59'),(9,20,'ecommerce/digital-product-files/product-15.jpg','{\"filename\":\"product-15.jpg\",\"url\":\"ecommerce\\/digital-product-files\\/product-15.jpg\",\"mime_type\":\"image\\/jpeg\",\"size\":9803,\"modified\":\"2025-04-01 04:07:59\",\"name\":\"product-15\",\"extension\":\"jpg\"}','2025-03-31 21:07:59','2025-03-31 21:07:59'),(10,20,'ecommerce/digital-product-files/product-11.jpg','{\"filename\":\"product-11.jpg\",\"url\":\"ecommerce\\/digital-product-files\\/product-11.jpg\",\"mime_type\":\"image\\/jpeg\",\"size\":9803,\"modified\":\"2025-04-01 04:07:59\",\"name\":\"product-11\",\"extension\":\"jpg\"}','2025-03-31 21:07:59','2025-03-31 21:07:59'),(11,24,'ecommerce/digital-product-files/product-15.jpg','{\"filename\":\"product-15.jpg\",\"url\":\"ecommerce\\/digital-product-files\\/product-15.jpg\",\"mime_type\":\"image\\/jpeg\",\"size\":9803,\"modified\":\"2025-04-01 04:07:59\",\"name\":\"product-15\",\"extension\":\"jpg\"}','2025-03-31 21:07:59','2025-03-31 21:07:59'),(12,24,'ecommerce/digital-product-files/product-1.jpg','{\"filename\":\"product-1.jpg\",\"url\":\"ecommerce\\/digital-product-files\\/product-1.jpg\",\"mime_type\":\"image\\/jpeg\",\"size\":9803,\"modified\":\"2025-04-01 04:07:59\",\"name\":\"product-1\",\"extension\":\"jpg\"}','2025-03-31 21:07:59','2025-03-31 21:07:59'),(13,28,'ecommerce/digital-product-files/product-details-desc-1.jpg','{\"filename\":\"product-details-desc-1.jpg\",\"url\":\"ecommerce\\/digital-product-files\\/product-details-desc-1.jpg\",\"mime_type\":\"image\\/jpeg\",\"size\":9803,\"modified\":\"2025-04-01 04:07:59\",\"name\":\"product-details-desc-1\",\"extension\":\"jpg\"}','2025-03-31 21:07:59','2025-03-31 21:07:59'),(14,28,'ecommerce/digital-product-files/product-18.jpg','{\"filename\":\"product-18.jpg\",\"url\":\"ecommerce\\/digital-product-files\\/product-18.jpg\",\"mime_type\":\"image\\/jpeg\",\"size\":9803,\"modified\":\"2025-04-01 04:07:59\",\"name\":\"product-18\",\"extension\":\"jpg\"}','2025-03-31 21:07:59','2025-03-31 21:07:59'),(15,32,'ecommerce/digital-product-files/product-19.jpg','{\"filename\":\"product-19.jpg\",\"url\":\"ecommerce\\/digital-product-files\\/product-19.jpg\",\"mime_type\":\"image\\/jpeg\",\"size\":9803,\"modified\":\"2025-04-01 04:07:59\",\"name\":\"product-19\",\"extension\":\"jpg\"}','2025-03-31 21:07:59','2025-03-31 21:07:59'),(16,32,'ecommerce/digital-product-files/product-details-desc-3.jpg','{\"filename\":\"product-details-desc-3.jpg\",\"url\":\"ecommerce\\/digital-product-files\\/product-details-desc-3.jpg\",\"mime_type\":\"image\\/jpeg\",\"size\":9803,\"modified\":\"2025-04-01 04:07:59\",\"name\":\"product-details-desc-3\",\"extension\":\"jpg\"}','2025-03-31 21:07:59','2025-03-31 21:07:59'),(17,36,'ecommerce/digital-product-files/product-4.jpg','{\"filename\":\"product-4.jpg\",\"url\":\"ecommerce\\/digital-product-files\\/product-4.jpg\",\"mime_type\":\"image\\/jpeg\",\"size\":9803,\"modified\":\"2025-04-01 04:07:59\",\"name\":\"product-4\",\"extension\":\"jpg\"}','2025-03-31 21:07:59','2025-03-31 21:07:59'),(18,36,'ecommerce/digital-product-files/product-9.jpg','{\"filename\":\"product-9.jpg\",\"url\":\"ecommerce\\/digital-product-files\\/product-9.jpg\",\"mime_type\":\"image\\/jpeg\",\"size\":9803,\"modified\":\"2025-04-01 04:07:59\",\"name\":\"product-9\",\"extension\":\"jpg\"}','2025-03-31 21:07:59','2025-03-31 21:07:59'),(19,40,'ecommerce/digital-product-files/product-9.jpg','{\"filename\":\"product-9.jpg\",\"url\":\"ecommerce\\/digital-product-files\\/product-9.jpg\",\"mime_type\":\"image\\/jpeg\",\"size\":9803,\"modified\":\"2025-04-01 04:07:59\",\"name\":\"product-9\",\"extension\":\"jpg\"}','2025-03-31 21:07:59','2025-03-31 21:07:59'),(20,40,'ecommerce/digital-product-files/product-18.jpg','{\"filename\":\"product-18.jpg\",\"url\":\"ecommerce\\/digital-product-files\\/product-18.jpg\",\"mime_type\":\"image\\/jpeg\",\"size\":9803,\"modified\":\"2025-04-01 04:07:59\",\"name\":\"product-18\",\"extension\":\"jpg\"}','2025-03-31 21:07:59','2025-03-31 21:07:59'),(21,52,'ecommerce/digital-product-files/product-4.jpg','{\"filename\":\"product-4.jpg\",\"url\":\"ecommerce\\/digital-product-files\\/product-4.jpg\",\"mime_type\":\"image\\/jpeg\",\"size\":9803,\"modified\":\"2025-04-01 04:07:59\",\"name\":\"product-4\",\"extension\":\"jpg\"}','2025-03-31 21:07:59','2025-03-31 21:07:59'),(22,53,'ecommerce/digital-product-files/product-7.jpg','{\"filename\":\"product-7.jpg\",\"url\":\"ecommerce\\/digital-product-files\\/product-7.jpg\",\"mime_type\":\"image\\/jpeg\",\"size\":9803,\"modified\":\"2025-04-01 04:07:59\",\"name\":\"product-7\",\"extension\":\"jpg\"}','2025-03-31 21:07:59','2025-03-31 21:07:59'),(23,54,'ecommerce/digital-product-files/product-18.jpg','{\"filename\":\"product-18.jpg\",\"url\":\"ecommerce\\/digital-product-files\\/product-18.jpg\",\"mime_type\":\"image\\/jpeg\",\"size\":9803,\"modified\":\"2025-04-01 04:07:59\",\"name\":\"product-18\",\"extension\":\"jpg\"}','2025-03-31 21:07:59','2025-03-31 21:07:59'),(24,60,'ecommerce/digital-product-files/product-2.jpg','{\"filename\":\"product-2.jpg\",\"url\":\"ecommerce\\/digital-product-files\\/product-2.jpg\",\"mime_type\":\"image\\/jpeg\",\"size\":9803,\"modified\":\"2025-04-01 04:07:59\",\"name\":\"product-2\",\"extension\":\"jpg\"}','2025-03-31 21:07:59','2025-03-31 21:07:59'),(25,68,'ecommerce/digital-product-files/product-11.jpg','{\"filename\":\"product-11.jpg\",\"url\":\"ecommerce\\/digital-product-files\\/product-11.jpg\",\"mime_type\":\"image\\/jpeg\",\"size\":9803,\"modified\":\"2025-04-01 04:07:59\",\"name\":\"product-11\",\"extension\":\"jpg\"}','2025-03-31 21:07:59','2025-03-31 21:07:59'),(26,69,'ecommerce/digital-product-files/product-3.jpg','{\"filename\":\"product-3.jpg\",\"url\":\"ecommerce\\/digital-product-files\\/product-3.jpg\",\"mime_type\":\"image\\/jpeg\",\"size\":9803,\"modified\":\"2025-04-01 04:07:59\",\"name\":\"product-3\",\"extension\":\"jpg\"}','2025-03-31 21:07:59','2025-03-31 21:07:59'),(27,70,'ecommerce/digital-product-files/product-7.jpg','{\"filename\":\"product-7.jpg\",\"url\":\"ecommerce\\/digital-product-files\\/product-7.jpg\",\"mime_type\":\"image\\/jpeg\",\"size\":9803,\"modified\":\"2025-04-01 04:07:59\",\"name\":\"product-7\",\"extension\":\"jpg\"}','2025-03-31 21:07:59','2025-03-31 21:07:59'),(28,76,'ecommerce/digital-product-files/product-1.jpg','{\"filename\":\"product-1.jpg\",\"url\":\"ecommerce\\/digital-product-files\\/product-1.jpg\",\"mime_type\":\"image\\/jpeg\",\"size\":9803,\"modified\":\"2025-04-01 04:07:59\",\"name\":\"product-1\",\"extension\":\"jpg\"}','2025-03-31 21:07:59','2025-03-31 21:07:59'),(29,77,'ecommerce/digital-product-files/product-10.jpg','{\"filename\":\"product-10.jpg\",\"url\":\"ecommerce\\/digital-product-files\\/product-10.jpg\",\"mime_type\":\"image\\/jpeg\",\"size\":9803,\"modified\":\"2025-04-01 04:07:59\",\"name\":\"product-10\",\"extension\":\"jpg\"}','2025-03-31 21:07:59','2025-03-31 21:07:59'),(30,78,'ecommerce/digital-product-files/product-15.jpg','{\"filename\":\"product-15.jpg\",\"url\":\"ecommerce\\/digital-product-files\\/product-15.jpg\",\"mime_type\":\"image\\/jpeg\",\"size\":9803,\"modified\":\"2025-04-01 04:07:59\",\"name\":\"product-15\",\"extension\":\"jpg\"}','2025-03-31 21:07:59','2025-03-31 21:07:59'),(31,79,'ecommerce/digital-product-files/product-15.jpg','{\"filename\":\"product-15.jpg\",\"url\":\"ecommerce\\/digital-product-files\\/product-15.jpg\",\"mime_type\":\"image\\/jpeg\",\"size\":9803,\"modified\":\"2025-04-01 04:07:59\",\"name\":\"product-15\",\"extension\":\"jpg\"}','2025-03-31 21:07:59','2025-03-31 21:07:59'),(32,83,'ecommerce/digital-product-files/product-18.jpg','{\"filename\":\"product-18.jpg\",\"url\":\"ecommerce\\/digital-product-files\\/product-18.jpg\",\"mime_type\":\"image\\/jpeg\",\"size\":9803,\"modified\":\"2025-04-01 04:07:59\",\"name\":\"product-18\",\"extension\":\"jpg\"}','2025-03-31 21:07:59','2025-03-31 21:07:59'),(33,84,'ecommerce/digital-product-files/product-12.jpg','{\"filename\":\"product-12.jpg\",\"url\":\"ecommerce\\/digital-product-files\\/product-12.jpg\",\"mime_type\":\"image\\/jpeg\",\"size\":9803,\"modified\":\"2025-04-01 04:07:59\",\"name\":\"product-12\",\"extension\":\"jpg\"}','2025-03-31 21:07:59','2025-03-31 21:07:59'),(34,88,'ecommerce/digital-product-files/product-details-desc-3.jpg','{\"filename\":\"product-details-desc-3.jpg\",\"url\":\"ecommerce\\/digital-product-files\\/product-details-desc-3.jpg\",\"mime_type\":\"image\\/jpeg\",\"size\":9803,\"modified\":\"2025-04-01 04:07:59\",\"name\":\"product-details-desc-3\",\"extension\":\"jpg\"}','2025-03-31 21:07:59','2025-03-31 21:07:59'),(35,89,'ecommerce/digital-product-files/product-11.jpg','{\"filename\":\"product-11.jpg\",\"url\":\"ecommerce\\/digital-product-files\\/product-11.jpg\",\"mime_type\":\"image\\/jpeg\",\"size\":9803,\"modified\":\"2025-04-01 04:07:59\",\"name\":\"product-11\",\"extension\":\"jpg\"}','2025-03-31 21:07:59','2025-03-31 21:07:59'),(36,95,'ecommerce/digital-product-files/product-18.jpg','{\"filename\":\"product-18.jpg\",\"url\":\"ecommerce\\/digital-product-files\\/product-18.jpg\",\"mime_type\":\"image\\/jpeg\",\"size\":9803,\"modified\":\"2025-04-01 04:07:59\",\"name\":\"product-18\",\"extension\":\"jpg\"}','2025-03-31 21:07:59','2025-03-31 21:07:59'),(37,96,'ecommerce/digital-product-files/product-12.jpg','{\"filename\":\"product-12.jpg\",\"url\":\"ecommerce\\/digital-product-files\\/product-12.jpg\",\"mime_type\":\"image\\/jpeg\",\"size\":9803,\"modified\":\"2025-04-01 04:07:59\",\"name\":\"product-12\",\"extension\":\"jpg\"}','2025-03-31 21:07:59','2025-03-31 21:07:59');

--
-- Table structure for table `ec_product_label_products`
--

CREATE TABLE `ec_product_label_products` (
  `product_label_id` bigint unsigned NOT NULL,
  `product_id` bigint unsigned NOT NULL,
  PRIMARY KEY (`product_label_id`,`product_id`),
  KEY `ec_product_label_products_product_label_id_index` (`product_label_id`),
  KEY `ec_product_label_products_product_id_index` (`product_id`)
) ENGINE=InnoDB DEFAULT CHARSET=utf8mb4 COLLATE=utf8mb4_unicode_ci;

--
-- Dumping data for table `ec_product_label_products`
--

INSERT INTO `ec_product_label_products` VALUES (1,27),(1,36),(1,42),(2,3),(2,9),(2,12),(2,21),(2,30),(2,39),(3,6),(3,15),(3,18),(3,24),(3,33);

--
-- Table structure for table `ec_product_labels`
--

CREATE TABLE `ec_product_labels` (
  `id` bigint unsigned NOT NULL AUTO_INCREMENT,
  `name` varchar(191) COLLATE utf8mb4_unicode_ci NOT NULL,
  `color` varchar(120) COLLATE utf8mb4_unicode_ci DEFAULT NULL,
  `status` varchar(60) COLLATE utf8mb4_unicode_ci NOT NULL DEFAULT 'published',
  `created_at` timestamp NULL DEFAULT NULL,
  `updated_at` timestamp NULL DEFAULT NULL,
  `text_color` varchar(120) COLLATE utf8mb4_unicode_ci DEFAULT NULL,
  PRIMARY KEY (`id`)
) ENGINE=InnoDB AUTO_INCREMENT=4 DEFAULT CHARSET=utf8mb4 COLLATE=utf8mb4_unicode_ci;

--
-- Dumping data for table `ec_product_labels`
--

INSERT INTO `ec_product_labels` VALUES (1,'Hot','#AC2200','published','2025-03-31 21:07:46','2025-03-31 21:07:46',NULL),(2,'New','#006554','published','2025-03-31 21:07:46','2025-03-31 21:07:46',NULL),(3,'Sale','#9A3B00','published','2025-03-31 21:07:46','2025-03-31 21:07:46',NULL);

--
-- Table structure for table `ec_product_labels_translations`
--

CREATE TABLE `ec_product_labels_translations` (
  `lang_code` varchar(191) COLLATE utf8mb4_unicode_ci NOT NULL,
  `ec_product_labels_id` bigint unsigned NOT NULL,
  `name` varchar(191) COLLATE utf8mb4_unicode_ci DEFAULT NULL,
  `description` varchar(400) COLLATE utf8mb4_unicode_ci DEFAULT NULL,
  PRIMARY KEY (`lang_code`,`ec_product_labels_id`)
) ENGINE=InnoDB DEFAULT CHARSET=utf8mb4 COLLATE=utf8mb4_unicode_ci;

--
-- Dumping data for table `ec_product_labels_translations`
--


--
-- Table structure for table `ec_product_related_relations`
--

CREATE TABLE `ec_product_related_relations` (
  `from_product_id` bigint unsigned NOT NULL,
  `to_product_id` bigint unsigned NOT NULL,
  PRIMARY KEY (`from_product_id`,`to_product_id`),
  KEY `ec_product_related_relations_from_product_id_index` (`from_product_id`),
  KEY `ec_product_related_relations_to_product_id_index` (`to_product_id`)
) ENGINE=InnoDB DEFAULT CHARSET=utf8mb4 COLLATE=utf8mb4_unicode_ci;

--
-- Dumping data for table `ec_product_related_relations`
--


--
-- Table structure for table `ec_product_specification_attribute`
--

CREATE TABLE `ec_product_specification_attribute` (
  `product_id` bigint unsigned NOT NULL,
  `attribute_id` bigint unsigned NOT NULL,
  `value` text COLLATE utf8mb4_unicode_ci,
  `hidden` tinyint(1) NOT NULL DEFAULT '0',
  `order` tinyint NOT NULL DEFAULT '0',
  PRIMARY KEY (`product_id`,`attribute_id`)
) ENGINE=InnoDB DEFAULT CHARSET=utf8mb4 COLLATE=utf8mb4_unicode_ci;

--
-- Dumping data for table `ec_product_specification_attribute`
--

INSERT INTO `ec_product_specification_attribute` VALUES (1,1,'55.91 cm',0,0),(1,2,'43.21 cm',0,0),(1,3,'53.1 cm',0,0),(1,4,'64.48 cm',0,0),(1,5,'62.59 cm',0,0),(2,1,'77.81 cm',0,0),(2,2,'65.44 cm',0,0),(2,3,'53.76 cm',0,0),(2,4,'79.74 cm',0,0),(2,5,'44.4 cm',0,0),(3,6,'51.32 cm',0,0),(3,7,'27.46 cm',0,0),(3,8,'1920x1080',0,0),(4,6,'61.85 cm',0,0),(4,7,'14.1 cm',0,0),(4,8,'2560x1440',0,0),(5,6,'87 cm',0,0),(5,7,'14.78 cm',0,0),(5,8,'2560x1440',0,0),(6,1,'9.63 cm',0,0),(6,2,'14.68 cm',0,0),(6,3,'8.02 cm',0,0),(6,4,'31.4 cm',0,0),(6,5,'74.29 cm',0,0),(7,1,'62.23 cm',0,0),(7,2,'64.76 cm',0,0),(7,3,'45.52 cm',0,0),(7,4,'99.07 cm',0,0),(7,5,'25.2 cm',0,0),(8,1,'31.87 cm',0,0),(8,2,'28.52 cm',0,0),(8,3,'99.02 cm',0,0),(8,4,'78.84 cm',0,0),(8,5,'81.95 cm',0,0),(9,1,'21 cm',0,0),(9,2,'31.47 cm',0,0),(9,3,'56.3 cm',0,0),(9,4,'56.01 cm',0,0),(9,5,'11.12 cm',0,0),(10,6,'98.46 cm',0,0),(10,7,'16.85 cm',0,0),(10,8,'2560x1440',0,0),(11,1,'3.94 cm',0,0),(11,2,'91.28 cm',0,0),(11,3,'60.6 cm',0,0),(11,4,'69.24 cm',0,0),(11,5,'57.13 cm',0,0),(12,6,'41.29 cm',0,0),(12,7,'42.78 cm',0,0),(12,8,'3840x2160',0,0),(13,6,'35.3 cm',0,0),(13,7,'8.4 cm',0,0),(13,8,'1920x1080',0,0),(14,1,'60.53 cm',0,0),(14,2,'21.12 cm',0,0),(14,3,'73.9 cm',0,0),(14,4,'48.27 cm',0,0),(14,5,'51.22 cm',0,0),(15,1,'25.86 cm',0,0),(15,2,'39.94 cm',0,0),(15,3,'81.17 cm',0,0),(15,4,'22.82 cm',0,0),(15,5,'11.31 cm',0,0),(16,6,'19.96 cm',0,0),(16,7,'31.96 cm',0,0),(16,8,'3840x2160',0,0),(17,6,'26.51 cm',0,0),(17,7,'9.68 cm',0,0),(17,8,'1920x1080',0,0),(18,6,'34.08 cm',0,0),(18,7,'69.21 cm',0,0),(18,8,'3840x2160',0,0),(19,1,'97.59 cm',0,0),(19,2,'57.72 cm',0,0),(19,3,'88.31 cm',0,0),(19,4,'69.08 cm',0,0),(19,5,'92.57 cm',0,0),(20,1,'85.88 cm',0,0),(20,2,'34.23 cm',0,0),(20,3,'25.8 cm',0,0),(20,4,'4.01 cm',0,0),(20,5,'70.26 cm',0,0),(21,6,'11.3 cm',0,0),(21,7,'75.62 cm',0,0),(21,8,'1920x1080',0,0),(22,6,'49.46 cm',0,0),(22,7,'14.8 cm',0,0),(22,8,'1920x1080',0,0),(23,6,'70.76 cm',0,0),(23,7,'3.3 cm',0,0),(23,8,'1920x1080',0,0),(24,6,'50.9 cm',0,0),(24,7,'51.74 cm',0,0),(24,8,'1920x1080',0,0),(25,1,'28.08 cm',0,0),(25,2,'27.32 cm',0,0),(25,3,'34.07 cm',0,0),(25,4,'3.45 cm',0,0),(25,5,'43.46 cm',0,0),(26,1,'44.03 cm',0,0),(26,2,'14.6 cm',0,0),(26,3,'17.33 cm',0,0),(26,4,'40.25 cm',0,0),(26,5,'63.27 cm',0,0),(27,1,'28.11 cm',0,0),(27,2,'30.58 cm',0,0),(27,3,'23.9 cm',0,0),(27,4,'75.32 cm',0,0),(27,5,'66.49 cm',0,0),(28,1,'77.27 cm',0,0),(28,2,'51.73 cm',0,0),(28,3,'61.25 cm',0,0),(28,4,'93.76 cm',0,0),(28,5,'64.17 cm',0,0),(29,6,'82 cm',0,0),(29,7,'6.53 cm',0,0),(29,8,'2560x1440',0,0),(30,6,'12.3 cm',0,0),(30,7,'89.28 cm',0,0),(30,8,'3840x2160',0,0),(31,6,'38.62 cm',0,0),(31,7,'37.62 cm',0,0),(31,8,'1920x1080',0,0),(32,6,'56.88 cm',0,0),(32,7,'41.46 cm',0,0),(32,8,'1920x1080',0,0),(33,1,'51.33 cm',0,0),(33,2,'46.28 cm',0,0),(33,3,'59.29 cm',0,0),(33,4,'21.87 cm',0,0),(33,5,'76.76 cm',0,0),(34,1,'95.28 cm',0,0),(34,2,'16.36 cm',0,0),(34,3,'28.04 cm',0,0),(34,4,'95.59 cm',0,0),(34,5,'86.62 cm',0,0),(35,6,'22.02 cm',0,0),(35,7,'22.81 cm',0,0),(35,8,'3840x2160',0,0),(36,6,'20.24 cm',0,0),(36,7,'55.04 cm',0,0),(36,8,'3840x2160',0,0),(37,6,'51.85 cm',0,0),(37,7,'36.57 cm',0,0),(37,8,'1920x1080',0,0),(38,6,'20.58 cm',0,0),(38,7,'89.02 cm',0,0),(38,8,'1920x1080',0,0),(39,1,'26.4 cm',0,0),(39,2,'1.98 cm',0,0),(39,3,'22.89 cm',0,0),(39,4,'29.87 cm',0,0),(39,5,'81.99 cm',0,0),(40,6,'44.22 cm',0,0),(40,7,'6.92 cm',0,0),(40,8,'2560x1440',0,0),(41,6,'66.55 cm',0,0),(41,7,'89.7 cm',0,0),(41,8,'3840x2160',0,0),(42,6,'11.02 cm',0,0),(42,7,'57 cm',0,0),(42,8,'3840x2160',0,0),(43,6,'88.94 cm',0,0),(43,7,'71.78 cm',0,0),(43,8,'1920x1080',0,0);

--
-- Table structure for table `ec_product_tag_product`
--

CREATE TABLE `ec_product_tag_product` (
  `product_id` bigint unsigned NOT NULL,
  `tag_id` bigint unsigned NOT NULL,
  PRIMARY KEY (`product_id`,`tag_id`),
  KEY `ec_product_tag_product_product_id_index` (`product_id`),
  KEY `ec_product_tag_product_tag_id_index` (`tag_id`)
) ENGINE=InnoDB DEFAULT CHARSET=utf8mb4 COLLATE=utf8mb4_unicode_ci;

--
-- Dumping data for table `ec_product_tag_product`
--

INSERT INTO `ec_product_tag_product` VALUES (1,3),(1,4),(1,6),(2,2),(2,3),(2,4),(3,3),(3,4),(3,6),(4,1),(4,3),(4,6),(5,1),(5,2),(5,5),(6,1),(6,2),(6,3),(7,3),(7,5),(7,6),(8,2),(8,3),(8,4),(9,2),(9,4),(9,6),(10,1),(10,4),(10,5),(11,1),(11,4),(11,6),(12,2),(12,4),(12,5),(13,2),(13,5),(13,6),(14,1),(14,3),(14,6),(15,1),(15,2),(15,5),(16,1),(16,2),(16,3),(17,1),(17,3),(17,4),(18,3),(18,5),(18,6),(19,1),(19,4),(19,5),(20,1),(20,2),(20,5),(21,2),(21,5),(21,6),(22,2),(22,4),(22,6),(23,1),(23,3),(23,5),(24,1),(24,4),(24,5),(25,2),(25,5),(25,6),(26,3),(26,5),(26,6),(27,1),(27,4),(27,5),(28,2),(28,4),(28,5),(29,3),(29,4),(29,6),(30,2),(30,3),(30,4),(31,2),(31,3),(31,6),(32,2),(32,3),(32,6),(33,2),(33,4),(33,5),(34,2),(34,4),(34,5),(35,2),(35,3),(35,4),(36,1),(36,4),(36,6),(37,1),(37,4),(37,5),(38,2),(38,3),(38,5),(39,1),(39,2),(39,5),(40,1),(40,3),(40,6),(41,1),(41,2),(41,4),(42,1),(42,2),(42,4),(43,2),(43,5),(43,6);

--
-- Table structure for table `ec_product_tags`
--

CREATE TABLE `ec_product_tags` (
  `id` bigint unsigned NOT NULL AUTO_INCREMENT,
  `name` varchar(120) COLLATE utf8mb4_unicode_ci NOT NULL,
  `description` varchar(400) COLLATE utf8mb4_unicode_ci DEFAULT NULL,
  `status` varchar(60) COLLATE utf8mb4_unicode_ci NOT NULL DEFAULT 'published',
  `created_at` timestamp NULL DEFAULT NULL,
  `updated_at` timestamp NULL DEFAULT NULL,
  PRIMARY KEY (`id`)
) ENGINE=InnoDB AUTO_INCREMENT=7 DEFAULT CHARSET=utf8mb4 COLLATE=utf8mb4_unicode_ci;

--
-- Dumping data for table `ec_product_tags`
--

INSERT INTO `ec_product_tags` VALUES (1,'Electronic',NULL,'published','2025-03-31 21:07:51','2025-03-31 21:07:51'),(2,'Mobile',NULL,'published','2025-03-31 21:07:51','2025-03-31 21:07:51'),(3,'Iphone',NULL,'published','2025-03-31 21:07:51','2025-03-31 21:07:51'),(4,'Printer',NULL,'published','2025-03-31 21:07:51','2025-03-31 21:07:51'),(5,'Office',NULL,'published','2025-03-31 21:07:51','2025-03-31 21:07:51'),(6,'IT',NULL,'published','2025-03-31 21:07:51','2025-03-31 21:07:51');

--
-- Table structure for table `ec_product_tags_translations`
--

CREATE TABLE `ec_product_tags_translations` (
  `lang_code` varchar(191) COLLATE utf8mb4_unicode_ci NOT NULL,
  `ec_product_tags_id` bigint unsigned NOT NULL,
  `name` varchar(191) COLLATE utf8mb4_unicode_ci DEFAULT NULL,
  PRIMARY KEY (`lang_code`,`ec_product_tags_id`)
) ENGINE=InnoDB DEFAULT CHARSET=utf8mb4 COLLATE=utf8mb4_unicode_ci;

--
-- Dumping data for table `ec_product_tags_translations`
--


--
-- Table structure for table `ec_product_up_sale_relations`
--

CREATE TABLE `ec_product_up_sale_relations` (
  `from_product_id` bigint unsigned NOT NULL,
  `to_product_id` bigint unsigned NOT NULL,
  PRIMARY KEY (`from_product_id`,`to_product_id`),
  KEY `ec_product_up_sale_relations_from_product_id_index` (`from_product_id`),
  KEY `ec_product_up_sale_relations_to_product_id_index` (`to_product_id`)
) ENGINE=InnoDB DEFAULT CHARSET=utf8mb4 COLLATE=utf8mb4_unicode_ci;

--
-- Dumping data for table `ec_product_up_sale_relations`
--


--
-- Table structure for table `ec_product_variation_items`
--

CREATE TABLE `ec_product_variation_items` (
  `id` bigint unsigned NOT NULL AUTO_INCREMENT,
  `attribute_id` bigint unsigned NOT NULL,
  `variation_id` bigint unsigned NOT NULL,
  PRIMARY KEY (`id`),
  UNIQUE KEY `ec_product_variation_items_attribute_id_variation_id_unique` (`attribute_id`,`variation_id`),
  KEY `attribute_variation_index` (`attribute_id`,`variation_id`)
) ENGINE=InnoDB AUTO_INCREMENT=117 DEFAULT CHARSET=utf8mb4 COLLATE=utf8mb4_unicode_ci;

--
-- Dumping data for table `ec_product_variation_items`
--

INSERT INTO `ec_product_variation_items` VALUES (13,1,7),(17,1,9),(21,1,11),(23,1,12),(25,1,13),(41,1,21),(47,1,24),(53,1,27),(5,2,3),(7,2,4),(9,2,5),(29,2,15),(33,2,17),(35,2,18),(45,2,23),(3,3,2),(11,3,6),(15,3,8),(19,3,10),(31,3,16),(39,3,20),(43,3,22),(1,4,1),(37,4,19),(49,4,25),(51,4,26),(27,5,14),(10,6,5),(24,6,12),(26,6,13),(38,6,19),(40,6,20),(44,6,22),(54,6,27),(12,7,6),(14,7,7),(28,7,14),(4,8,2),(8,8,4),(18,8,9),(30,8,15),(32,8,16),(36,8,18),(50,8,25),(52,8,26),(6,9,3),(16,9,8),(22,9,11),(2,10,1),(20,10,10),(34,10,17),(42,10,21),(46,10,23),(48,10,24),(63,11,32),(65,11,33),(69,11,35),(89,11,45),(97,11,49),(99,11,50),(101,11,51),(105,11,53),(107,11,54),(109,11,55),(75,12,38),(77,12,39),(59,13,30),(83,13,42),(85,13,43),(93,13,47),(95,13,48),(103,13,52),(111,13,56),(115,13,58),(67,14,34),(71,14,36),(73,14,37),(79,14,40),(81,14,41),(91,14,46),(113,14,57),(55,15,28),(57,15,29),(61,15,31),(87,15,44),(56,16,28),(68,16,34),(74,16,37),(78,16,39),(84,16,42),(92,16,46),(94,16,47),(98,16,49),(102,16,51),(108,16,54),(62,17,31),(72,17,36),(112,17,56),(114,17,57),(70,18,35),(76,18,38),(86,18,43),(106,18,53),(116,18,58),(58,19,29),(60,19,30),(64,19,32),(66,19,33),(82,19,41),(100,19,50),(80,20,40),(88,20,44),(90,20,45),(96,20,48),(104,20,52),(110,20,55);

--
-- Table structure for table `ec_product_variations`
--

CREATE TABLE `ec_product_variations` (
  `id` bigint unsigned NOT NULL AUTO_INCREMENT,
  `product_id` bigint unsigned DEFAULT NULL,
  `configurable_product_id` bigint unsigned NOT NULL,
  `is_default` tinyint NOT NULL DEFAULT '0',
  PRIMARY KEY (`id`),
  UNIQUE KEY `ec_product_variations_product_id_configurable_product_id_unique` (`product_id`,`configurable_product_id`),
  KEY `configurable_product_index` (`product_id`,`configurable_product_id`)
) ENGINE=InnoDB AUTO_INCREMENT=59 DEFAULT CHARSET=utf8mb4 COLLATE=utf8mb4_unicode_ci;

--
-- Dumping data for table `ec_product_variations`
--

INSERT INTO `ec_product_variations` VALUES (1,44,1,1),(2,45,1,0),(3,46,1,0),(4,47,2,1),(5,48,5,1),(6,49,7,1),(7,50,7,0),(8,51,7,0),(9,52,8,1),(10,53,8,0),(11,54,8,0),(12,55,9,1),(13,56,9,0),(14,57,10,1),(15,58,10,0),(16,59,10,0),(17,60,12,1),(18,61,14,1),(19,62,14,0),(20,63,14,0),(21,64,15,1),(22,65,18,1),(23,66,18,0),(24,67,18,0),(25,68,20,1),(26,69,20,0),(27,70,20,0),(28,71,21,1),(29,72,21,0),(30,73,21,0),(31,74,23,1),(32,75,23,0),(33,76,24,1),(34,77,24,0),(35,78,24,0),(36,79,24,0),(37,80,27,1),(38,81,27,0),(39,82,27,0),(40,83,28,1),(41,84,28,0),(42,85,30,1),(43,86,30,0),(44,87,30,0),(45,88,32,1),(46,89,32,0),(47,90,34,1),(48,91,37,1),(49,92,37,0),(50,93,38,1),(51,94,38,0),(52,95,40,1),(53,96,40,0),(54,97,41,1),(55,98,41,0),(56,99,41,0),(57,100,42,1),(58,101,42,0);

--
-- Table structure for table `ec_product_views`
--

CREATE TABLE `ec_product_views` (
  `id` bigint unsigned NOT NULL AUTO_INCREMENT,
  `product_id` bigint unsigned NOT NULL,
  `views` int NOT NULL DEFAULT '1',
  `date` date NOT NULL DEFAULT '2025-04-01',
  PRIMARY KEY (`id`),
  UNIQUE KEY `ec_product_views_product_id_date_unique` (`product_id`,`date`),
  KEY `ec_product_views_product_id_index` (`product_id`)
) ENGINE=InnoDB DEFAULT CHARSET=utf8mb4 COLLATE=utf8mb4_unicode_ci;

--
-- Dumping data for table `ec_product_views`
--


--
-- Table structure for table `ec_product_with_attribute_set`
--

CREATE TABLE `ec_product_with_attribute_set` (
  `attribute_set_id` bigint unsigned NOT NULL,
  `product_id` bigint unsigned NOT NULL,
  `order` tinyint unsigned NOT NULL DEFAULT '0',
  PRIMARY KEY (`product_id`,`attribute_set_id`)
) ENGINE=InnoDB DEFAULT CHARSET=utf8mb4 COLLATE=utf8mb4_unicode_ci;

--
-- Dumping data for table `ec_product_with_attribute_set`
--

INSERT INTO `ec_product_with_attribute_set` VALUES (1,1,0),(2,1,0),(1,2,0),(2,2,0),(1,5,0),(2,5,0),(1,7,0),(2,7,0),(1,8,0),(2,8,0),(1,9,0),(2,9,0),(1,10,0),(2,10,0),(1,12,0),(2,12,0),(1,14,0),(2,14,0),(1,15,0),(2,15,0),(1,18,0),(2,18,0),(1,20,0),(2,20,0),(3,21,0),(4,21,0),(3,23,0),(4,23,0),(3,24,0),(4,24,0),(3,27,0),(4,27,0),(3,28,0),(4,28,0),(3,30,0),(4,30,0),(3,32,0),(4,32,0),(3,34,0),(4,34,0),(3,37,0),(4,37,0),(3,38,0),(4,38,0),(3,40,0),(4,40,0),(3,41,0),(4,41,0),(3,42,0),(4,42,0);

--
-- Table structure for table `ec_products`
--

CREATE TABLE `ec_products` (
  `id` bigint unsigned NOT NULL AUTO_INCREMENT,
  `name` varchar(191) COLLATE utf8mb4_unicode_ci NOT NULL,
  `description` text COLLATE utf8mb4_unicode_ci,
  `content` longtext COLLATE utf8mb4_unicode_ci,
  `status` varchar(60) COLLATE utf8mb4_unicode_ci NOT NULL DEFAULT 'published',
  `images` text COLLATE utf8mb4_unicode_ci,
  `video_media` text COLLATE utf8mb4_unicode_ci,
  `sku` varchar(191) COLLATE utf8mb4_unicode_ci DEFAULT NULL,
  `order` int unsigned NOT NULL DEFAULT '0',
  `quantity` int unsigned DEFAULT NULL,
  `allow_checkout_when_out_of_stock` tinyint unsigned NOT NULL DEFAULT '0',
  `with_storehouse_management` tinyint unsigned NOT NULL DEFAULT '0',
  `stock_status` varchar(191) COLLATE utf8mb4_unicode_ci DEFAULT 'in_stock',
  `is_featured` tinyint unsigned NOT NULL DEFAULT '0',
  `brand_id` bigint unsigned DEFAULT NULL,
  `is_variation` tinyint NOT NULL DEFAULT '0',
  `sale_type` tinyint NOT NULL DEFAULT '0',
  `price` double unsigned DEFAULT NULL,
  `sale_price` double unsigned DEFAULT NULL,
  `start_date` timestamp NULL DEFAULT NULL,
  `end_date` timestamp NULL DEFAULT NULL,
  `length` double DEFAULT NULL,
  `wide` double DEFAULT NULL,
  `height` double DEFAULT NULL,
  `weight` double DEFAULT NULL,
  `tax_id` bigint unsigned DEFAULT NULL,
  `views` bigint NOT NULL DEFAULT '0',
  `created_at` timestamp NULL DEFAULT NULL,
  `updated_at` timestamp NULL DEFAULT NULL,
  `store_id` bigint unsigned DEFAULT NULL,
  `created_by_id` bigint unsigned DEFAULT '0',
  `created_by_type` varchar(191) COLLATE utf8mb4_unicode_ci NOT NULL DEFAULT 'Botble\\ACL\\Models\\User',
  `approved_by` bigint unsigned DEFAULT '0',
  `image` varchar(191) COLLATE utf8mb4_unicode_ci DEFAULT NULL,
  `product_type` varchar(60) COLLATE utf8mb4_unicode_ci DEFAULT 'physical',
  `barcode` varchar(50) COLLATE utf8mb4_unicode_ci DEFAULT NULL,
  `cost_per_item` double DEFAULT NULL,
  `generate_license_code` tinyint(1) NOT NULL DEFAULT '0',
  `minimum_order_quantity` int unsigned DEFAULT '0',
  `maximum_order_quantity` int unsigned DEFAULT '0',
  `notify_attachment_updated` tinyint(1) NOT NULL DEFAULT '0',
  `specification_table_id` bigint unsigned DEFAULT NULL,
  PRIMARY KEY (`id`),
  KEY `ec_products_brand_id_status_is_variation_created_at_index` (`brand_id`,`status`,`is_variation`,`created_at`),
  KEY `sale_type_index` (`sale_type`),
  KEY `start_date_index` (`start_date`),
  KEY `end_date_index` (`end_date`),
  KEY `sale_price_index` (`sale_price`),
  KEY `is_variation_index` (`is_variation`),
  KEY `ec_products_sku_index` (`sku`)
) ENGINE=InnoDB AUTO_INCREMENT=102 DEFAULT CHARSET=utf8mb4 COLLATE=utf8mb4_unicode_ci;

--
-- Dumping data for table `ec_products`
--

INSERT INTO `ec_products` VALUES (1,'Vintage Denim Jacket','Top off your look with this chic fedora hat, crafted with a classic silhouette and a timeless appeal. A must-have accessory for any fashion-forward wardrobe.','<div class=\"row justify-content-center\">\n    <div class=\"col-xl-10\">\n        <div class=\"tp-product-details-desc-item pb-105\">\n            <div class=\"row\">\n                <div class=\"col-lg-6\">\n                    <div class=\"pt-25\">\n                        <span>Anti-Aging Serum</span>\n                        <h3 class=\"tp-product-details-desc-title\">Revitalize Your Skin</h3>\n                        <p>\n                            Turn back the clock with our advanced anti-aging serum. Formulated with potent ingredients like hyaluronic acid and retinol, this serum targets fine lines, wrinkles, and age spots, leaving your skin looking youthful and radiant. Restore your skin\'s natural glow and texture with regular use.\n                        </p>\n                    </div>\n                    <div>\n                        <h3 class=\"tp-product-details-desc-title\">Hydration and Nourishment</h3>\n                        <p>\n                            Our anti-aging serum is enriched with hydrating and nourishing ingredients that penetrate deep into the skin to replenish moisture and improve elasticity. Say goodbye to dry, dull skin and hello to a complexion that\'s supple, smooth, and rejuvenated.\n                        </p>\n                    </div>\n                </div>\n                <div class=\"col-lg-6\">\n                    <div class=\"tp-product-details-desc-thumb\">\n                        <img src=\"/storage/beauty/products/product-1.png\" alt=\"Anti-Aging Serum\">\n                    </div>\n                </div>\n            </div>\n        </div>\n        <div class=\"tp-product-details-desc-item pb-75\">\n            <div class=\"row\">\n                <div class=\"col-lg-7\">\n                    <div class=\"tp-product-details-desc-thumb\">\n                        <img src=\"/storage/beauty/products/product-2.png\" alt=\"Application of Anti-Aging Serum\">\n                    </div>\n                </div>\n\n                <div class=\"col-lg-5 order-first order-lg-last\">\n                    <div class=\"des-content-2 pl-40\">\n                        <h3 class=\"tp-product-details-desc-title\">\n                            Visible Results\n                        </h3>\n                        <p>\n                            Experience noticeable results with our anti-aging serum. Within weeks of use, you\'ll notice smoother, firmer skin with reduced signs of aging. Incorporate it into your daily skincare routine for long-lasting benefits and a complexion that defies time.\n                        </p>\n                    </div>\n                </div>\n            </div>\n        </div>\n        <div class=\"tp-product-details-desc-item\">\n            <div class=\"row\">\n                <div class=\"col-xl-12\">\n                    <div class=\"tp-product-details-desc-banner text-center m-img\">\n                        <h3 class=\"tp-product-details-desc-banner-title tp-product-details-desc-title\">Expertly Formulated</h3>\n                        <img src=\"/storage/beauty/products/product-3.png\" alt=\"Beauty Lab\">\n                    </div>\n                </div>\n            </div>\n        </div>\n    </div>\n</div>\n','published','[\"main\\/products\\/product-7.jpg\",\"main\\/products\\/product-15.jpg\",\"main\\/products\\/product-13.jpg\",\"main\\/products\\/product-19.jpg\",\"main\\/products\\/product-14.jpg\"]','[[{\"key\":\"file\",\"value\":null},{\"key\":\"url\",\"value\":\"https:\\/\\/www.youtube.com\\/watch?v=6JYIGclVQdw\"},{\"key\":\"thumbnail\",\"value\":\"main\\/video\\/2.jpg\"}]]','HH-169-A1',0,19,0,1,'in_stock',1,1,0,0,958,NULL,NULL,NULL,12,12,16,537,NULL,137428,'2025-03-31 21:07:58','2025-03-31 21:07:59',2,0,'Botble\\ACL\\Models\\User',0,NULL,'physical',NULL,NULL,0,0,0,0,1),(2,'Floral Maxi Dress','Embrace bohemian vibes with this embroidered boho blouse, featuring intricate stitching and a relaxed fit. Perfect for a casual day with a touch of style.','<div class=\"row justify-content-center\">\n    <div class=\"col-xl-10\">\n        <div class=\"tp-product-details-desc-item pb-105\">\n            <div class=\"row\">\n                <div class=\"col-lg-6\">\n                    <div class=\"pt-25\">\n                        <span>Anti-Aging Serum</span>\n                        <h3 class=\"tp-product-details-desc-title\">Revitalize Your Skin</h3>\n                        <p>\n                            Turn back the clock with our advanced anti-aging serum. Formulated with potent ingredients like hyaluronic acid and retinol, this serum targets fine lines, wrinkles, and age spots, leaving your skin looking youthful and radiant. Restore your skin\'s natural glow and texture with regular use.\n                        </p>\n                    </div>\n                    <div>\n                        <h3 class=\"tp-product-details-desc-title\">Hydration and Nourishment</h3>\n                        <p>\n                            Our anti-aging serum is enriched with hydrating and nourishing ingredients that penetrate deep into the skin to replenish moisture and improve elasticity. Say goodbye to dry, dull skin and hello to a complexion that\'s supple, smooth, and rejuvenated.\n                        </p>\n                    </div>\n                </div>\n                <div class=\"col-lg-6\">\n                    <div class=\"tp-product-details-desc-thumb\">\n                        <img src=\"/storage/beauty/products/product-1.png\" alt=\"Anti-Aging Serum\">\n                    </div>\n                </div>\n            </div>\n        </div>\n        <div class=\"tp-product-details-desc-item pb-75\">\n            <div class=\"row\">\n                <div class=\"col-lg-7\">\n                    <div class=\"tp-product-details-desc-thumb\">\n                        <img src=\"/storage/beauty/products/product-2.png\" alt=\"Application of Anti-Aging Serum\">\n                    </div>\n                </div>\n\n                <div class=\"col-lg-5 order-first order-lg-last\">\n                    <div class=\"des-content-2 pl-40\">\n                        <h3 class=\"tp-product-details-desc-title\">\n                            Visible Results\n                        </h3>\n                        <p>\n                            Experience noticeable results with our anti-aging serum. Within weeks of use, you\'ll notice smoother, firmer skin with reduced signs of aging. Incorporate it into your daily skincare routine for long-lasting benefits and a complexion that defies time.\n                        </p>\n                    </div>\n                </div>\n            </div>\n        </div>\n        <div class=\"tp-product-details-desc-item\">\n            <div class=\"row\">\n                <div class=\"col-xl-12\">\n                    <div class=\"tp-product-details-desc-banner text-center m-img\">\n                        <h3 class=\"tp-product-details-desc-banner-title tp-product-details-desc-title\">Expertly Formulated</h3>\n                        <img src=\"/storage/beauty/products/product-3.png\" alt=\"Beauty Lab\">\n                    </div>\n                </div>\n            </div>\n        </div>\n    </div>\n</div>\n','published','[\"main\\/products\\/product-15.jpg\",\"main\\/products\\/product-details-desc-3.jpg\",\"main\\/products\\/product-details-desc-1.jpg\",\"main\\/products\\/product-6.jpg\",\"main\\/products\\/product-16.jpg\",\"main\\/products\\/product-3.jpg\",\"main\\/products\\/product-1.jpg\",\"main\\/products\\/product-17.jpg\"]','[]','7N-117-A1',0,11,0,1,'in_stock',0,4,0,0,570,NULL,NULL,NULL,18,20,15,509,NULL,67113,'2025-03-31 21:07:58','2025-03-31 21:07:59',8,0,'Botble\\ACL\\Models\\User',0,NULL,'physical',NULL,NULL,0,0,0,0,1),(3,'Leather Ankle Boots','Elevate your street style with this vintage denim jacket, featuring distressed detailing and a relaxed fit for a laid-back vibe.','<div class=\"row justify-content-center\">\n    <div class=\"col-xl-10\">\n        <div class=\"tp-product-details-desc-item pb-105\">\n            <div class=\"row\">\n                <div class=\"col-lg-6\">\n                    <div class=\"pt-25\">\n                        <span>Anti-Aging Serum</span>\n                        <h3 class=\"tp-product-details-desc-title\">Revitalize Your Skin</h3>\n                        <p>\n                            Turn back the clock with our advanced anti-aging serum. Formulated with potent ingredients like hyaluronic acid and retinol, this serum targets fine lines, wrinkles, and age spots, leaving your skin looking youthful and radiant. Restore your skin\'s natural glow and texture with regular use.\n                        </p>\n                    </div>\n                    <div>\n                        <h3 class=\"tp-product-details-desc-title\">Hydration and Nourishment</h3>\n                        <p>\n                            Our anti-aging serum is enriched with hydrating and nourishing ingredients that penetrate deep into the skin to replenish moisture and improve elasticity. Say goodbye to dry, dull skin and hello to a complexion that\'s supple, smooth, and rejuvenated.\n                        </p>\n                    </div>\n                </div>\n                <div class=\"col-lg-6\">\n                    <div class=\"tp-product-details-desc-thumb\">\n                        <img src=\"/storage/beauty/products/product-1.png\" alt=\"Anti-Aging Serum\">\n                    </div>\n                </div>\n            </div>\n        </div>\n        <div class=\"tp-product-details-desc-item pb-75\">\n            <div class=\"row\">\n                <div class=\"col-lg-7\">\n                    <div class=\"tp-product-details-desc-thumb\">\n                        <img src=\"/storage/beauty/products/product-2.png\" alt=\"Application of Anti-Aging Serum\">\n                    </div>\n                </div>\n\n                <div class=\"col-lg-5 order-first order-lg-last\">\n                    <div class=\"des-content-2 pl-40\">\n                        <h3 class=\"tp-product-details-desc-title\">\n                            Visible Results\n                        </h3>\n                        <p>\n                            Experience noticeable results with our anti-aging serum. Within weeks of use, you\'ll notice smoother, firmer skin with reduced signs of aging. Incorporate it into your daily skincare routine for long-lasting benefits and a complexion that defies time.\n                        </p>\n                    </div>\n                </div>\n            </div>\n        </div>\n        <div class=\"tp-product-details-desc-item\">\n            <div class=\"row\">\n                <div class=\"col-xl-12\">\n                    <div class=\"tp-product-details-desc-banner text-center m-img\">\n                        <h3 class=\"tp-product-details-desc-banner-title tp-product-details-desc-title\">Expertly Formulated</h3>\n                        <img src=\"/storage/beauty/products/product-3.png\" alt=\"Beauty Lab\">\n                    </div>\n                </div>\n            </div>\n        </div>\n    </div>\n</div>\n','published','[\"main\\/products\\/product-12.jpg\",\"main\\/products\\/product-9.jpg\",\"main\\/products\\/product-3.jpg\",\"main\\/products\\/product-6.jpg\"]','[[{\"key\":\"file\",\"value\":\"main\\/video\\/video-1.mp4\"},{\"key\":\"url\",\"value\":null},{\"key\":\"thumbnail\",\"value\":\"main\\/video\\/1.jpg\"}]]','WW-132',0,20,0,1,'in_stock',1,1,0,0,390,233,NULL,NULL,11,15,18,728,NULL,61971,'2025-03-31 21:07:58','2025-03-31 21:07:59',3,0,'Botble\\ACL\\Models\\User',0,NULL,'physical',NULL,NULL,0,0,0,0,2),(4,'Knit Turtleneck Sweater (Digital)','Embrace bohemian vibes with this embroidered boho blouse, featuring intricate stitching and a relaxed fit. Perfect for a casual day with a touch of style.','<div class=\"row justify-content-center\">\n    <div class=\"col-xl-10\">\n        <div class=\"tp-product-details-desc-item pb-105\">\n            <div class=\"row\">\n                <div class=\"col-lg-6\">\n                    <div class=\"pt-25\">\n                        <span>Anti-Aging Serum</span>\n                        <h3 class=\"tp-product-details-desc-title\">Revitalize Your Skin</h3>\n                        <p>\n                            Turn back the clock with our advanced anti-aging serum. Formulated with potent ingredients like hyaluronic acid and retinol, this serum targets fine lines, wrinkles, and age spots, leaving your skin looking youthful and radiant. Restore your skin\'s natural glow and texture with regular use.\n                        </p>\n                    </div>\n                    <div>\n                        <h3 class=\"tp-product-details-desc-title\">Hydration and Nourishment</h3>\n                        <p>\n                            Our anti-aging serum is enriched with hydrating and nourishing ingredients that penetrate deep into the skin to replenish moisture and improve elasticity. Say goodbye to dry, dull skin and hello to a complexion that\'s supple, smooth, and rejuvenated.\n                        </p>\n                    </div>\n                </div>\n                <div class=\"col-lg-6\">\n                    <div class=\"tp-product-details-desc-thumb\">\n                        <img src=\"/storage/beauty/products/product-1.png\" alt=\"Anti-Aging Serum\">\n                    </div>\n                </div>\n            </div>\n        </div>\n        <div class=\"tp-product-details-desc-item pb-75\">\n            <div class=\"row\">\n                <div class=\"col-lg-7\">\n                    <div class=\"tp-product-details-desc-thumb\">\n                        <img src=\"/storage/beauty/products/product-2.png\" alt=\"Application of Anti-Aging Serum\">\n                    </div>\n                </div>\n\n                <div class=\"col-lg-5 order-first order-lg-last\">\n                    <div class=\"des-content-2 pl-40\">\n                        <h3 class=\"tp-product-details-desc-title\">\n                            Visible Results\n                        </h3>\n                        <p>\n                            Experience noticeable results with our anti-aging serum. Within weeks of use, you\'ll notice smoother, firmer skin with reduced signs of aging. Incorporate it into your daily skincare routine for long-lasting benefits and a complexion that defies time.\n                        </p>\n                    </div>\n                </div>\n            </div>\n        </div>\n        <div class=\"tp-product-details-desc-item\">\n            <div class=\"row\">\n                <div class=\"col-xl-12\">\n                    <div class=\"tp-product-details-desc-banner text-center m-img\">\n                        <h3 class=\"tp-product-details-desc-banner-title tp-product-details-desc-title\">Expertly Formulated</h3>\n                        <img src=\"/storage/beauty/products/product-3.png\" alt=\"Beauty Lab\">\n                    </div>\n                </div>\n            </div>\n        </div>\n    </div>\n</div>\n','published','[\"main\\/products\\/product-17.jpg\",\"main\\/products\\/product-18.jpg\",\"main\\/products\\/product-15.jpg\",\"main\\/products\\/product-13.jpg\",\"main\\/products\\/product-5.jpg\",\"main\\/products\\/product-16.jpg\",\"main\\/products\\/product-details-desc-3.jpg\"]','[]','NV-187',0,10,0,1,'in_stock',0,5,0,0,895,743,NULL,NULL,16,12,11,687,NULL,196815,'2025-03-31 21:07:58','2025-03-31 21:07:59',1,0,'Botble\\ACL\\Models\\User',0,NULL,'digital',NULL,NULL,0,0,0,0,2),(5,'Classic Aviator Sunglasses','Make a statement in this floral maxi dress, perfect for summer events or a casual day out. The flowy silhouette and vibrant print will turn heads wherever you go.','<div class=\"row justify-content-center\">\n    <div class=\"col-xl-10\">\n        <div class=\"tp-product-details-desc-item pb-105\">\n            <div class=\"row\">\n                <div class=\"col-lg-6\">\n                    <div class=\"pt-25\">\n                        <span>Anti-Aging Serum</span>\n                        <h3 class=\"tp-product-details-desc-title\">Revitalize Your Skin</h3>\n                        <p>\n                            Turn back the clock with our advanced anti-aging serum. Formulated with potent ingredients like hyaluronic acid and retinol, this serum targets fine lines, wrinkles, and age spots, leaving your skin looking youthful and radiant. Restore your skin\'s natural glow and texture with regular use.\n                        </p>\n                    </div>\n                    <div>\n                        <h3 class=\"tp-product-details-desc-title\">Hydration and Nourishment</h3>\n                        <p>\n                            Our anti-aging serum is enriched with hydrating and nourishing ingredients that penetrate deep into the skin to replenish moisture and improve elasticity. Say goodbye to dry, dull skin and hello to a complexion that\'s supple, smooth, and rejuvenated.\n                        </p>\n                    </div>\n                </div>\n                <div class=\"col-lg-6\">\n                    <div class=\"tp-product-details-desc-thumb\">\n                        <img src=\"/storage/beauty/products/product-1.png\" alt=\"Anti-Aging Serum\">\n                    </div>\n                </div>\n            </div>\n        </div>\n        <div class=\"tp-product-details-desc-item pb-75\">\n            <div class=\"row\">\n                <div class=\"col-lg-7\">\n                    <div class=\"tp-product-details-desc-thumb\">\n                        <img src=\"/storage/beauty/products/product-2.png\" alt=\"Application of Anti-Aging Serum\">\n                    </div>\n                </div>\n\n                <div class=\"col-lg-5 order-first order-lg-last\">\n                    <div class=\"des-content-2 pl-40\">\n                        <h3 class=\"tp-product-details-desc-title\">\n                            Visible Results\n                        </h3>\n                        <p>\n                            Experience noticeable results with our anti-aging serum. Within weeks of use, you\'ll notice smoother, firmer skin with reduced signs of aging. Incorporate it into your daily skincare routine for long-lasting benefits and a complexion that defies time.\n                        </p>\n                    </div>\n                </div>\n            </div>\n        </div>\n        <div class=\"tp-product-details-desc-item\">\n            <div class=\"row\">\n                <div class=\"col-xl-12\">\n                    <div class=\"tp-product-details-desc-banner text-center m-img\">\n                        <h3 class=\"tp-product-details-desc-banner-title tp-product-details-desc-title\">Expertly Formulated</h3>\n                        <img src=\"/storage/beauty/products/product-3.png\" alt=\"Beauty Lab\">\n                    </div>\n                </div>\n            </div>\n        </div>\n    </div>\n</div>\n','published','[\"main\\/products\\/product-9.jpg\",\"main\\/products\\/product-details-desc-2.jpg\",\"main\\/products\\/product-20.jpg\"]','[[{\"key\":\"file\",\"value\":null},{\"key\":\"url\",\"value\":\"https:\\/\\/www.youtube.com\\/watch?v=6JYIGclVQdw\"},{\"key\":\"thumbnail\",\"value\":\"main\\/video\\/2.jpg\"}]]','OQ-142-A1',0,17,0,1,'in_stock',0,1,0,0,2039,NULL,NULL,NULL,11,18,10,720,NULL,21262,'2025-03-31 21:07:58','2025-03-31 21:07:59',1,0,'Botble\\ACL\\Models\\User',0,NULL,'physical',NULL,NULL,0,0,0,0,2),(6,'Tailored Wool Blazer','Stay cozy and chic in this knit turtleneck sweater, featuring a ribbed texture and a timeless design. Perfect for chilly days and nights.','<div class=\"row justify-content-center\">\n    <div class=\"col-xl-10\">\n        <div class=\"tp-product-details-desc-item pb-105\">\n            <div class=\"row\">\n                <div class=\"col-lg-6\">\n                    <div class=\"pt-25\">\n                        <span>Anti-Aging Serum</span>\n                        <h3 class=\"tp-product-details-desc-title\">Revitalize Your Skin</h3>\n                        <p>\n                            Turn back the clock with our advanced anti-aging serum. Formulated with potent ingredients like hyaluronic acid and retinol, this serum targets fine lines, wrinkles, and age spots, leaving your skin looking youthful and radiant. Restore your skin\'s natural glow and texture with regular use.\n                        </p>\n                    </div>\n                    <div>\n                        <h3 class=\"tp-product-details-desc-title\">Hydration and Nourishment</h3>\n                        <p>\n                            Our anti-aging serum is enriched with hydrating and nourishing ingredients that penetrate deep into the skin to replenish moisture and improve elasticity. Say goodbye to dry, dull skin and hello to a complexion that\'s supple, smooth, and rejuvenated.\n                        </p>\n                    </div>\n                </div>\n                <div class=\"col-lg-6\">\n                    <div class=\"tp-product-details-desc-thumb\">\n                        <img src=\"/storage/beauty/products/product-1.png\" alt=\"Anti-Aging Serum\">\n                    </div>\n                </div>\n            </div>\n        </div>\n        <div class=\"tp-product-details-desc-item pb-75\">\n            <div class=\"row\">\n                <div class=\"col-lg-7\">\n                    <div class=\"tp-product-details-desc-thumb\">\n                        <img src=\"/storage/beauty/products/product-2.png\" alt=\"Application of Anti-Aging Serum\">\n                    </div>\n                </div>\n\n                <div class=\"col-lg-5 order-first order-lg-last\">\n                    <div class=\"des-content-2 pl-40\">\n                        <h3 class=\"tp-product-details-desc-title\">\n                            Visible Results\n                        </h3>\n                        <p>\n                            Experience noticeable results with our anti-aging serum. Within weeks of use, you\'ll notice smoother, firmer skin with reduced signs of aging. Incorporate it into your daily skincare routine for long-lasting benefits and a complexion that defies time.\n                        </p>\n                    </div>\n                </div>\n            </div>\n        </div>\n        <div class=\"tp-product-details-desc-item\">\n            <div class=\"row\">\n                <div class=\"col-xl-12\">\n                    <div class=\"tp-product-details-desc-banner text-center m-img\">\n                        <h3 class=\"tp-product-details-desc-banner-title tp-product-details-desc-title\">Expertly Formulated</h3>\n                        <img src=\"/storage/beauty/products/product-3.png\" alt=\"Beauty Lab\">\n                    </div>\n                </div>\n            </div>\n        </div>\n    </div>\n</div>\n','published','[\"main\\/products\\/product-14.jpg\",\"main\\/products\\/product-1.jpg\",\"main\\/products\\/product-details-desc-1.jpg\",\"main\\/products\\/product-4.jpg\",\"main\\/products\\/product-12.jpg\"]','[]','AL-104',0,17,0,1,'in_stock',1,1,0,0,1536,581,NULL,NULL,12,11,18,745,NULL,14917,'2025-03-31 21:07:58','2025-03-31 21:07:59',3,0,'Botble\\ACL\\Models\\User',0,NULL,'physical',NULL,NULL,0,0,0,0,1),(7,'Bohemian Fringe Handbag','Embrace bohemian vibes with this embroidered boho blouse, featuring intricate stitching and a relaxed fit. Perfect for a casual day with a touch of style.','<div class=\"row justify-content-center\">\n    <div class=\"col-xl-10\">\n        <div class=\"tp-product-details-desc-item pb-105\">\n            <div class=\"row\">\n                <div class=\"col-lg-6\">\n                    <div class=\"pt-25\">\n                        <span>Anti-Aging Serum</span>\n                        <h3 class=\"tp-product-details-desc-title\">Revitalize Your Skin</h3>\n                        <p>\n                            Turn back the clock with our advanced anti-aging serum. Formulated with potent ingredients like hyaluronic acid and retinol, this serum targets fine lines, wrinkles, and age spots, leaving your skin looking youthful and radiant. Restore your skin\'s natural glow and texture with regular use.\n                        </p>\n                    </div>\n                    <div>\n                        <h3 class=\"tp-product-details-desc-title\">Hydration and Nourishment</h3>\n                        <p>\n                            Our anti-aging serum is enriched with hydrating and nourishing ingredients that penetrate deep into the skin to replenish moisture and improve elasticity. Say goodbye to dry, dull skin and hello to a complexion that\'s supple, smooth, and rejuvenated.\n                        </p>\n                    </div>\n                </div>\n                <div class=\"col-lg-6\">\n                    <div class=\"tp-product-details-desc-thumb\">\n                        <img src=\"/storage/beauty/products/product-1.png\" alt=\"Anti-Aging Serum\">\n                    </div>\n                </div>\n            </div>\n        </div>\n        <div class=\"tp-product-details-desc-item pb-75\">\n            <div class=\"row\">\n                <div class=\"col-lg-7\">\n                    <div class=\"tp-product-details-desc-thumb\">\n                        <img src=\"/storage/beauty/products/product-2.png\" alt=\"Application of Anti-Aging Serum\">\n                    </div>\n                </div>\n\n                <div class=\"col-lg-5 order-first order-lg-last\">\n                    <div class=\"des-content-2 pl-40\">\n                        <h3 class=\"tp-product-details-desc-title\">\n                            Visible Results\n                        </h3>\n                        <p>\n                            Experience noticeable results with our anti-aging serum. Within weeks of use, you\'ll notice smoother, firmer skin with reduced signs of aging. Incorporate it into your daily skincare routine for long-lasting benefits and a complexion that defies time.\n                        </p>\n                    </div>\n                </div>\n            </div>\n        </div>\n        <div class=\"tp-product-details-desc-item\">\n            <div class=\"row\">\n                <div class=\"col-xl-12\">\n                    <div class=\"tp-product-details-desc-banner text-center m-img\">\n                        <h3 class=\"tp-product-details-desc-banner-title tp-product-details-desc-title\">Expertly Formulated</h3>\n                        <img src=\"/storage/beauty/products/product-3.png\" alt=\"Beauty Lab\">\n                    </div>\n                </div>\n            </div>\n        </div>\n    </div>\n</div>\n','published','[\"main\\/products\\/product-4.jpg\",\"main\\/products\\/product-details-desc-2.jpg\",\"main\\/products\\/product-17.jpg\"]','[[{\"key\":\"file\",\"value\":null},{\"key\":\"url\",\"value\":\"https:\\/\\/www.youtube.com\\/watch?v=6JYIGclVQdw\"},{\"key\":\"thumbnail\",\"value\":\"main\\/video\\/1.jpg\"}]]','HU-193-A1',0,10,0,1,'in_stock',0,4,0,0,960,NULL,NULL,NULL,10,10,15,705,NULL,178718,'2025-03-31 21:07:58','2025-03-31 21:07:59',5,0,'Botble\\ACL\\Models\\User',0,NULL,'physical',NULL,NULL,0,0,0,0,1),(8,'Silk Scarf with Geometric Print (Digital)','Stay on trend with these high-waisted wide-leg trousers, combining comfort and sophistication. Pair them with heels for a refined look.','<div class=\"row justify-content-center\">\n    <div class=\"col-xl-10\">\n        <div class=\"tp-product-details-desc-item pb-105\">\n            <div class=\"row\">\n                <div class=\"col-lg-6\">\n                    <div class=\"pt-25\">\n                        <span>Anti-Aging Serum</span>\n                        <h3 class=\"tp-product-details-desc-title\">Revitalize Your Skin</h3>\n                        <p>\n                            Turn back the clock with our advanced anti-aging serum. Formulated with potent ingredients like hyaluronic acid and retinol, this serum targets fine lines, wrinkles, and age spots, leaving your skin looking youthful and radiant. Restore your skin\'s natural glow and texture with regular use.\n                        </p>\n                    </div>\n                    <div>\n                        <h3 class=\"tp-product-details-desc-title\">Hydration and Nourishment</h3>\n                        <p>\n                            Our anti-aging serum is enriched with hydrating and nourishing ingredients that penetrate deep into the skin to replenish moisture and improve elasticity. Say goodbye to dry, dull skin and hello to a complexion that\'s supple, smooth, and rejuvenated.\n                        </p>\n                    </div>\n                </div>\n                <div class=\"col-lg-6\">\n                    <div class=\"tp-product-details-desc-thumb\">\n                        <img src=\"/storage/beauty/products/product-1.png\" alt=\"Anti-Aging Serum\">\n                    </div>\n                </div>\n            </div>\n        </div>\n        <div class=\"tp-product-details-desc-item pb-75\">\n            <div class=\"row\">\n                <div class=\"col-lg-7\">\n                    <div class=\"tp-product-details-desc-thumb\">\n                        <img src=\"/storage/beauty/products/product-2.png\" alt=\"Application of Anti-Aging Serum\">\n                    </div>\n                </div>\n\n                <div class=\"col-lg-5 order-first order-lg-last\">\n                    <div class=\"des-content-2 pl-40\">\n                        <h3 class=\"tp-product-details-desc-title\">\n                            Visible Results\n                        </h3>\n                        <p>\n                            Experience noticeable results with our anti-aging serum. Within weeks of use, you\'ll notice smoother, firmer skin with reduced signs of aging. Incorporate it into your daily skincare routine for long-lasting benefits and a complexion that defies time.\n                        </p>\n                    </div>\n                </div>\n            </div>\n        </div>\n        <div class=\"tp-product-details-desc-item\">\n            <div class=\"row\">\n                <div class=\"col-xl-12\">\n                    <div class=\"tp-product-details-desc-banner text-center m-img\">\n                        <h3 class=\"tp-product-details-desc-banner-title tp-product-details-desc-title\">Expertly Formulated</h3>\n                        <img src=\"/storage/beauty/products/product-3.png\" alt=\"Beauty Lab\">\n                    </div>\n                </div>\n            </div>\n        </div>\n    </div>\n</div>\n','published','[\"main\\/products\\/product-6.jpg\",\"main\\/products\\/product-4.jpg\",\"main\\/products\\/product-7.jpg\",\"main\\/products\\/product-18.jpg\",\"main\\/products\\/product-8.jpg\"]','[[{\"key\":\"file\",\"value\":null},{\"key\":\"url\",\"value\":\"https:\\/\\/www.youtube.com\\/watch?v=6JYIGclVQdw\"},{\"key\":\"thumbnail\",\"value\":\"main\\/video\\/1.jpg\"}]]','KF-174-A1',0,20,0,1,'in_stock',1,1,0,0,832,732.16,NULL,NULL,12,15,14,842,NULL,30932,'2025-03-31 21:07:58','2025-03-31 21:07:59',3,0,'Botble\\ACL\\Models\\User',0,NULL,'digital',NULL,NULL,0,0,0,0,1),(9,'High-Waisted Wide Leg Trousers','Make a statement in this floral maxi dress, perfect for summer events or a casual day out. The flowy silhouette and vibrant print will turn heads wherever you go.','<div class=\"row justify-content-center\">\n    <div class=\"col-xl-10\">\n        <div class=\"tp-product-details-desc-item pb-105\">\n            <div class=\"row\">\n                <div class=\"col-lg-6\">\n                    <div class=\"pt-25\">\n                        <span>Anti-Aging Serum</span>\n                        <h3 class=\"tp-product-details-desc-title\">Revitalize Your Skin</h3>\n                        <p>\n                            Turn back the clock with our advanced anti-aging serum. Formulated with potent ingredients like hyaluronic acid and retinol, this serum targets fine lines, wrinkles, and age spots, leaving your skin looking youthful and radiant. Restore your skin\'s natural glow and texture with regular use.\n                        </p>\n                    </div>\n                    <div>\n                        <h3 class=\"tp-product-details-desc-title\">Hydration and Nourishment</h3>\n                        <p>\n                            Our anti-aging serum is enriched with hydrating and nourishing ingredients that penetrate deep into the skin to replenish moisture and improve elasticity. Say goodbye to dry, dull skin and hello to a complexion that\'s supple, smooth, and rejuvenated.\n                        </p>\n                    </div>\n                </div>\n                <div class=\"col-lg-6\">\n                    <div class=\"tp-product-details-desc-thumb\">\n                        <img src=\"/storage/beauty/products/product-1.png\" alt=\"Anti-Aging Serum\">\n                    </div>\n                </div>\n            </div>\n        </div>\n        <div class=\"tp-product-details-desc-item pb-75\">\n            <div class=\"row\">\n                <div class=\"col-lg-7\">\n                    <div class=\"tp-product-details-desc-thumb\">\n                        <img src=\"/storage/beauty/products/product-2.png\" alt=\"Application of Anti-Aging Serum\">\n                    </div>\n                </div>\n\n                <div class=\"col-lg-5 order-first order-lg-last\">\n                    <div class=\"des-content-2 pl-40\">\n                        <h3 class=\"tp-product-details-desc-title\">\n                            Visible Results\n                        </h3>\n                        <p>\n                            Experience noticeable results with our anti-aging serum. Within weeks of use, you\'ll notice smoother, firmer skin with reduced signs of aging. Incorporate it into your daily skincare routine for long-lasting benefits and a complexion that defies time.\n                        </p>\n                    </div>\n                </div>\n            </div>\n        </div>\n        <div class=\"tp-product-details-desc-item\">\n            <div class=\"row\">\n                <div class=\"col-xl-12\">\n                    <div class=\"tp-product-details-desc-banner text-center m-img\">\n                        <h3 class=\"tp-product-details-desc-banner-title tp-product-details-desc-title\">Expertly Formulated</h3>\n                        <img src=\"/storage/beauty/products/product-3.png\" alt=\"Beauty Lab\">\n                    </div>\n                </div>\n            </div>\n        </div>\n    </div>\n</div>\n','published','[\"main\\/products\\/product-4.jpg\",\"main\\/products\\/product-12.jpg\",\"main\\/products\\/product-16.jpg\"]','[[{\"key\":\"file\",\"value\":null},{\"key\":\"url\",\"value\":\"https:\\/\\/www.youtube.com\\/watch?v=6JYIGclVQdw\"},{\"key\":\"thumbnail\",\"value\":\"main\\/video\\/2.jpg\"}]]','L2-146-A1',0,11,0,1,'in_stock',1,5,0,0,493,NULL,NULL,NULL,15,16,20,873,NULL,54818,'2025-03-31 21:07:58','2025-03-31 21:07:59',4,0,'Botble\\ACL\\Models\\User',0,NULL,'physical',NULL,NULL,0,0,0,0,1),(10,'Embroidered Boho Blouse','Make a statement in this floral maxi dress, perfect for summer events or a casual day out. The flowy silhouette and vibrant print will turn heads wherever you go.','<div class=\"row justify-content-center\">\n    <div class=\"col-xl-10\">\n        <div class=\"tp-product-details-desc-item pb-105\">\n            <div class=\"row\">\n                <div class=\"col-lg-6\">\n                    <div class=\"pt-25\">\n                        <span>Anti-Aging Serum</span>\n                        <h3 class=\"tp-product-details-desc-title\">Revitalize Your Skin</h3>\n                        <p>\n                            Turn back the clock with our advanced anti-aging serum. Formulated with potent ingredients like hyaluronic acid and retinol, this serum targets fine lines, wrinkles, and age spots, leaving your skin looking youthful and radiant. Restore your skin\'s natural glow and texture with regular use.\n                        </p>\n                    </div>\n                    <div>\n                        <h3 class=\"tp-product-details-desc-title\">Hydration and Nourishment</h3>\n                        <p>\n                            Our anti-aging serum is enriched with hydrating and nourishing ingredients that penetrate deep into the skin to replenish moisture and improve elasticity. Say goodbye to dry, dull skin and hello to a complexion that\'s supple, smooth, and rejuvenated.\n                        </p>\n                    </div>\n                </div>\n                <div class=\"col-lg-6\">\n                    <div class=\"tp-product-details-desc-thumb\">\n                        <img src=\"/storage/beauty/products/product-1.png\" alt=\"Anti-Aging Serum\">\n                    </div>\n                </div>\n            </div>\n        </div>\n        <div class=\"tp-product-details-desc-item pb-75\">\n            <div class=\"row\">\n                <div class=\"col-lg-7\">\n                    <div class=\"tp-product-details-desc-thumb\">\n                        <img src=\"/storage/beauty/products/product-2.png\" alt=\"Application of Anti-Aging Serum\">\n                    </div>\n                </div>\n\n                <div class=\"col-lg-5 order-first order-lg-last\">\n                    <div class=\"des-content-2 pl-40\">\n                        <h3 class=\"tp-product-details-desc-title\">\n                            Visible Results\n                        </h3>\n                        <p>\n                            Experience noticeable results with our anti-aging serum. Within weeks of use, you\'ll notice smoother, firmer skin with reduced signs of aging. Incorporate it into your daily skincare routine for long-lasting benefits and a complexion that defies time.\n                        </p>\n                    </div>\n                </div>\n            </div>\n        </div>\n        <div class=\"tp-product-details-desc-item\">\n            <div class=\"row\">\n                <div class=\"col-xl-12\">\n                    <div class=\"tp-product-details-desc-banner text-center m-img\">\n                        <h3 class=\"tp-product-details-desc-banner-title tp-product-details-desc-title\">Expertly Formulated</h3>\n                        <img src=\"/storage/beauty/products/product-3.png\" alt=\"Beauty Lab\">\n                    </div>\n                </div>\n            </div>\n        </div>\n    </div>\n</div>\n','published','[\"main\\/products\\/product-4.jpg\",\"main\\/products\\/product-details-desc-1.jpg\",\"main\\/products\\/product-9.jpg\"]','[[{\"key\":\"file\",\"value\":\"main\\/video\\/video-1.mp4\"},{\"key\":\"url\",\"value\":null},{\"key\":\"thumbnail\",\"value\":\"main\\/video\\/1.jpg\"}]]','DK-151-A1',0,12,0,1,'in_stock',0,2,0,0,1332,NULL,NULL,NULL,12,16,20,506,NULL,188498,'2025-03-31 21:07:58','2025-03-31 21:07:59',3,0,'Botble\\ACL\\Models\\User',0,NULL,'physical',NULL,NULL,0,0,0,0,2),(11,'Statement Chunky Necklace','Top off your look with this chic fedora hat, crafted with a classic silhouette and a timeless appeal. A must-have accessory for any fashion-forward wardrobe.','<div class=\"row justify-content-center\">\n    <div class=\"col-xl-10\">\n        <div class=\"tp-product-details-desc-item pb-105\">\n            <div class=\"row\">\n                <div class=\"col-lg-6\">\n                    <div class=\"pt-25\">\n                        <span>Anti-Aging Serum</span>\n                        <h3 class=\"tp-product-details-desc-title\">Revitalize Your Skin</h3>\n                        <p>\n                            Turn back the clock with our advanced anti-aging serum. Formulated with potent ingredients like hyaluronic acid and retinol, this serum targets fine lines, wrinkles, and age spots, leaving your skin looking youthful and radiant. Restore your skin\'s natural glow and texture with regular use.\n                        </p>\n                    </div>\n                    <div>\n                        <h3 class=\"tp-product-details-desc-title\">Hydration and Nourishment</h3>\n                        <p>\n                            Our anti-aging serum is enriched with hydrating and nourishing ingredients that penetrate deep into the skin to replenish moisture and improve elasticity. Say goodbye to dry, dull skin and hello to a complexion that\'s supple, smooth, and rejuvenated.\n                        </p>\n                    </div>\n                </div>\n                <div class=\"col-lg-6\">\n                    <div class=\"tp-product-details-desc-thumb\">\n                        <img src=\"/storage/beauty/products/product-1.png\" alt=\"Anti-Aging Serum\">\n                    </div>\n                </div>\n            </div>\n        </div>\n        <div class=\"tp-product-details-desc-item pb-75\">\n            <div class=\"row\">\n                <div class=\"col-lg-7\">\n                    <div class=\"tp-product-details-desc-thumb\">\n                        <img src=\"/storage/beauty/products/product-2.png\" alt=\"Application of Anti-Aging Serum\">\n                    </div>\n                </div>\n\n                <div class=\"col-lg-5 order-first order-lg-last\">\n                    <div class=\"des-content-2 pl-40\">\n                        <h3 class=\"tp-product-details-desc-title\">\n                            Visible Results\n                        </h3>\n                        <p>\n                            Experience noticeable results with our anti-aging serum. Within weeks of use, you\'ll notice smoother, firmer skin with reduced signs of aging. Incorporate it into your daily skincare routine for long-lasting benefits and a complexion that defies time.\n                        </p>\n                    </div>\n                </div>\n            </div>\n        </div>\n        <div class=\"tp-product-details-desc-item\">\n            <div class=\"row\">\n                <div class=\"col-xl-12\">\n                    <div class=\"tp-product-details-desc-banner text-center m-img\">\n                        <h3 class=\"tp-product-details-desc-banner-title tp-product-details-desc-title\">Expertly Formulated</h3>\n                        <img src=\"/storage/beauty/products/product-3.png\" alt=\"Beauty Lab\">\n                    </div>\n                </div>\n            </div>\n        </div>\n    </div>\n</div>\n','published','[\"main\\/products\\/product-8.jpg\",\"main\\/products\\/product-12.jpg\",\"main\\/products\\/product-17.jpg\",\"main\\/products\\/product-18.jpg\"]','[[{\"key\":\"file\",\"value\":\"main\\/video\\/video-1.mp4\"},{\"key\":\"url\",\"value\":null},{\"key\":\"thumbnail\",\"value\":\"main\\/video\\/1.jpg\"}]]','TU-135',0,17,0,1,'in_stock',0,3,0,0,1112,660,NULL,NULL,20,14,19,507,NULL,125688,'2025-03-31 21:07:58','2025-03-31 21:07:59',3,0,'Botble\\ACL\\Models\\User',0,NULL,'physical',NULL,NULL,0,0,0,0,1),(12,'Chic Fedora Hat (Digital)','Step out in style with these leather ankle boots, crafted with a sleek design and comfortable block heel. Versatile enough to pair with both dresses and jeans.','<div class=\"row justify-content-center\">\n    <div class=\"col-xl-10\">\n        <div class=\"tp-product-details-desc-item pb-105\">\n            <div class=\"row\">\n                <div class=\"col-lg-6\">\n                    <div class=\"pt-25\">\n                        <span>Anti-Aging Serum</span>\n                        <h3 class=\"tp-product-details-desc-title\">Revitalize Your Skin</h3>\n                        <p>\n                            Turn back the clock with our advanced anti-aging serum. Formulated with potent ingredients like hyaluronic acid and retinol, this serum targets fine lines, wrinkles, and age spots, leaving your skin looking youthful and radiant. Restore your skin\'s natural glow and texture with regular use.\n                        </p>\n                    </div>\n                    <div>\n                        <h3 class=\"tp-product-details-desc-title\">Hydration and Nourishment</h3>\n                        <p>\n                            Our anti-aging serum is enriched with hydrating and nourishing ingredients that penetrate deep into the skin to replenish moisture and improve elasticity. Say goodbye to dry, dull skin and hello to a complexion that\'s supple, smooth, and rejuvenated.\n                        </p>\n                    </div>\n                </div>\n                <div class=\"col-lg-6\">\n                    <div class=\"tp-product-details-desc-thumb\">\n                        <img src=\"/storage/beauty/products/product-1.png\" alt=\"Anti-Aging Serum\">\n                    </div>\n                </div>\n            </div>\n        </div>\n        <div class=\"tp-product-details-desc-item pb-75\">\n            <div class=\"row\">\n                <div class=\"col-lg-7\">\n                    <div class=\"tp-product-details-desc-thumb\">\n                        <img src=\"/storage/beauty/products/product-2.png\" alt=\"Application of Anti-Aging Serum\">\n                    </div>\n                </div>\n\n                <div class=\"col-lg-5 order-first order-lg-last\">\n                    <div class=\"des-content-2 pl-40\">\n                        <h3 class=\"tp-product-details-desc-title\">\n                            Visible Results\n                        </h3>\n                        <p>\n                            Experience noticeable results with our anti-aging serum. Within weeks of use, you\'ll notice smoother, firmer skin with reduced signs of aging. Incorporate it into your daily skincare routine for long-lasting benefits and a complexion that defies time.\n                        </p>\n                    </div>\n                </div>\n            </div>\n        </div>\n        <div class=\"tp-product-details-desc-item\">\n            <div class=\"row\">\n                <div class=\"col-xl-12\">\n                    <div class=\"tp-product-details-desc-banner text-center m-img\">\n                        <h3 class=\"tp-product-details-desc-banner-title tp-product-details-desc-title\">Expertly Formulated</h3>\n                        <img src=\"/storage/beauty/products/product-3.png\" alt=\"Beauty Lab\">\n                    </div>\n                </div>\n            </div>\n        </div>\n    </div>\n</div>\n','published','[\"main\\/products\\/product-details-desc-3.jpg\",\"main\\/products\\/product-2.jpg\",\"main\\/products\\/product-8.jpg\",\"main\\/products\\/product-6.jpg\"]','[[{\"key\":\"file\",\"value\":null},{\"key\":\"url\",\"value\":\"https:\\/\\/www.youtube.com\\/watch?v=6JYIGclVQdw\"},{\"key\":\"thumbnail\",\"value\":\"main\\/video\\/1.jpg\"}]]','AP-138-A1',0,17,0,1,'in_stock',1,2,0,0,669,568.65,NULL,NULL,12,14,12,847,NULL,15331,'2025-03-31 21:07:58','2025-03-31 21:07:59',5,0,'Botble\\ACL\\Models\\User',0,NULL,'digital',NULL,NULL,0,0,0,0,2),(13,'Strappy Block Heel Sandals','Accessorize with this bohemian fringe handbag, featuring intricate details and enough space for your essentials. The perfect boho-chic addition to your collection.','<div class=\"row justify-content-center\">\n    <div class=\"col-xl-10\">\n        <div class=\"tp-product-details-desc-item pb-105\">\n            <div class=\"row\">\n                <div class=\"col-lg-6\">\n                    <div class=\"pt-25\">\n                        <span>Anti-Aging Serum</span>\n                        <h3 class=\"tp-product-details-desc-title\">Revitalize Your Skin</h3>\n                        <p>\n                            Turn back the clock with our advanced anti-aging serum. Formulated with potent ingredients like hyaluronic acid and retinol, this serum targets fine lines, wrinkles, and age spots, leaving your skin looking youthful and radiant. Restore your skin\'s natural glow and texture with regular use.\n                        </p>\n                    </div>\n                    <div>\n                        <h3 class=\"tp-product-details-desc-title\">Hydration and Nourishment</h3>\n                        <p>\n                            Our anti-aging serum is enriched with hydrating and nourishing ingredients that penetrate deep into the skin to replenish moisture and improve elasticity. Say goodbye to dry, dull skin and hello to a complexion that\'s supple, smooth, and rejuvenated.\n                        </p>\n                    </div>\n                </div>\n                <div class=\"col-lg-6\">\n                    <div class=\"tp-product-details-desc-thumb\">\n                        <img src=\"/storage/beauty/products/product-1.png\" alt=\"Anti-Aging Serum\">\n                    </div>\n                </div>\n            </div>\n        </div>\n        <div class=\"tp-product-details-desc-item pb-75\">\n            <div class=\"row\">\n                <div class=\"col-lg-7\">\n                    <div class=\"tp-product-details-desc-thumb\">\n                        <img src=\"/storage/beauty/products/product-2.png\" alt=\"Application of Anti-Aging Serum\">\n                    </div>\n                </div>\n\n                <div class=\"col-lg-5 order-first order-lg-last\">\n                    <div class=\"des-content-2 pl-40\">\n                        <h3 class=\"tp-product-details-desc-title\">\n                            Visible Results\n                        </h3>\n                        <p>\n                            Experience noticeable results with our anti-aging serum. Within weeks of use, you\'ll notice smoother, firmer skin with reduced signs of aging. Incorporate it into your daily skincare routine for long-lasting benefits and a complexion that defies time.\n                        </p>\n                    </div>\n                </div>\n            </div>\n        </div>\n        <div class=\"tp-product-details-desc-item\">\n            <div class=\"row\">\n                <div class=\"col-xl-12\">\n                    <div class=\"tp-product-details-desc-banner text-center m-img\">\n                        <h3 class=\"tp-product-details-desc-banner-title tp-product-details-desc-title\">Expertly Formulated</h3>\n                        <img src=\"/storage/beauty/products/product-3.png\" alt=\"Beauty Lab\">\n                    </div>\n                </div>\n            </div>\n        </div>\n    </div>\n</div>\n','published','[\"main\\/products\\/product-details-desc-2.jpg\",\"main\\/products\\/product-16.jpg\",\"main\\/products\\/product-17.jpg\",\"main\\/products\\/product-13.jpg\",\"main\\/products\\/product-5.jpg\",\"main\\/products\\/product-6.jpg\",\"main\\/products\\/product-2.jpg\",\"main\\/products\\/product-details-desc-3.jpg\"]','[[{\"key\":\"file\",\"value\":\"main\\/video\\/video-2.mp4\"},{\"key\":\"url\",\"value\":null},{\"key\":\"thumbnail\",\"value\":\"main\\/video\\/2.jpg\"}]]','US-149',0,16,0,1,'in_stock',1,2,0,0,1447,244,NULL,NULL,16,15,14,661,NULL,11967,'2025-03-31 21:07:58','2025-03-31 21:07:59',4,0,'Botble\\ACL\\Models\\User',0,NULL,'physical',NULL,NULL,0,0,0,0,2),(14,'Velvet Evening Gown','Stay on trend with these high-waisted wide-leg trousers, combining comfort and sophistication. Pair them with heels for a refined look.','<div class=\"row justify-content-center\">\n    <div class=\"col-xl-10\">\n        <div class=\"tp-product-details-desc-item pb-105\">\n            <div class=\"row\">\n                <div class=\"col-lg-6\">\n                    <div class=\"pt-25\">\n                        <span>Anti-Aging Serum</span>\n                        <h3 class=\"tp-product-details-desc-title\">Revitalize Your Skin</h3>\n                        <p>\n                            Turn back the clock with our advanced anti-aging serum. Formulated with potent ingredients like hyaluronic acid and retinol, this serum targets fine lines, wrinkles, and age spots, leaving your skin looking youthful and radiant. Restore your skin\'s natural glow and texture with regular use.\n                        </p>\n                    </div>\n                    <div>\n                        <h3 class=\"tp-product-details-desc-title\">Hydration and Nourishment</h3>\n                        <p>\n                            Our anti-aging serum is enriched with hydrating and nourishing ingredients that penetrate deep into the skin to replenish moisture and improve elasticity. Say goodbye to dry, dull skin and hello to a complexion that\'s supple, smooth, and rejuvenated.\n                        </p>\n                    </div>\n                </div>\n                <div class=\"col-lg-6\">\n                    <div class=\"tp-product-details-desc-thumb\">\n                        <img src=\"/storage/beauty/products/product-1.png\" alt=\"Anti-Aging Serum\">\n                    </div>\n                </div>\n            </div>\n        </div>\n        <div class=\"tp-product-details-desc-item pb-75\">\n            <div class=\"row\">\n                <div class=\"col-lg-7\">\n                    <div class=\"tp-product-details-desc-thumb\">\n                        <img src=\"/storage/beauty/products/product-2.png\" alt=\"Application of Anti-Aging Serum\">\n                    </div>\n                </div>\n\n                <div class=\"col-lg-5 order-first order-lg-last\">\n                    <div class=\"des-content-2 pl-40\">\n                        <h3 class=\"tp-product-details-desc-title\">\n                            Visible Results\n                        </h3>\n                        <p>\n                            Experience noticeable results with our anti-aging serum. Within weeks of use, you\'ll notice smoother, firmer skin with reduced signs of aging. Incorporate it into your daily skincare routine for long-lasting benefits and a complexion that defies time.\n                        </p>\n                    </div>\n                </div>\n            </div>\n        </div>\n        <div class=\"tp-product-details-desc-item\">\n            <div class=\"row\">\n                <div class=\"col-xl-12\">\n                    <div class=\"tp-product-details-desc-banner text-center m-img\">\n                        <h3 class=\"tp-product-details-desc-banner-title tp-product-details-desc-title\">Expertly Formulated</h3>\n                        <img src=\"/storage/beauty/products/product-3.png\" alt=\"Beauty Lab\">\n                    </div>\n                </div>\n            </div>\n        </div>\n    </div>\n</div>\n','published','[\"main\\/products\\/product-1.jpg\",\"main\\/products\\/product-18.jpg\",\"main\\/products\\/product-17.jpg\"]','[]','40-194-A1',0,13,0,1,'in_stock',1,2,0,0,535,NULL,NULL,NULL,16,12,15,894,NULL,158034,'2025-03-31 21:07:58','2025-03-31 21:07:59',4,0,'Botble\\ACL\\Models\\User',0,NULL,'physical',NULL,NULL,0,0,0,0,1),(15,'Quilted Crossbody Bag','Stay on trend with these high-waisted wide-leg trousers, combining comfort and sophistication. Pair them with heels for a refined look.','<div class=\"row justify-content-center\">\n    <div class=\"col-xl-10\">\n        <div class=\"tp-product-details-desc-item pb-105\">\n            <div class=\"row\">\n                <div class=\"col-lg-6\">\n                    <div class=\"pt-25\">\n                        <span>Anti-Aging Serum</span>\n                        <h3 class=\"tp-product-details-desc-title\">Revitalize Your Skin</h3>\n                        <p>\n                            Turn back the clock with our advanced anti-aging serum. Formulated with potent ingredients like hyaluronic acid and retinol, this serum targets fine lines, wrinkles, and age spots, leaving your skin looking youthful and radiant. Restore your skin\'s natural glow and texture with regular use.\n                        </p>\n                    </div>\n                    <div>\n                        <h3 class=\"tp-product-details-desc-title\">Hydration and Nourishment</h3>\n                        <p>\n                            Our anti-aging serum is enriched with hydrating and nourishing ingredients that penetrate deep into the skin to replenish moisture and improve elasticity. Say goodbye to dry, dull skin and hello to a complexion that\'s supple, smooth, and rejuvenated.\n                        </p>\n                    </div>\n                </div>\n                <div class=\"col-lg-6\">\n                    <div class=\"tp-product-details-desc-thumb\">\n                        <img src=\"/storage/beauty/products/product-1.png\" alt=\"Anti-Aging Serum\">\n                    </div>\n                </div>\n            </div>\n        </div>\n        <div class=\"tp-product-details-desc-item pb-75\">\n            <div class=\"row\">\n                <div class=\"col-lg-7\">\n                    <div class=\"tp-product-details-desc-thumb\">\n                        <img src=\"/storage/beauty/products/product-2.png\" alt=\"Application of Anti-Aging Serum\">\n                    </div>\n                </div>\n\n                <div class=\"col-lg-5 order-first order-lg-last\">\n                    <div class=\"des-content-2 pl-40\">\n                        <h3 class=\"tp-product-details-desc-title\">\n                            Visible Results\n                        </h3>\n                        <p>\n                            Experience noticeable results with our anti-aging serum. Within weeks of use, you\'ll notice smoother, firmer skin with reduced signs of aging. Incorporate it into your daily skincare routine for long-lasting benefits and a complexion that defies time.\n                        </p>\n                    </div>\n                </div>\n            </div>\n        </div>\n        <div class=\"tp-product-details-desc-item\">\n            <div class=\"row\">\n                <div class=\"col-xl-12\">\n                    <div class=\"tp-product-details-desc-banner text-center m-img\">\n                        <h3 class=\"tp-product-details-desc-banner-title tp-product-details-desc-title\">Expertly Formulated</h3>\n                        <img src=\"/storage/beauty/products/product-3.png\" alt=\"Beauty Lab\">\n                    </div>\n                </div>\n            </div>\n        </div>\n    </div>\n</div>\n','published','[\"main\\/products\\/product-8.jpg\",\"main\\/products\\/product-details-desc-1.jpg\",\"main\\/products\\/product-19.jpg\",\"main\\/products\\/product-11.jpg\"]','[]','K1-171-A1',0,16,0,1,'in_stock',0,2,0,0,1427,NULL,NULL,NULL,10,12,13,618,NULL,163913,'2025-03-31 21:07:58','2025-03-31 21:07:59',1,0,'Botble\\ACL\\Models\\User',0,NULL,'physical',NULL,NULL,0,0,0,0,1),(16,'Distressed Skinny Jeans (Digital)','Add a pop of color to your outfit with this silk scarf adorned with a geometric print. Wrap it around your neck or tie it to your handbag for a stylish touch.','<div class=\"row justify-content-center\">\n    <div class=\"col-xl-10\">\n        <div class=\"tp-product-details-desc-item pb-105\">\n            <div class=\"row\">\n                <div class=\"col-lg-6\">\n                    <div class=\"pt-25\">\n                        <span>Anti-Aging Serum</span>\n                        <h3 class=\"tp-product-details-desc-title\">Revitalize Your Skin</h3>\n                        <p>\n                            Turn back the clock with our advanced anti-aging serum. Formulated with potent ingredients like hyaluronic acid and retinol, this serum targets fine lines, wrinkles, and age spots, leaving your skin looking youthful and radiant. Restore your skin\'s natural glow and texture with regular use.\n                        </p>\n                    </div>\n                    <div>\n                        <h3 class=\"tp-product-details-desc-title\">Hydration and Nourishment</h3>\n                        <p>\n                            Our anti-aging serum is enriched with hydrating and nourishing ingredients that penetrate deep into the skin to replenish moisture and improve elasticity. Say goodbye to dry, dull skin and hello to a complexion that\'s supple, smooth, and rejuvenated.\n                        </p>\n                    </div>\n                </div>\n                <div class=\"col-lg-6\">\n                    <div class=\"tp-product-details-desc-thumb\">\n                        <img src=\"/storage/beauty/products/product-1.png\" alt=\"Anti-Aging Serum\">\n                    </div>\n                </div>\n            </div>\n        </div>\n        <div class=\"tp-product-details-desc-item pb-75\">\n            <div class=\"row\">\n                <div class=\"col-lg-7\">\n                    <div class=\"tp-product-details-desc-thumb\">\n                        <img src=\"/storage/beauty/products/product-2.png\" alt=\"Application of Anti-Aging Serum\">\n                    </div>\n                </div>\n\n                <div class=\"col-lg-5 order-first order-lg-last\">\n                    <div class=\"des-content-2 pl-40\">\n                        <h3 class=\"tp-product-details-desc-title\">\n                            Visible Results\n                        </h3>\n                        <p>\n                            Experience noticeable results with our anti-aging serum. Within weeks of use, you\'ll notice smoother, firmer skin with reduced signs of aging. Incorporate it into your daily skincare routine for long-lasting benefits and a complexion that defies time.\n                        </p>\n                    </div>\n                </div>\n            </div>\n        </div>\n        <div class=\"tp-product-details-desc-item\">\n            <div class=\"row\">\n                <div class=\"col-xl-12\">\n                    <div class=\"tp-product-details-desc-banner text-center m-img\">\n                        <h3 class=\"tp-product-details-desc-banner-title tp-product-details-desc-title\">Expertly Formulated</h3>\n                        <img src=\"/storage/beauty/products/product-3.png\" alt=\"Beauty Lab\">\n                    </div>\n                </div>\n            </div>\n        </div>\n    </div>\n</div>\n','published','[\"main\\/products\\/product-12.jpg\",\"main\\/products\\/product-9.jpg\",\"main\\/products\\/product-17.jpg\",\"main\\/products\\/product-15.jpg\"]','[]','G8-112',0,13,0,1,'in_stock',0,4,0,0,1867,929,NULL,NULL,17,14,13,734,NULL,188903,'2025-03-31 21:07:58','2025-03-31 21:07:59',5,0,'Botble\\ACL\\Models\\User',0,NULL,'digital',NULL,NULL,0,0,0,0,2),(17,'Lace-Up Combat Boots','Stay on trend with these high-waisted wide-leg trousers, combining comfort and sophistication. Pair them with heels for a refined look.','<div class=\"row justify-content-center\">\n    <div class=\"col-xl-10\">\n        <div class=\"tp-product-details-desc-item pb-105\">\n            <div class=\"row\">\n                <div class=\"col-lg-6\">\n                    <div class=\"pt-25\">\n                        <span>Anti-Aging Serum</span>\n                        <h3 class=\"tp-product-details-desc-title\">Revitalize Your Skin</h3>\n                        <p>\n                            Turn back the clock with our advanced anti-aging serum. Formulated with potent ingredients like hyaluronic acid and retinol, this serum targets fine lines, wrinkles, and age spots, leaving your skin looking youthful and radiant. Restore your skin\'s natural glow and texture with regular use.\n                        </p>\n                    </div>\n                    <div>\n                        <h3 class=\"tp-product-details-desc-title\">Hydration and Nourishment</h3>\n                        <p>\n                            Our anti-aging serum is enriched with hydrating and nourishing ingredients that penetrate deep into the skin to replenish moisture and improve elasticity. Say goodbye to dry, dull skin and hello to a complexion that\'s supple, smooth, and rejuvenated.\n                        </p>\n                    </div>\n                </div>\n                <div class=\"col-lg-6\">\n                    <div class=\"tp-product-details-desc-thumb\">\n                        <img src=\"/storage/beauty/products/product-1.png\" alt=\"Anti-Aging Serum\">\n                    </div>\n                </div>\n            </div>\n        </div>\n        <div class=\"tp-product-details-desc-item pb-75\">\n            <div class=\"row\">\n                <div class=\"col-lg-7\">\n                    <div class=\"tp-product-details-desc-thumb\">\n                        <img src=\"/storage/beauty/products/product-2.png\" alt=\"Application of Anti-Aging Serum\">\n                    </div>\n                </div>\n\n                <div class=\"col-lg-5 order-first order-lg-last\">\n                    <div class=\"des-content-2 pl-40\">\n                        <h3 class=\"tp-product-details-desc-title\">\n                            Visible Results\n                        </h3>\n                        <p>\n                            Experience noticeable results with our anti-aging serum. Within weeks of use, you\'ll notice smoother, firmer skin with reduced signs of aging. Incorporate it into your daily skincare routine for long-lasting benefits and a complexion that defies time.\n                        </p>\n                    </div>\n                </div>\n            </div>\n        </div>\n        <div class=\"tp-product-details-desc-item\">\n            <div class=\"row\">\n                <div class=\"col-xl-12\">\n                    <div class=\"tp-product-details-desc-banner text-center m-img\">\n                        <h3 class=\"tp-product-details-desc-banner-title tp-product-details-desc-title\">Expertly Formulated</h3>\n                        <img src=\"/storage/beauty/products/product-3.png\" alt=\"Beauty Lab\">\n                    </div>\n                </div>\n            </div>\n        </div>\n    </div>\n</div>\n','published','[\"main\\/products\\/product-7.jpg\",\"main\\/products\\/product-4.jpg\",\"main\\/products\\/product-20.jpg\",\"main\\/products\\/product-11.jpg\"]','[[{\"key\":\"file\",\"value\":\"main\\/video\\/video-1.mp4\"},{\"key\":\"url\",\"value\":null},{\"key\":\"thumbnail\",\"value\":\"main\\/video\\/1.jpg\"}]]','XR-146',0,19,0,1,'in_stock',1,5,0,0,1697,525,NULL,NULL,10,15,13,787,NULL,116202,'2025-03-31 21:07:58','2025-03-31 21:07:59',5,0,'Botble\\ACL\\Models\\User',0,NULL,'physical',NULL,NULL,0,0,0,0,2),(18,'Cotton Striped T-Shirt Dress','Elevate your street style with this vintage denim jacket, featuring distressed detailing and a relaxed fit for a laid-back vibe.','<div class=\"row justify-content-center\">\n    <div class=\"col-xl-10\">\n        <div class=\"tp-product-details-desc-item pb-105\">\n            <div class=\"row\">\n                <div class=\"col-lg-6\">\n                    <div class=\"pt-25\">\n                        <span>Anti-Aging Serum</span>\n                        <h3 class=\"tp-product-details-desc-title\">Revitalize Your Skin</h3>\n                        <p>\n                            Turn back the clock with our advanced anti-aging serum. Formulated with potent ingredients like hyaluronic acid and retinol, this serum targets fine lines, wrinkles, and age spots, leaving your skin looking youthful and radiant. Restore your skin\'s natural glow and texture with regular use.\n                        </p>\n                    </div>\n                    <div>\n                        <h3 class=\"tp-product-details-desc-title\">Hydration and Nourishment</h3>\n                        <p>\n                            Our anti-aging serum is enriched with hydrating and nourishing ingredients that penetrate deep into the skin to replenish moisture and improve elasticity. Say goodbye to dry, dull skin and hello to a complexion that\'s supple, smooth, and rejuvenated.\n                        </p>\n                    </div>\n                </div>\n                <div class=\"col-lg-6\">\n                    <div class=\"tp-product-details-desc-thumb\">\n                        <img src=\"/storage/beauty/products/product-1.png\" alt=\"Anti-Aging Serum\">\n                    </div>\n                </div>\n            </div>\n        </div>\n        <div class=\"tp-product-details-desc-item pb-75\">\n            <div class=\"row\">\n                <div class=\"col-lg-7\">\n                    <div class=\"tp-product-details-desc-thumb\">\n                        <img src=\"/storage/beauty/products/product-2.png\" alt=\"Application of Anti-Aging Serum\">\n                    </div>\n                </div>\n\n                <div class=\"col-lg-5 order-first order-lg-last\">\n                    <div class=\"des-content-2 pl-40\">\n                        <h3 class=\"tp-product-details-desc-title\">\n                            Visible Results\n                        </h3>\n                        <p>\n                            Experience noticeable results with our anti-aging serum. Within weeks of use, you\'ll notice smoother, firmer skin with reduced signs of aging. Incorporate it into your daily skincare routine for long-lasting benefits and a complexion that defies time.\n                        </p>\n                    </div>\n                </div>\n            </div>\n        </div>\n        <div class=\"tp-product-details-desc-item\">\n            <div class=\"row\">\n                <div class=\"col-xl-12\">\n                    <div class=\"tp-product-details-desc-banner text-center m-img\">\n                        <h3 class=\"tp-product-details-desc-banner-title tp-product-details-desc-title\">Expertly Formulated</h3>\n                        <img src=\"/storage/beauty/products/product-3.png\" alt=\"Beauty Lab\">\n                    </div>\n                </div>\n            </div>\n        </div>\n    </div>\n</div>\n','published','[\"main\\/products\\/product-15.jpg\",\"main\\/products\\/product-13.jpg\",\"main\\/products\\/product-5.jpg\"]','[[{\"key\":\"file\",\"value\":\"main\\/video\\/video-1.mp4\"},{\"key\":\"url\",\"value\":null},{\"key\":\"thumbnail\",\"value\":\"main\\/video\\/1.jpg\"}]]','ML-156-A1',0,10,0,1,'in_stock',1,4,0,0,806,NULL,NULL,NULL,11,11,14,851,NULL,10032,'2025-03-31 21:07:58','2025-03-31 21:07:59',4,0,'Botble\\ACL\\Models\\User',0,NULL,'physical',NULL,NULL,0,0,0,0,2),(19,'Printed Palazzo Pants','Add a pop of color to your outfit with this silk scarf adorned with a geometric print. Wrap it around your neck or tie it to your handbag for a stylish touch.','<div class=\"row justify-content-center\">\n    <div class=\"col-xl-10\">\n        <div class=\"tp-product-details-desc-item pb-105\">\n            <div class=\"row\">\n                <div class=\"col-lg-6\">\n                    <div class=\"pt-25\">\n                        <span>Anti-Aging Serum</span>\n                        <h3 class=\"tp-product-details-desc-title\">Revitalize Your Skin</h3>\n                        <p>\n                            Turn back the clock with our advanced anti-aging serum. Formulated with potent ingredients like hyaluronic acid and retinol, this serum targets fine lines, wrinkles, and age spots, leaving your skin looking youthful and radiant. Restore your skin\'s natural glow and texture with regular use.\n                        </p>\n                    </div>\n                    <div>\n                        <h3 class=\"tp-product-details-desc-title\">Hydration and Nourishment</h3>\n                        <p>\n                            Our anti-aging serum is enriched with hydrating and nourishing ingredients that penetrate deep into the skin to replenish moisture and improve elasticity. Say goodbye to dry, dull skin and hello to a complexion that\'s supple, smooth, and rejuvenated.\n                        </p>\n                    </div>\n                </div>\n                <div class=\"col-lg-6\">\n                    <div class=\"tp-product-details-desc-thumb\">\n                        <img src=\"/storage/beauty/products/product-1.png\" alt=\"Anti-Aging Serum\">\n                    </div>\n                </div>\n            </div>\n        </div>\n        <div class=\"tp-product-details-desc-item pb-75\">\n            <div class=\"row\">\n                <div class=\"col-lg-7\">\n                    <div class=\"tp-product-details-desc-thumb\">\n                        <img src=\"/storage/beauty/products/product-2.png\" alt=\"Application of Anti-Aging Serum\">\n                    </div>\n                </div>\n\n                <div class=\"col-lg-5 order-first order-lg-last\">\n                    <div class=\"des-content-2 pl-40\">\n                        <h3 class=\"tp-product-details-desc-title\">\n                            Visible Results\n                        </h3>\n                        <p>\n                            Experience noticeable results with our anti-aging serum. Within weeks of use, you\'ll notice smoother, firmer skin with reduced signs of aging. Incorporate it into your daily skincare routine for long-lasting benefits and a complexion that defies time.\n                        </p>\n                    </div>\n                </div>\n            </div>\n        </div>\n        <div class=\"tp-product-details-desc-item\">\n            <div class=\"row\">\n                <div class=\"col-xl-12\">\n                    <div class=\"tp-product-details-desc-banner text-center m-img\">\n                        <h3 class=\"tp-product-details-desc-banner-title tp-product-details-desc-title\">Expertly Formulated</h3>\n                        <img src=\"/storage/beauty/products/product-3.png\" alt=\"Beauty Lab\">\n                    </div>\n                </div>\n            </div>\n        </div>\n    </div>\n</div>\n','published','[\"main\\/products\\/product-details-desc-2.jpg\",\"main\\/products\\/product-16.jpg\",\"main\\/products\\/product-8.jpg\"]','[[{\"key\":\"file\",\"value\":null},{\"key\":\"url\",\"value\":\"https:\\/\\/www.youtube.com\\/watch?v=6JYIGclVQdw\"},{\"key\":\"thumbnail\",\"value\":\"main\\/video\\/2.jpg\"}]]','MF-166',0,10,0,1,'in_stock',1,3,0,0,1182,57,NULL,NULL,18,13,12,501,NULL,22818,'2025-03-31 21:07:58','2025-03-31 21:07:59',5,0,'Botble\\ACL\\Models\\User',0,NULL,'physical',NULL,NULL,0,0,0,0,1),(20,'Structured Satchel Bag (Digital)','Elevate your street style with this vintage denim jacket, featuring distressed detailing and a relaxed fit for a laid-back vibe.','<div class=\"row justify-content-center\">\n    <div class=\"col-xl-10\">\n        <div class=\"tp-product-details-desc-item pb-105\">\n            <div class=\"row\">\n                <div class=\"col-lg-6\">\n                    <div class=\"pt-25\">\n                        <span>Anti-Aging Serum</span>\n                        <h3 class=\"tp-product-details-desc-title\">Revitalize Your Skin</h3>\n                        <p>\n                            Turn back the clock with our advanced anti-aging serum. Formulated with potent ingredients like hyaluronic acid and retinol, this serum targets fine lines, wrinkles, and age spots, leaving your skin looking youthful and radiant. Restore your skin\'s natural glow and texture with regular use.\n                        </p>\n                    </div>\n                    <div>\n                        <h3 class=\"tp-product-details-desc-title\">Hydration and Nourishment</h3>\n                        <p>\n                            Our anti-aging serum is enriched with hydrating and nourishing ingredients that penetrate deep into the skin to replenish moisture and improve elasticity. Say goodbye to dry, dull skin and hello to a complexion that\'s supple, smooth, and rejuvenated.\n                        </p>\n                    </div>\n                </div>\n                <div class=\"col-lg-6\">\n                    <div class=\"tp-product-details-desc-thumb\">\n                        <img src=\"/storage/beauty/products/product-1.png\" alt=\"Anti-Aging Serum\">\n                    </div>\n                </div>\n            </div>\n        </div>\n        <div class=\"tp-product-details-desc-item pb-75\">\n            <div class=\"row\">\n                <div class=\"col-lg-7\">\n                    <div class=\"tp-product-details-desc-thumb\">\n                        <img src=\"/storage/beauty/products/product-2.png\" alt=\"Application of Anti-Aging Serum\">\n                    </div>\n                </div>\n\n                <div class=\"col-lg-5 order-first order-lg-last\">\n                    <div class=\"des-content-2 pl-40\">\n                        <h3 class=\"tp-product-details-desc-title\">\n                            Visible Results\n                        </h3>\n                        <p>\n                            Experience noticeable results with our anti-aging serum. Within weeks of use, you\'ll notice smoother, firmer skin with reduced signs of aging. Incorporate it into your daily skincare routine for long-lasting benefits and a complexion that defies time.\n                        </p>\n                    </div>\n                </div>\n            </div>\n        </div>\n        <div class=\"tp-product-details-desc-item\">\n            <div class=\"row\">\n                <div class=\"col-xl-12\">\n                    <div class=\"tp-product-details-desc-banner text-center m-img\">\n                        <h3 class=\"tp-product-details-desc-banner-title tp-product-details-desc-title\">Expertly Formulated</h3>\n                        <img src=\"/storage/beauty/products/product-3.png\" alt=\"Beauty Lab\">\n                    </div>\n                </div>\n            </div>\n        </div>\n    </div>\n</div>\n','published','[\"main\\/products\\/product-15.jpg\",\"main\\/products\\/product-11.jpg\",\"main\\/products\\/product-3.jpg\",\"main\\/products\\/product-7.jpg\",\"main\\/products\\/product-5.jpg\",\"main\\/products\\/product-10.jpg\",\"main\\/products\\/product-18.jpg\"]','[[{\"key\":\"file\",\"value\":\"main\\/video\\/video-1.mp4\"},{\"key\":\"url\",\"value\":null},{\"key\":\"thumbnail\",\"value\":\"main\\/video\\/1.jpg\"}]]','5A-185-A1',0,11,0,1,'in_stock',0,4,0,0,1109,942.65,NULL,NULL,19,19,13,641,NULL,108539,'2025-03-31 21:07:58','2025-03-31 21:07:59',4,0,'Botble\\ACL\\Models\\User',0,NULL,'digital',NULL,NULL,0,0,0,0,1),(21,'Off-Shoulder Ruffle Top','Make a bold statement with this chunky necklace, designed to add a touch of glamour to any outfit. The perfect accessory for a night out.','<div class=\"row justify-content-center\">\n    <div class=\"col-xl-10\">\n        <div class=\"tp-product-details-desc-item pb-105\">\n            <div class=\"row\">\n                <div class=\"col-lg-6\">\n                    <div class=\"pt-25\">\n                        <span>Anti-Aging Serum</span>\n                        <h3 class=\"tp-product-details-desc-title\">Revitalize Your Skin</h3>\n                        <p>\n                            Turn back the clock with our advanced anti-aging serum. Formulated with potent ingredients like hyaluronic acid and retinol, this serum targets fine lines, wrinkles, and age spots, leaving your skin looking youthful and radiant. Restore your skin\'s natural glow and texture with regular use.\n                        </p>\n                    </div>\n                    <div>\n                        <h3 class=\"tp-product-details-desc-title\">Hydration and Nourishment</h3>\n                        <p>\n                            Our anti-aging serum is enriched with hydrating and nourishing ingredients that penetrate deep into the skin to replenish moisture and improve elasticity. Say goodbye to dry, dull skin and hello to a complexion that\'s supple, smooth, and rejuvenated.\n                        </p>\n                    </div>\n                </div>\n                <div class=\"col-lg-6\">\n                    <div class=\"tp-product-details-desc-thumb\">\n                        <img src=\"/storage/beauty/products/product-1.png\" alt=\"Anti-Aging Serum\">\n                    </div>\n                </div>\n            </div>\n        </div>\n        <div class=\"tp-product-details-desc-item pb-75\">\n            <div class=\"row\">\n                <div class=\"col-lg-7\">\n                    <div class=\"tp-product-details-desc-thumb\">\n                        <img src=\"/storage/beauty/products/product-2.png\" alt=\"Application of Anti-Aging Serum\">\n                    </div>\n                </div>\n\n                <div class=\"col-lg-5 order-first order-lg-last\">\n                    <div class=\"des-content-2 pl-40\">\n                        <h3 class=\"tp-product-details-desc-title\">\n                            Visible Results\n                        </h3>\n                        <p>\n                            Experience noticeable results with our anti-aging serum. Within weeks of use, you\'ll notice smoother, firmer skin with reduced signs of aging. Incorporate it into your daily skincare routine for long-lasting benefits and a complexion that defies time.\n                        </p>\n                    </div>\n                </div>\n            </div>\n        </div>\n        <div class=\"tp-product-details-desc-item\">\n            <div class=\"row\">\n                <div class=\"col-xl-12\">\n                    <div class=\"tp-product-details-desc-banner text-center m-img\">\n                        <h3 class=\"tp-product-details-desc-banner-title tp-product-details-desc-title\">Expertly Formulated</h3>\n                        <img src=\"/storage/beauty/products/product-3.png\" alt=\"Beauty Lab\">\n                    </div>\n                </div>\n            </div>\n        </div>\n    </div>\n</div>\n','published','[\"main\\/products\\/product-5.jpg\",\"main\\/products\\/product-10.jpg\",\"main\\/products\\/product-12.jpg\",\"main\\/products\\/product-9.jpg\",\"main\\/products\\/product-details-desc-3.jpg\",\"main\\/products\\/product-details-desc-1.jpg\",\"main\\/products\\/product-details-desc-2.jpg\",\"main\\/products\\/product-6.jpg\"]','[]','SW-184-A1',0,15,0,1,'in_stock',0,1,0,0,2381,NULL,NULL,NULL,12,12,16,517,NULL,81313,'2025-03-31 21:07:58','2025-03-31 21:07:59',1,0,'Botble\\ACL\\Models\\User',0,NULL,'physical',NULL,NULL,0,0,0,0,2),(22,'Suede Pointed-Toe Pumps','Stay on trend with these high-waisted wide-leg trousers, combining comfort and sophistication. Pair them with heels for a refined look.','<div class=\"row justify-content-center\">\n    <div class=\"col-xl-10\">\n        <div class=\"tp-product-details-desc-item pb-105\">\n            <div class=\"row\">\n                <div class=\"col-lg-6\">\n                    <div class=\"pt-25\">\n                        <span>Anti-Aging Serum</span>\n                        <h3 class=\"tp-product-details-desc-title\">Revitalize Your Skin</h3>\n                        <p>\n                            Turn back the clock with our advanced anti-aging serum. Formulated with potent ingredients like hyaluronic acid and retinol, this serum targets fine lines, wrinkles, and age spots, leaving your skin looking youthful and radiant. Restore your skin\'s natural glow and texture with regular use.\n                        </p>\n                    </div>\n                    <div>\n                        <h3 class=\"tp-product-details-desc-title\">Hydration and Nourishment</h3>\n                        <p>\n                            Our anti-aging serum is enriched with hydrating and nourishing ingredients that penetrate deep into the skin to replenish moisture and improve elasticity. Say goodbye to dry, dull skin and hello to a complexion that\'s supple, smooth, and rejuvenated.\n                        </p>\n                    </div>\n                </div>\n                <div class=\"col-lg-6\">\n                    <div class=\"tp-product-details-desc-thumb\">\n                        <img src=\"/storage/beauty/products/product-1.png\" alt=\"Anti-Aging Serum\">\n                    </div>\n                </div>\n            </div>\n        </div>\n        <div class=\"tp-product-details-desc-item pb-75\">\n            <div class=\"row\">\n                <div class=\"col-lg-7\">\n                    <div class=\"tp-product-details-desc-thumb\">\n                        <img src=\"/storage/beauty/products/product-2.png\" alt=\"Application of Anti-Aging Serum\">\n                    </div>\n                </div>\n\n                <div class=\"col-lg-5 order-first order-lg-last\">\n                    <div class=\"des-content-2 pl-40\">\n                        <h3 class=\"tp-product-details-desc-title\">\n                            Visible Results\n                        </h3>\n                        <p>\n                            Experience noticeable results with our anti-aging serum. Within weeks of use, you\'ll notice smoother, firmer skin with reduced signs of aging. Incorporate it into your daily skincare routine for long-lasting benefits and a complexion that defies time.\n                        </p>\n                    </div>\n                </div>\n            </div>\n        </div>\n        <div class=\"tp-product-details-desc-item\">\n            <div class=\"row\">\n                <div class=\"col-xl-12\">\n                    <div class=\"tp-product-details-desc-banner text-center m-img\">\n                        <h3 class=\"tp-product-details-desc-banner-title tp-product-details-desc-title\">Expertly Formulated</h3>\n                        <img src=\"/storage/beauty/products/product-3.png\" alt=\"Beauty Lab\">\n                    </div>\n                </div>\n            </div>\n        </div>\n    </div>\n</div>\n','published','[\"main\\/products\\/product-details-desc-3.jpg\",\"main\\/products\\/product-details-desc-2.jpg\",\"main\\/products\\/product-20.jpg\",\"main\\/products\\/product-1.jpg\",\"main\\/products\\/product-14.jpg\",\"main\\/products\\/product-19.jpg\",\"main\\/products\\/product-5.jpg\"]','[[{\"key\":\"file\",\"value\":null},{\"key\":\"url\",\"value\":\"https:\\/\\/www.youtube.com\\/watch?v=6JYIGclVQdw\"},{\"key\":\"thumbnail\",\"value\":\"main\\/video\\/1.jpg\"}]]','8X-132',0,15,0,1,'in_stock',1,3,0,0,961,877,NULL,NULL,19,17,10,650,NULL,17861,'2025-03-31 21:07:58','2025-03-31 21:07:59',4,0,'Botble\\ACL\\Models\\User',0,NULL,'physical',NULL,NULL,0,0,0,0,2),(23,'Cropped Cable Knit Sweater','Achieve a polished look with this tailored wool blazer, designed for a flattering fit and versatile enough for both work and casual outings.','<div class=\"row justify-content-center\">\n    <div class=\"col-xl-10\">\n        <div class=\"tp-product-details-desc-item pb-105\">\n            <div class=\"row\">\n                <div class=\"col-lg-6\">\n                    <div class=\"pt-25\">\n                        <span>Anti-Aging Serum</span>\n                        <h3 class=\"tp-product-details-desc-title\">Revitalize Your Skin</h3>\n                        <p>\n                            Turn back the clock with our advanced anti-aging serum. Formulated with potent ingredients like hyaluronic acid and retinol, this serum targets fine lines, wrinkles, and age spots, leaving your skin looking youthful and radiant. Restore your skin\'s natural glow and texture with regular use.\n                        </p>\n                    </div>\n                    <div>\n                        <h3 class=\"tp-product-details-desc-title\">Hydration and Nourishment</h3>\n                        <p>\n                            Our anti-aging serum is enriched with hydrating and nourishing ingredients that penetrate deep into the skin to replenish moisture and improve elasticity. Say goodbye to dry, dull skin and hello to a complexion that\'s supple, smooth, and rejuvenated.\n                        </p>\n                    </div>\n                </div>\n                <div class=\"col-lg-6\">\n                    <div class=\"tp-product-details-desc-thumb\">\n                        <img src=\"/storage/beauty/products/product-1.png\" alt=\"Anti-Aging Serum\">\n                    </div>\n                </div>\n            </div>\n        </div>\n        <div class=\"tp-product-details-desc-item pb-75\">\n            <div class=\"row\">\n                <div class=\"col-lg-7\">\n                    <div class=\"tp-product-details-desc-thumb\">\n                        <img src=\"/storage/beauty/products/product-2.png\" alt=\"Application of Anti-Aging Serum\">\n                    </div>\n                </div>\n\n                <div class=\"col-lg-5 order-first order-lg-last\">\n                    <div class=\"des-content-2 pl-40\">\n                        <h3 class=\"tp-product-details-desc-title\">\n                            Visible Results\n                        </h3>\n                        <p>\n                            Experience noticeable results with our anti-aging serum. Within weeks of use, you\'ll notice smoother, firmer skin with reduced signs of aging. Incorporate it into your daily skincare routine for long-lasting benefits and a complexion that defies time.\n                        </p>\n                    </div>\n                </div>\n            </div>\n        </div>\n        <div class=\"tp-product-details-desc-item\">\n            <div class=\"row\">\n                <div class=\"col-xl-12\">\n                    <div class=\"tp-product-details-desc-banner text-center m-img\">\n                        <h3 class=\"tp-product-details-desc-banner-title tp-product-details-desc-title\">Expertly Formulated</h3>\n                        <img src=\"/storage/beauty/products/product-3.png\" alt=\"Beauty Lab\">\n                    </div>\n                </div>\n            </div>\n        </div>\n    </div>\n</div>\n','published','[\"main\\/products\\/product-6.jpg\",\"main\\/products\\/product-1.jpg\",\"main\\/products\\/product-20.jpg\",\"main\\/products\\/product-19.jpg\",\"main\\/products\\/product-17.jpg\",\"main\\/products\\/product-18.jpg\",\"main\\/products\\/product-11.jpg\",\"main\\/products\\/product-4.jpg\"]','[[{\"key\":\"file\",\"value\":null},{\"key\":\"url\",\"value\":\"https:\\/\\/www.youtube.com\\/watch?v=6JYIGclVQdw\"},{\"key\":\"thumbnail\",\"value\":\"main\\/video\\/2.jpg\"}]]','LM-185-A1',0,11,0,1,'in_stock',0,3,0,0,1506,NULL,NULL,NULL,14,15,11,900,NULL,145413,'2025-03-31 21:07:58','2025-03-31 21:07:59',8,0,'Botble\\ACL\\Models\\User',0,NULL,'physical',NULL,NULL,0,0,0,0,2),(24,'Athleisure Jogger Pants (Digital)','Stay on trend with these high-waisted wide-leg trousers, combining comfort and sophistication. Pair them with heels for a refined look.','<div class=\"row justify-content-center\">\n    <div class=\"col-xl-10\">\n        <div class=\"tp-product-details-desc-item pb-105\">\n            <div class=\"row\">\n                <div class=\"col-lg-6\">\n                    <div class=\"pt-25\">\n                        <span>Anti-Aging Serum</span>\n                        <h3 class=\"tp-product-details-desc-title\">Revitalize Your Skin</h3>\n                        <p>\n                            Turn back the clock with our advanced anti-aging serum. Formulated with potent ingredients like hyaluronic acid and retinol, this serum targets fine lines, wrinkles, and age spots, leaving your skin looking youthful and radiant. Restore your skin\'s natural glow and texture with regular use.\n                        </p>\n                    </div>\n                    <div>\n                        <h3 class=\"tp-product-details-desc-title\">Hydration and Nourishment</h3>\n                        <p>\n                            Our anti-aging serum is enriched with hydrating and nourishing ingredients that penetrate deep into the skin to replenish moisture and improve elasticity. Say goodbye to dry, dull skin and hello to a complexion that\'s supple, smooth, and rejuvenated.\n                        </p>\n                    </div>\n                </div>\n                <div class=\"col-lg-6\">\n                    <div class=\"tp-product-details-desc-thumb\">\n                        <img src=\"/storage/beauty/products/product-1.png\" alt=\"Anti-Aging Serum\">\n                    </div>\n                </div>\n            </div>\n        </div>\n        <div class=\"tp-product-details-desc-item pb-75\">\n            <div class=\"row\">\n                <div class=\"col-lg-7\">\n                    <div class=\"tp-product-details-desc-thumb\">\n                        <img src=\"/storage/beauty/products/product-2.png\" alt=\"Application of Anti-Aging Serum\">\n                    </div>\n                </div>\n\n                <div class=\"col-lg-5 order-first order-lg-last\">\n                    <div class=\"des-content-2 pl-40\">\n                        <h3 class=\"tp-product-details-desc-title\">\n                            Visible Results\n                        </h3>\n                        <p>\n                            Experience noticeable results with our anti-aging serum. Within weeks of use, you\'ll notice smoother, firmer skin with reduced signs of aging. Incorporate it into your daily skincare routine for long-lasting benefits and a complexion that defies time.\n                        </p>\n                    </div>\n                </div>\n            </div>\n        </div>\n        <div class=\"tp-product-details-desc-item\">\n            <div class=\"row\">\n                <div class=\"col-xl-12\">\n                    <div class=\"tp-product-details-desc-banner text-center m-img\">\n                        <h3 class=\"tp-product-details-desc-banner-title tp-product-details-desc-title\">Expertly Formulated</h3>\n                        <img src=\"/storage/beauty/products/product-3.png\" alt=\"Beauty Lab\">\n                    </div>\n                </div>\n            </div>\n        </div>\n    </div>\n</div>\n','published','[\"main\\/products\\/product-15.jpg\",\"main\\/products\\/product-1.jpg\",\"main\\/products\\/product-10.jpg\"]','[[{\"key\":\"file\",\"value\":null},{\"key\":\"url\",\"value\":\"https:\\/\\/www.youtube.com\\/watch?v=6JYIGclVQdw\"},{\"key\":\"thumbnail\",\"value\":\"main\\/video\\/1.jpg\"}]]','MG-161-A1',0,19,0,1,'in_stock',1,3,0,0,1030,896.1,NULL,NULL,16,11,19,735,NULL,170354,'2025-03-31 21:07:58','2025-03-31 21:07:59',1,0,'Botble\\ACL\\Models\\User',0,NULL,'digital',NULL,NULL,0,0,0,0,2),(25,'Leopard Print Midi Skirt','Step out in style with these leather ankle boots, crafted with a sleek design and comfortable block heel. Versatile enough to pair with both dresses and jeans.','<div class=\"row justify-content-center\">\n    <div class=\"col-xl-10\">\n        <div class=\"tp-product-details-desc-item pb-105\">\n            <div class=\"row\">\n                <div class=\"col-lg-6\">\n                    <div class=\"pt-25\">\n                        <span>Anti-Aging Serum</span>\n                        <h3 class=\"tp-product-details-desc-title\">Revitalize Your Skin</h3>\n                        <p>\n                            Turn back the clock with our advanced anti-aging serum. Formulated with potent ingredients like hyaluronic acid and retinol, this serum targets fine lines, wrinkles, and age spots, leaving your skin looking youthful and radiant. Restore your skin\'s natural glow and texture with regular use.\n                        </p>\n                    </div>\n                    <div>\n                        <h3 class=\"tp-product-details-desc-title\">Hydration and Nourishment</h3>\n                        <p>\n                            Our anti-aging serum is enriched with hydrating and nourishing ingredients that penetrate deep into the skin to replenish moisture and improve elasticity. Say goodbye to dry, dull skin and hello to a complexion that\'s supple, smooth, and rejuvenated.\n                        </p>\n                    </div>\n                </div>\n                <div class=\"col-lg-6\">\n                    <div class=\"tp-product-details-desc-thumb\">\n                        <img src=\"/storage/beauty/products/product-1.png\" alt=\"Anti-Aging Serum\">\n                    </div>\n                </div>\n            </div>\n        </div>\n        <div class=\"tp-product-details-desc-item pb-75\">\n            <div class=\"row\">\n                <div class=\"col-lg-7\">\n                    <div class=\"tp-product-details-desc-thumb\">\n                        <img src=\"/storage/beauty/products/product-2.png\" alt=\"Application of Anti-Aging Serum\">\n                    </div>\n                </div>\n\n                <div class=\"col-lg-5 order-first order-lg-last\">\n                    <div class=\"des-content-2 pl-40\">\n                        <h3 class=\"tp-product-details-desc-title\">\n                            Visible Results\n                        </h3>\n                        <p>\n                            Experience noticeable results with our anti-aging serum. Within weeks of use, you\'ll notice smoother, firmer skin with reduced signs of aging. Incorporate it into your daily skincare routine for long-lasting benefits and a complexion that defies time.\n                        </p>\n                    </div>\n                </div>\n            </div>\n        </div>\n        <div class=\"tp-product-details-desc-item\">\n            <div class=\"row\">\n                <div class=\"col-xl-12\">\n                    <div class=\"tp-product-details-desc-banner text-center m-img\">\n                        <h3 class=\"tp-product-details-desc-banner-title tp-product-details-desc-title\">Expertly Formulated</h3>\n                        <img src=\"/storage/beauty/products/product-3.png\" alt=\"Beauty Lab\">\n                    </div>\n                </div>\n            </div>\n        </div>\n    </div>\n</div>\n','published','[\"main\\/products\\/product-details-desc-3.jpg\",\"main\\/products\\/product-9.jpg\",\"main\\/products\\/product-15.jpg\",\"main\\/products\\/product-7.jpg\"]','[[{\"key\":\"file\",\"value\":null},{\"key\":\"url\",\"value\":\"https:\\/\\/www.youtube.com\\/watch?v=6JYIGclVQdw\"},{\"key\":\"thumbnail\",\"value\":\"main\\/video\\/1.jpg\"}]]','DN-179',0,10,0,1,'in_stock',1,3,0,0,940,6,NULL,NULL,20,16,13,678,NULL,155350,'2025-03-31 21:07:58','2025-03-31 21:07:59',7,0,'Botble\\ACL\\Models\\User',0,NULL,'physical',NULL,NULL,0,0,0,0,1),(26,'Retro Cat-Eye Sunglasses','Step out in style with these leather ankle boots, crafted with a sleek design and comfortable block heel. Versatile enough to pair with both dresses and jeans.','<div class=\"row justify-content-center\">\n    <div class=\"col-xl-10\">\n        <div class=\"tp-product-details-desc-item pb-105\">\n            <div class=\"row\">\n                <div class=\"col-lg-6\">\n                    <div class=\"pt-25\">\n                        <span>Anti-Aging Serum</span>\n                        <h3 class=\"tp-product-details-desc-title\">Revitalize Your Skin</h3>\n                        <p>\n                            Turn back the clock with our advanced anti-aging serum. Formulated with potent ingredients like hyaluronic acid and retinol, this serum targets fine lines, wrinkles, and age spots, leaving your skin looking youthful and radiant. Restore your skin\'s natural glow and texture with regular use.\n                        </p>\n                    </div>\n                    <div>\n                        <h3 class=\"tp-product-details-desc-title\">Hydration and Nourishment</h3>\n                        <p>\n                            Our anti-aging serum is enriched with hydrating and nourishing ingredients that penetrate deep into the skin to replenish moisture and improve elasticity. Say goodbye to dry, dull skin and hello to a complexion that\'s supple, smooth, and rejuvenated.\n                        </p>\n                    </div>\n                </div>\n                <div class=\"col-lg-6\">\n                    <div class=\"tp-product-details-desc-thumb\">\n                        <img src=\"/storage/beauty/products/product-1.png\" alt=\"Anti-Aging Serum\">\n                    </div>\n                </div>\n            </div>\n        </div>\n        <div class=\"tp-product-details-desc-item pb-75\">\n            <div class=\"row\">\n                <div class=\"col-lg-7\">\n                    <div class=\"tp-product-details-desc-thumb\">\n                        <img src=\"/storage/beauty/products/product-2.png\" alt=\"Application of Anti-Aging Serum\">\n                    </div>\n                </div>\n\n                <div class=\"col-lg-5 order-first order-lg-last\">\n                    <div class=\"des-content-2 pl-40\">\n                        <h3 class=\"tp-product-details-desc-title\">\n                            Visible Results\n                        </h3>\n                        <p>\n                            Experience noticeable results with our anti-aging serum. Within weeks of use, you\'ll notice smoother, firmer skin with reduced signs of aging. Incorporate it into your daily skincare routine for long-lasting benefits and a complexion that defies time.\n                        </p>\n                    </div>\n                </div>\n            </div>\n        </div>\n        <div class=\"tp-product-details-desc-item\">\n            <div class=\"row\">\n                <div class=\"col-xl-12\">\n                    <div class=\"tp-product-details-desc-banner text-center m-img\">\n                        <h3 class=\"tp-product-details-desc-banner-title tp-product-details-desc-title\">Expertly Formulated</h3>\n                        <img src=\"/storage/beauty/products/product-3.png\" alt=\"Beauty Lab\">\n                    </div>\n                </div>\n            </div>\n        </div>\n    </div>\n</div>\n','published','[\"main\\/products\\/product-details-desc-3.jpg\",\"main\\/products\\/product-12.jpg\",\"main\\/products\\/product-10.jpg\"]','[[{\"key\":\"file\",\"value\":null},{\"key\":\"url\",\"value\":\"https:\\/\\/www.youtube.com\\/watch?v=6JYIGclVQdw\"},{\"key\":\"thumbnail\",\"value\":\"main\\/video\\/1.jpg\"}]]','AC-136',0,15,0,1,'in_stock',0,5,0,0,1095,716,NULL,NULL,18,10,18,900,NULL,92614,'2025-03-31 21:07:58','2025-03-31 21:07:59',6,0,'Botble\\ACL\\Models\\User',0,NULL,'physical',NULL,NULL,0,0,0,0,1),(27,'Faux Fur Trimmed Coat','Accessorize with this bohemian fringe handbag, featuring intricate details and enough space for your essentials. The perfect boho-chic addition to your collection.','<div class=\"row justify-content-center\">\n    <div class=\"col-xl-10\">\n        <div class=\"tp-product-details-desc-item pb-105\">\n            <div class=\"row\">\n                <div class=\"col-lg-6\">\n                    <div class=\"pt-25\">\n                        <span>Anti-Aging Serum</span>\n                        <h3 class=\"tp-product-details-desc-title\">Revitalize Your Skin</h3>\n                        <p>\n                            Turn back the clock with our advanced anti-aging serum. Formulated with potent ingredients like hyaluronic acid and retinol, this serum targets fine lines, wrinkles, and age spots, leaving your skin looking youthful and radiant. Restore your skin\'s natural glow and texture with regular use.\n                        </p>\n                    </div>\n                    <div>\n                        <h3 class=\"tp-product-details-desc-title\">Hydration and Nourishment</h3>\n                        <p>\n                            Our anti-aging serum is enriched with hydrating and nourishing ingredients that penetrate deep into the skin to replenish moisture and improve elasticity. Say goodbye to dry, dull skin and hello to a complexion that\'s supple, smooth, and rejuvenated.\n                        </p>\n                    </div>\n                </div>\n                <div class=\"col-lg-6\">\n                    <div class=\"tp-product-details-desc-thumb\">\n                        <img src=\"/storage/beauty/products/product-1.png\" alt=\"Anti-Aging Serum\">\n                    </div>\n                </div>\n            </div>\n        </div>\n        <div class=\"tp-product-details-desc-item pb-75\">\n            <div class=\"row\">\n                <div class=\"col-lg-7\">\n                    <div class=\"tp-product-details-desc-thumb\">\n                        <img src=\"/storage/beauty/products/product-2.png\" alt=\"Application of Anti-Aging Serum\">\n                    </div>\n                </div>\n\n                <div class=\"col-lg-5 order-first order-lg-last\">\n                    <div class=\"des-content-2 pl-40\">\n                        <h3 class=\"tp-product-details-desc-title\">\n                            Visible Results\n                        </h3>\n                        <p>\n                            Experience noticeable results with our anti-aging serum. Within weeks of use, you\'ll notice smoother, firmer skin with reduced signs of aging. Incorporate it into your daily skincare routine for long-lasting benefits and a complexion that defies time.\n                        </p>\n                    </div>\n                </div>\n            </div>\n        </div>\n        <div class=\"tp-product-details-desc-item\">\n            <div class=\"row\">\n                <div class=\"col-xl-12\">\n                    <div class=\"tp-product-details-desc-banner text-center m-img\">\n                        <h3 class=\"tp-product-details-desc-banner-title tp-product-details-desc-title\">Expertly Formulated</h3>\n                        <img src=\"/storage/beauty/products/product-3.png\" alt=\"Beauty Lab\">\n                    </div>\n                </div>\n            </div>\n        </div>\n    </div>\n</div>\n','published','[\"main\\/products\\/product-14.jpg\",\"main\\/products\\/product-18.jpg\",\"main\\/products\\/product-11.jpg\",\"main\\/products\\/product-4.jpg\",\"main\\/products\\/product-1.jpg\",\"main\\/products\\/product-13.jpg\",\"main\\/products\\/product-7.jpg\"]','[[{\"key\":\"file\",\"value\":null},{\"key\":\"url\",\"value\":\"https:\\/\\/www.youtube.com\\/watch?v=6JYIGclVQdw\"},{\"key\":\"thumbnail\",\"value\":\"main\\/video\\/1.jpg\"}]]','UJ-144-A1',0,19,0,1,'in_stock',0,3,0,0,1284,NULL,NULL,NULL,18,20,11,866,NULL,186495,'2025-03-31 21:07:58','2025-03-31 21:07:59',2,0,'Botble\\ACL\\Models\\User',0,NULL,'physical',NULL,NULL,0,0,0,0,1),(28,'Boho Fringed Kimono (Digital)','Add a pop of color to your outfit with this silk scarf adorned with a geometric print. Wrap it around your neck or tie it to your handbag for a stylish touch.','<div class=\"row justify-content-center\">\n    <div class=\"col-xl-10\">\n        <div class=\"tp-product-details-desc-item pb-105\">\n            <div class=\"row\">\n                <div class=\"col-lg-6\">\n                    <div class=\"pt-25\">\n                        <span>Anti-Aging Serum</span>\n                        <h3 class=\"tp-product-details-desc-title\">Revitalize Your Skin</h3>\n                        <p>\n                            Turn back the clock with our advanced anti-aging serum. Formulated with potent ingredients like hyaluronic acid and retinol, this serum targets fine lines, wrinkles, and age spots, leaving your skin looking youthful and radiant. Restore your skin\'s natural glow and texture with regular use.\n                        </p>\n                    </div>\n                    <div>\n                        <h3 class=\"tp-product-details-desc-title\">Hydration and Nourishment</h3>\n                        <p>\n                            Our anti-aging serum is enriched with hydrating and nourishing ingredients that penetrate deep into the skin to replenish moisture and improve elasticity. Say goodbye to dry, dull skin and hello to a complexion that\'s supple, smooth, and rejuvenated.\n                        </p>\n                    </div>\n                </div>\n                <div class=\"col-lg-6\">\n                    <div class=\"tp-product-details-desc-thumb\">\n                        <img src=\"/storage/beauty/products/product-1.png\" alt=\"Anti-Aging Serum\">\n                    </div>\n                </div>\n            </div>\n        </div>\n        <div class=\"tp-product-details-desc-item pb-75\">\n            <div class=\"row\">\n                <div class=\"col-lg-7\">\n                    <div class=\"tp-product-details-desc-thumb\">\n                        <img src=\"/storage/beauty/products/product-2.png\" alt=\"Application of Anti-Aging Serum\">\n                    </div>\n                </div>\n\n                <div class=\"col-lg-5 order-first order-lg-last\">\n                    <div class=\"des-content-2 pl-40\">\n                        <h3 class=\"tp-product-details-desc-title\">\n                            Visible Results\n                        </h3>\n                        <p>\n                            Experience noticeable results with our anti-aging serum. Within weeks of use, you\'ll notice smoother, firmer skin with reduced signs of aging. Incorporate it into your daily skincare routine for long-lasting benefits and a complexion that defies time.\n                        </p>\n                    </div>\n                </div>\n            </div>\n        </div>\n        <div class=\"tp-product-details-desc-item\">\n            <div class=\"row\">\n                <div class=\"col-xl-12\">\n                    <div class=\"tp-product-details-desc-banner text-center m-img\">\n                        <h3 class=\"tp-product-details-desc-banner-title tp-product-details-desc-title\">Expertly Formulated</h3>\n                        <img src=\"/storage/beauty/products/product-3.png\" alt=\"Beauty Lab\">\n                    </div>\n                </div>\n            </div>\n        </div>\n    </div>\n</div>\n','published','[\"main\\/products\\/product-details-desc-1.jpg\",\"main\\/products\\/product-18.jpg\",\"main\\/products\\/product-12.jpg\",\"main\\/products\\/product-details-desc-3.jpg\",\"main\\/products\\/product-16.jpg\",\"main\\/products\\/product-17.jpg\",\"main\\/products\\/product-6.jpg\",\"main\\/products\\/product-15.jpg\"]','[[{\"key\":\"file\",\"value\":null},{\"key\":\"url\",\"value\":\"https:\\/\\/www.youtube.com\\/watch?v=6JYIGclVQdw\"},{\"key\":\"thumbnail\",\"value\":\"main\\/video\\/1.jpg\"}]]','Q8-154-A1',0,12,0,1,'in_stock',1,5,0,0,1554,1243.2,NULL,NULL,11,17,10,880,NULL,140213,'2025-03-31 21:07:58','2025-03-31 21:08:00',5,0,'Botble\\ACL\\Models\\User',0,NULL,'digital',NULL,NULL,0,0,0,0,1),(29,'Ruffled Wrap Dress','Add a pop of color to your outfit with this silk scarf adorned with a geometric print. Wrap it around your neck or tie it to your handbag for a stylish touch.','<div class=\"row justify-content-center\">\n    <div class=\"col-xl-10\">\n        <div class=\"tp-product-details-desc-item pb-105\">\n            <div class=\"row\">\n                <div class=\"col-lg-6\">\n                    <div class=\"pt-25\">\n                        <span>Anti-Aging Serum</span>\n                        <h3 class=\"tp-product-details-desc-title\">Revitalize Your Skin</h3>\n                        <p>\n                            Turn back the clock with our advanced anti-aging serum. Formulated with potent ingredients like hyaluronic acid and retinol, this serum targets fine lines, wrinkles, and age spots, leaving your skin looking youthful and radiant. Restore your skin\'s natural glow and texture with regular use.\n                        </p>\n                    </div>\n                    <div>\n                        <h3 class=\"tp-product-details-desc-title\">Hydration and Nourishment</h3>\n                        <p>\n                            Our anti-aging serum is enriched with hydrating and nourishing ingredients that penetrate deep into the skin to replenish moisture and improve elasticity. Say goodbye to dry, dull skin and hello to a complexion that\'s supple, smooth, and rejuvenated.\n                        </p>\n                    </div>\n                </div>\n                <div class=\"col-lg-6\">\n                    <div class=\"tp-product-details-desc-thumb\">\n                        <img src=\"/storage/beauty/products/product-1.png\" alt=\"Anti-Aging Serum\">\n                    </div>\n                </div>\n            </div>\n        </div>\n        <div class=\"tp-product-details-desc-item pb-75\">\n            <div class=\"row\">\n                <div class=\"col-lg-7\">\n                    <div class=\"tp-product-details-desc-thumb\">\n                        <img src=\"/storage/beauty/products/product-2.png\" alt=\"Application of Anti-Aging Serum\">\n                    </div>\n                </div>\n\n                <div class=\"col-lg-5 order-first order-lg-last\">\n                    <div class=\"des-content-2 pl-40\">\n                        <h3 class=\"tp-product-details-desc-title\">\n                            Visible Results\n                        </h3>\n                        <p>\n                            Experience noticeable results with our anti-aging serum. Within weeks of use, you\'ll notice smoother, firmer skin with reduced signs of aging. Incorporate it into your daily skincare routine for long-lasting benefits and a complexion that defies time.\n                        </p>\n                    </div>\n                </div>\n            </div>\n        </div>\n        <div class=\"tp-product-details-desc-item\">\n            <div class=\"row\">\n                <div class=\"col-xl-12\">\n                    <div class=\"tp-product-details-desc-banner text-center m-img\">\n                        <h3 class=\"tp-product-details-desc-banner-title tp-product-details-desc-title\">Expertly Formulated</h3>\n                        <img src=\"/storage/beauty/products/product-3.png\" alt=\"Beauty Lab\">\n                    </div>\n                </div>\n            </div>\n        </div>\n    </div>\n</div>\n','published','[\"main\\/products\\/product-20.jpg\",\"main\\/products\\/product-details-desc-3.jpg\",\"main\\/products\\/product-details-desc-1.jpg\"]','[[{\"key\":\"file\",\"value\":null},{\"key\":\"url\",\"value\":\"https:\\/\\/www.youtube.com\\/watch?v=6JYIGclVQdw\"},{\"key\":\"thumbnail\",\"value\":\"main\\/video\\/2.jpg\"}]]','X2-169',0,19,0,1,'in_stock',1,2,0,0,260,104,NULL,NULL,17,14,16,677,NULL,29776,'2025-03-31 21:07:58','2025-03-31 21:08:00',6,0,'Botble\\ACL\\Models\\User',0,NULL,'physical',NULL,NULL,0,0,0,0,2),(30,'Beaded Evening Clutch','Accessorize with this bohemian fringe handbag, featuring intricate details and enough space for your essentials. The perfect boho-chic addition to your collection.','<div class=\"row justify-content-center\">\n    <div class=\"col-xl-10\">\n        <div class=\"tp-product-details-desc-item pb-105\">\n            <div class=\"row\">\n                <div class=\"col-lg-6\">\n                    <div class=\"pt-25\">\n                        <span>Anti-Aging Serum</span>\n                        <h3 class=\"tp-product-details-desc-title\">Revitalize Your Skin</h3>\n                        <p>\n                            Turn back the clock with our advanced anti-aging serum. Formulated with potent ingredients like hyaluronic acid and retinol, this serum targets fine lines, wrinkles, and age spots, leaving your skin looking youthful and radiant. Restore your skin\'s natural glow and texture with regular use.\n                        </p>\n                    </div>\n                    <div>\n                        <h3 class=\"tp-product-details-desc-title\">Hydration and Nourishment</h3>\n                        <p>\n                            Our anti-aging serum is enriched with hydrating and nourishing ingredients that penetrate deep into the skin to replenish moisture and improve elasticity. Say goodbye to dry, dull skin and hello to a complexion that\'s supple, smooth, and rejuvenated.\n                        </p>\n                    </div>\n                </div>\n                <div class=\"col-lg-6\">\n                    <div class=\"tp-product-details-desc-thumb\">\n                        <img src=\"/storage/beauty/products/product-1.png\" alt=\"Anti-Aging Serum\">\n                    </div>\n                </div>\n            </div>\n        </div>\n        <div class=\"tp-product-details-desc-item pb-75\">\n            <div class=\"row\">\n                <div class=\"col-lg-7\">\n                    <div class=\"tp-product-details-desc-thumb\">\n                        <img src=\"/storage/beauty/products/product-2.png\" alt=\"Application of Anti-Aging Serum\">\n                    </div>\n                </div>\n\n                <div class=\"col-lg-5 order-first order-lg-last\">\n                    <div class=\"des-content-2 pl-40\">\n                        <h3 class=\"tp-product-details-desc-title\">\n                            Visible Results\n                        </h3>\n                        <p>\n                            Experience noticeable results with our anti-aging serum. Within weeks of use, you\'ll notice smoother, firmer skin with reduced signs of aging. Incorporate it into your daily skincare routine for long-lasting benefits and a complexion that defies time.\n                        </p>\n                    </div>\n                </div>\n            </div>\n        </div>\n        <div class=\"tp-product-details-desc-item\">\n            <div class=\"row\">\n                <div class=\"col-xl-12\">\n                    <div class=\"tp-product-details-desc-banner text-center m-img\">\n                        <h3 class=\"tp-product-details-desc-banner-title tp-product-details-desc-title\">Expertly Formulated</h3>\n                        <img src=\"/storage/beauty/products/product-3.png\" alt=\"Beauty Lab\">\n                    </div>\n                </div>\n            </div>\n        </div>\n    </div>\n</div>\n','published','[\"main\\/products\\/product-5.jpg\",\"main\\/products\\/product-details-desc-2.jpg\",\"main\\/products\\/product-7.jpg\",\"main\\/products\\/product-20.jpg\",\"main\\/products\\/product-15.jpg\",\"main\\/products\\/product-9.jpg\",\"main\\/products\\/product-11.jpg\",\"main\\/products\\/product-12.jpg\"]','[[{\"key\":\"file\",\"value\":\"main\\/video\\/video-1.mp4\"},{\"key\":\"url\",\"value\":null},{\"key\":\"thumbnail\",\"value\":\"main\\/video\\/1.jpg\"}]]','9L-129-A1',0,20,0,1,'in_stock',1,3,0,0,259,NULL,NULL,NULL,20,11,10,704,NULL,52138,'2025-03-31 21:07:58','2025-03-31 21:08:00',6,0,'Botble\\ACL\\Models\\User',0,NULL,'physical',NULL,NULL,0,0,0,0,2),(31,'Wide Brim Floppy Hat','Embrace bohemian vibes with this embroidered boho blouse, featuring intricate stitching and a relaxed fit. Perfect for a casual day with a touch of style.','<div class=\"row justify-content-center\">\n    <div class=\"col-xl-10\">\n        <div class=\"tp-product-details-desc-item pb-105\">\n            <div class=\"row\">\n                <div class=\"col-lg-6\">\n                    <div class=\"pt-25\">\n                        <span>Anti-Aging Serum</span>\n                        <h3 class=\"tp-product-details-desc-title\">Revitalize Your Skin</h3>\n                        <p>\n                            Turn back the clock with our advanced anti-aging serum. Formulated with potent ingredients like hyaluronic acid and retinol, this serum targets fine lines, wrinkles, and age spots, leaving your skin looking youthful and radiant. Restore your skin\'s natural glow and texture with regular use.\n                        </p>\n                    </div>\n                    <div>\n                        <h3 class=\"tp-product-details-desc-title\">Hydration and Nourishment</h3>\n                        <p>\n                            Our anti-aging serum is enriched with hydrating and nourishing ingredients that penetrate deep into the skin to replenish moisture and improve elasticity. Say goodbye to dry, dull skin and hello to a complexion that\'s supple, smooth, and rejuvenated.\n                        </p>\n                    </div>\n                </div>\n                <div class=\"col-lg-6\">\n                    <div class=\"tp-product-details-desc-thumb\">\n                        <img src=\"/storage/beauty/products/product-1.png\" alt=\"Anti-Aging Serum\">\n                    </div>\n                </div>\n            </div>\n        </div>\n        <div class=\"tp-product-details-desc-item pb-75\">\n            <div class=\"row\">\n                <div class=\"col-lg-7\">\n                    <div class=\"tp-product-details-desc-thumb\">\n                        <img src=\"/storage/beauty/products/product-2.png\" alt=\"Application of Anti-Aging Serum\">\n                    </div>\n                </div>\n\n                <div class=\"col-lg-5 order-first order-lg-last\">\n                    <div class=\"des-content-2 pl-40\">\n                        <h3 class=\"tp-product-details-desc-title\">\n                            Visible Results\n                        </h3>\n                        <p>\n                            Experience noticeable results with our anti-aging serum. Within weeks of use, you\'ll notice smoother, firmer skin with reduced signs of aging. Incorporate it into your daily skincare routine for long-lasting benefits and a complexion that defies time.\n                        </p>\n                    </div>\n                </div>\n            </div>\n        </div>\n        <div class=\"tp-product-details-desc-item\">\n            <div class=\"row\">\n                <div class=\"col-xl-12\">\n                    <div class=\"tp-product-details-desc-banner text-center m-img\">\n                        <h3 class=\"tp-product-details-desc-banner-title tp-product-details-desc-title\">Expertly Formulated</h3>\n                        <img src=\"/storage/beauty/products/product-3.png\" alt=\"Beauty Lab\">\n                    </div>\n                </div>\n            </div>\n        </div>\n    </div>\n</div>\n','published','[\"main\\/products\\/product-6.jpg\",\"main\\/products\\/product-10.jpg\",\"main\\/products\\/product-8.jpg\",\"main\\/products\\/product-5.jpg\",\"main\\/products\\/product-11.jpg\",\"main\\/products\\/product-14.jpg\",\"main\\/products\\/product-12.jpg\"]','[[{\"key\":\"file\",\"value\":null},{\"key\":\"url\",\"value\":\"https:\\/\\/www.youtube.com\\/watch?v=6JYIGclVQdw\"},{\"key\":\"thumbnail\",\"value\":\"main\\/video\\/1.jpg\"}]]','8J-161',0,11,0,1,'in_stock',1,3,0,0,388,245,NULL,NULL,11,18,12,811,NULL,140571,'2025-03-31 21:07:59','2025-03-31 21:08:00',7,0,'Botble\\ACL\\Models\\User',0,NULL,'physical',NULL,NULL,0,0,0,0,2),(32,'Denim Overall Jumpsuit (Digital)','Stay cozy and chic in this knit turtleneck sweater, featuring a ribbed texture and a timeless design. Perfect for chilly days and nights.','<div class=\"row justify-content-center\">\n    <div class=\"col-xl-10\">\n        <div class=\"tp-product-details-desc-item pb-105\">\n            <div class=\"row\">\n                <div class=\"col-lg-6\">\n                    <div class=\"pt-25\">\n                        <span>Anti-Aging Serum</span>\n                        <h3 class=\"tp-product-details-desc-title\">Revitalize Your Skin</h3>\n                        <p>\n                            Turn back the clock with our advanced anti-aging serum. Formulated with potent ingredients like hyaluronic acid and retinol, this serum targets fine lines, wrinkles, and age spots, leaving your skin looking youthful and radiant. Restore your skin\'s natural glow and texture with regular use.\n                        </p>\n                    </div>\n                    <div>\n                        <h3 class=\"tp-product-details-desc-title\">Hydration and Nourishment</h3>\n                        <p>\n                            Our anti-aging serum is enriched with hydrating and nourishing ingredients that penetrate deep into the skin to replenish moisture and improve elasticity. Say goodbye to dry, dull skin and hello to a complexion that\'s supple, smooth, and rejuvenated.\n                        </p>\n                    </div>\n                </div>\n                <div class=\"col-lg-6\">\n                    <div class=\"tp-product-details-desc-thumb\">\n                        <img src=\"/storage/beauty/products/product-1.png\" alt=\"Anti-Aging Serum\">\n                    </div>\n                </div>\n            </div>\n        </div>\n        <div class=\"tp-product-details-desc-item pb-75\">\n            <div class=\"row\">\n                <div class=\"col-lg-7\">\n                    <div class=\"tp-product-details-desc-thumb\">\n                        <img src=\"/storage/beauty/products/product-2.png\" alt=\"Application of Anti-Aging Serum\">\n                    </div>\n                </div>\n\n                <div class=\"col-lg-5 order-first order-lg-last\">\n                    <div class=\"des-content-2 pl-40\">\n                        <h3 class=\"tp-product-details-desc-title\">\n                            Visible Results\n                        </h3>\n                        <p>\n                            Experience noticeable results with our anti-aging serum. Within weeks of use, you\'ll notice smoother, firmer skin with reduced signs of aging. Incorporate it into your daily skincare routine for long-lasting benefits and a complexion that defies time.\n                        </p>\n                    </div>\n                </div>\n            </div>\n        </div>\n        <div class=\"tp-product-details-desc-item\">\n            <div class=\"row\">\n                <div class=\"col-xl-12\">\n                    <div class=\"tp-product-details-desc-banner text-center m-img\">\n                        <h3 class=\"tp-product-details-desc-banner-title tp-product-details-desc-title\">Expertly Formulated</h3>\n                        <img src=\"/storage/beauty/products/product-3.png\" alt=\"Beauty Lab\">\n                    </div>\n                </div>\n            </div>\n        </div>\n    </div>\n</div>\n','published','[\"main\\/products\\/product-19.jpg\",\"main\\/products\\/product-details-desc-3.jpg\",\"main\\/products\\/product-11.jpg\"]','[[{\"key\":\"file\",\"value\":null},{\"key\":\"url\",\"value\":\"https:\\/\\/www.youtube.com\\/watch?v=6JYIGclVQdw\"},{\"key\":\"thumbnail\",\"value\":\"main\\/video\\/1.jpg\"}]]','I0-183-A1',0,19,0,1,'in_stock',1,2,0,0,1386,1247.4,NULL,NULL,11,20,14,859,NULL,192195,'2025-03-31 21:07:59','2025-03-31 21:08:00',8,0,'Botble\\ACL\\Models\\User',0,NULL,'digital',NULL,NULL,0,0,0,0,2),(33,'Embellished Ballet Flats','Make a bold statement with this chunky necklace, designed to add a touch of glamour to any outfit. The perfect accessory for a night out.','<div class=\"row justify-content-center\">\n    <div class=\"col-xl-10\">\n        <div class=\"tp-product-details-desc-item pb-105\">\n            <div class=\"row\">\n                <div class=\"col-lg-6\">\n                    <div class=\"pt-25\">\n                        <span>Anti-Aging Serum</span>\n                        <h3 class=\"tp-product-details-desc-title\">Revitalize Your Skin</h3>\n                        <p>\n                            Turn back the clock with our advanced anti-aging serum. Formulated with potent ingredients like hyaluronic acid and retinol, this serum targets fine lines, wrinkles, and age spots, leaving your skin looking youthful and radiant. Restore your skin\'s natural glow and texture with regular use.\n                        </p>\n                    </div>\n                    <div>\n                        <h3 class=\"tp-product-details-desc-title\">Hydration and Nourishment</h3>\n                        <p>\n                            Our anti-aging serum is enriched with hydrating and nourishing ingredients that penetrate deep into the skin to replenish moisture and improve elasticity. Say goodbye to dry, dull skin and hello to a complexion that\'s supple, smooth, and rejuvenated.\n                        </p>\n                    </div>\n                </div>\n                <div class=\"col-lg-6\">\n                    <div class=\"tp-product-details-desc-thumb\">\n                        <img src=\"/storage/beauty/products/product-1.png\" alt=\"Anti-Aging Serum\">\n                    </div>\n                </div>\n            </div>\n        </div>\n        <div class=\"tp-product-details-desc-item pb-75\">\n            <div class=\"row\">\n                <div class=\"col-lg-7\">\n                    <div class=\"tp-product-details-desc-thumb\">\n                        <img src=\"/storage/beauty/products/product-2.png\" alt=\"Application of Anti-Aging Serum\">\n                    </div>\n                </div>\n\n                <div class=\"col-lg-5 order-first order-lg-last\">\n                    <div class=\"des-content-2 pl-40\">\n                        <h3 class=\"tp-product-details-desc-title\">\n                            Visible Results\n                        </h3>\n                        <p>\n                            Experience noticeable results with our anti-aging serum. Within weeks of use, you\'ll notice smoother, firmer skin with reduced signs of aging. Incorporate it into your daily skincare routine for long-lasting benefits and a complexion that defies time.\n                        </p>\n                    </div>\n                </div>\n            </div>\n        </div>\n        <div class=\"tp-product-details-desc-item\">\n            <div class=\"row\">\n                <div class=\"col-xl-12\">\n                    <div class=\"tp-product-details-desc-banner text-center m-img\">\n                        <h3 class=\"tp-product-details-desc-banner-title tp-product-details-desc-title\">Expertly Formulated</h3>\n                        <img src=\"/storage/beauty/products/product-3.png\" alt=\"Beauty Lab\">\n                    </div>\n                </div>\n            </div>\n        </div>\n    </div>\n</div>\n','published','[\"main\\/products\\/product-20.jpg\",\"main\\/products\\/product-12.jpg\",\"main\\/products\\/product-3.jpg\"]','[]','RE-173',0,19,0,1,'in_stock',0,5,0,0,1083,624,NULL,NULL,10,16,17,507,NULL,34336,'2025-03-31 21:07:59','2025-03-31 21:08:00',5,0,'Botble\\ACL\\Models\\User',0,NULL,'physical',NULL,NULL,0,0,0,0,1),(34,'Pleated Midi Skirt','Make a bold statement with this chunky necklace, designed to add a touch of glamour to any outfit. The perfect accessory for a night out.','<div class=\"row justify-content-center\">\n    <div class=\"col-xl-10\">\n        <div class=\"tp-product-details-desc-item pb-105\">\n            <div class=\"row\">\n                <div class=\"col-lg-6\">\n                    <div class=\"pt-25\">\n                        <span>Anti-Aging Serum</span>\n                        <h3 class=\"tp-product-details-desc-title\">Revitalize Your Skin</h3>\n                        <p>\n                            Turn back the clock with our advanced anti-aging serum. Formulated with potent ingredients like hyaluronic acid and retinol, this serum targets fine lines, wrinkles, and age spots, leaving your skin looking youthful and radiant. Restore your skin\'s natural glow and texture with regular use.\n                        </p>\n                    </div>\n                    <div>\n                        <h3 class=\"tp-product-details-desc-title\">Hydration and Nourishment</h3>\n                        <p>\n                            Our anti-aging serum is enriched with hydrating and nourishing ingredients that penetrate deep into the skin to replenish moisture and improve elasticity. Say goodbye to dry, dull skin and hello to a complexion that\'s supple, smooth, and rejuvenated.\n                        </p>\n                    </div>\n                </div>\n                <div class=\"col-lg-6\">\n                    <div class=\"tp-product-details-desc-thumb\">\n                        <img src=\"/storage/beauty/products/product-1.png\" alt=\"Anti-Aging Serum\">\n                    </div>\n                </div>\n            </div>\n        </div>\n        <div class=\"tp-product-details-desc-item pb-75\">\n            <div class=\"row\">\n                <div class=\"col-lg-7\">\n                    <div class=\"tp-product-details-desc-thumb\">\n                        <img src=\"/storage/beauty/products/product-2.png\" alt=\"Application of Anti-Aging Serum\">\n                    </div>\n                </div>\n\n                <div class=\"col-lg-5 order-first order-lg-last\">\n                    <div class=\"des-content-2 pl-40\">\n                        <h3 class=\"tp-product-details-desc-title\">\n                            Visible Results\n                        </h3>\n                        <p>\n                            Experience noticeable results with our anti-aging serum. Within weeks of use, you\'ll notice smoother, firmer skin with reduced signs of aging. Incorporate it into your daily skincare routine for long-lasting benefits and a complexion that defies time.\n                        </p>\n                    </div>\n                </div>\n            </div>\n        </div>\n        <div class=\"tp-product-details-desc-item\">\n            <div class=\"row\">\n                <div class=\"col-xl-12\">\n                    <div class=\"tp-product-details-desc-banner text-center m-img\">\n                        <h3 class=\"tp-product-details-desc-banner-title tp-product-details-desc-title\">Expertly Formulated</h3>\n                        <img src=\"/storage/beauty/products/product-3.png\" alt=\"Beauty Lab\">\n                    </div>\n                </div>\n            </div>\n        </div>\n    </div>\n</div>\n','published','[\"main\\/products\\/product-1.jpg\",\"main\\/products\\/product-15.jpg\",\"main\\/products\\/product-6.jpg\",\"main\\/products\\/product-2.jpg\",\"main\\/products\\/product-13.jpg\",\"main\\/products\\/product-10.jpg\",\"main\\/products\\/product-16.jpg\",\"main\\/products\\/product-3.jpg\"]','[[{\"key\":\"file\",\"value\":null},{\"key\":\"url\",\"value\":\"https:\\/\\/www.youtube.com\\/watch?v=6JYIGclVQdw\"},{\"key\":\"thumbnail\",\"value\":\"main\\/video\\/1.jpg\"}]]','PZ-183-A1',0,15,0,1,'in_stock',0,3,0,0,1105,NULL,NULL,NULL,13,15,14,667,NULL,103581,'2025-03-31 21:07:59','2025-03-31 21:08:00',1,0,'Botble\\ACL\\Models\\User',0,NULL,'physical',NULL,NULL,0,0,0,0,1),(35,'Velour Tracksuit Set','Accessorize with this bohemian fringe handbag, featuring intricate details and enough space for your essentials. The perfect boho-chic addition to your collection.','<div class=\"row justify-content-center\">\n    <div class=\"col-xl-10\">\n        <div class=\"tp-product-details-desc-item pb-105\">\n            <div class=\"row\">\n                <div class=\"col-lg-6\">\n                    <div class=\"pt-25\">\n                        <span>Anti-Aging Serum</span>\n                        <h3 class=\"tp-product-details-desc-title\">Revitalize Your Skin</h3>\n                        <p>\n                            Turn back the clock with our advanced anti-aging serum. Formulated with potent ingredients like hyaluronic acid and retinol, this serum targets fine lines, wrinkles, and age spots, leaving your skin looking youthful and radiant. Restore your skin\'s natural glow and texture with regular use.\n                        </p>\n                    </div>\n                    <div>\n                        <h3 class=\"tp-product-details-desc-title\">Hydration and Nourishment</h3>\n                        <p>\n                            Our anti-aging serum is enriched with hydrating and nourishing ingredients that penetrate deep into the skin to replenish moisture and improve elasticity. Say goodbye to dry, dull skin and hello to a complexion that\'s supple, smooth, and rejuvenated.\n                        </p>\n                    </div>\n                </div>\n                <div class=\"col-lg-6\">\n                    <div class=\"tp-product-details-desc-thumb\">\n                        <img src=\"/storage/beauty/products/product-1.png\" alt=\"Anti-Aging Serum\">\n                    </div>\n                </div>\n            </div>\n        </div>\n        <div class=\"tp-product-details-desc-item pb-75\">\n            <div class=\"row\">\n                <div class=\"col-lg-7\">\n                    <div class=\"tp-product-details-desc-thumb\">\n                        <img src=\"/storage/beauty/products/product-2.png\" alt=\"Application of Anti-Aging Serum\">\n                    </div>\n                </div>\n\n                <div class=\"col-lg-5 order-first order-lg-last\">\n                    <div class=\"des-content-2 pl-40\">\n                        <h3 class=\"tp-product-details-desc-title\">\n                            Visible Results\n                        </h3>\n                        <p>\n                            Experience noticeable results with our anti-aging serum. Within weeks of use, you\'ll notice smoother, firmer skin with reduced signs of aging. Incorporate it into your daily skincare routine for long-lasting benefits and a complexion that defies time.\n                        </p>\n                    </div>\n                </div>\n            </div>\n        </div>\n        <div class=\"tp-product-details-desc-item\">\n            <div class=\"row\">\n                <div class=\"col-xl-12\">\n                    <div class=\"tp-product-details-desc-banner text-center m-img\">\n                        <h3 class=\"tp-product-details-desc-banner-title tp-product-details-desc-title\">Expertly Formulated</h3>\n                        <img src=\"/storage/beauty/products/product-3.png\" alt=\"Beauty Lab\">\n                    </div>\n                </div>\n            </div>\n        </div>\n    </div>\n</div>\n','published','[\"main\\/products\\/product-16.jpg\",\"main\\/products\\/product-2.jpg\",\"main\\/products\\/product-20.jpg\"]','[]','RJ-137',0,13,0,1,'in_stock',0,3,0,0,1551,1165,NULL,NULL,14,11,18,806,NULL,145848,'2025-03-31 21:07:59','2025-03-31 21:08:00',3,0,'Botble\\ACL\\Models\\User',0,NULL,'physical',NULL,NULL,0,0,0,0,2),(36,'Geometric Patterned Cardigan (Digital)','Top off your look with this chic fedora hat, crafted with a classic silhouette and a timeless appeal. A must-have accessory for any fashion-forward wardrobe.','<div class=\"row justify-content-center\">\n    <div class=\"col-xl-10\">\n        <div class=\"tp-product-details-desc-item pb-105\">\n            <div class=\"row\">\n                <div class=\"col-lg-6\">\n                    <div class=\"pt-25\">\n                        <span>Anti-Aging Serum</span>\n                        <h3 class=\"tp-product-details-desc-title\">Revitalize Your Skin</h3>\n                        <p>\n                            Turn back the clock with our advanced anti-aging serum. Formulated with potent ingredients like hyaluronic acid and retinol, this serum targets fine lines, wrinkles, and age spots, leaving your skin looking youthful and radiant. Restore your skin\'s natural glow and texture with regular use.\n                        </p>\n                    </div>\n                    <div>\n                        <h3 class=\"tp-product-details-desc-title\">Hydration and Nourishment</h3>\n                        <p>\n                            Our anti-aging serum is enriched with hydrating and nourishing ingredients that penetrate deep into the skin to replenish moisture and improve elasticity. Say goodbye to dry, dull skin and hello to a complexion that\'s supple, smooth, and rejuvenated.\n                        </p>\n                    </div>\n                </div>\n                <div class=\"col-lg-6\">\n                    <div class=\"tp-product-details-desc-thumb\">\n                        <img src=\"/storage/beauty/products/product-1.png\" alt=\"Anti-Aging Serum\">\n                    </div>\n                </div>\n            </div>\n        </div>\n        <div class=\"tp-product-details-desc-item pb-75\">\n            <div class=\"row\">\n                <div class=\"col-lg-7\">\n                    <div class=\"tp-product-details-desc-thumb\">\n                        <img src=\"/storage/beauty/products/product-2.png\" alt=\"Application of Anti-Aging Serum\">\n                    </div>\n                </div>\n\n                <div class=\"col-lg-5 order-first order-lg-last\">\n                    <div class=\"des-content-2 pl-40\">\n                        <h3 class=\"tp-product-details-desc-title\">\n                            Visible Results\n                        </h3>\n                        <p>\n                            Experience noticeable results with our anti-aging serum. Within weeks of use, you\'ll notice smoother, firmer skin with reduced signs of aging. Incorporate it into your daily skincare routine for long-lasting benefits and a complexion that defies time.\n                        </p>\n                    </div>\n                </div>\n            </div>\n        </div>\n        <div class=\"tp-product-details-desc-item\">\n            <div class=\"row\">\n                <div class=\"col-xl-12\">\n                    <div class=\"tp-product-details-desc-banner text-center m-img\">\n                        <h3 class=\"tp-product-details-desc-banner-title tp-product-details-desc-title\">Expertly Formulated</h3>\n                        <img src=\"/storage/beauty/products/product-3.png\" alt=\"Beauty Lab\">\n                    </div>\n                </div>\n            </div>\n        </div>\n    </div>\n</div>\n','published','[\"main\\/products\\/product-4.jpg\",\"main\\/products\\/product-9.jpg\",\"main\\/products\\/product-2.jpg\",\"main\\/products\\/product-17.jpg\",\"main\\/products\\/product-5.jpg\",\"main\\/products\\/product-10.jpg\",\"main\\/products\\/product-13.jpg\"]','[]','29-104',0,11,0,1,'in_stock',1,5,0,0,2149,449,NULL,NULL,11,12,10,821,NULL,100532,'2025-03-31 21:07:59','2025-03-31 21:08:00',2,0,'Botble\\ACL\\Models\\User',0,NULL,'digital',NULL,NULL,0,0,0,0,2),(37,'Buckle Detail Ankle Booties','Stay on trend with these high-waisted wide-leg trousers, combining comfort and sophistication. Pair them with heels for a refined look.','<div class=\"row justify-content-center\">\n    <div class=\"col-xl-10\">\n        <div class=\"tp-product-details-desc-item pb-105\">\n            <div class=\"row\">\n                <div class=\"col-lg-6\">\n                    <div class=\"pt-25\">\n                        <span>Anti-Aging Serum</span>\n                        <h3 class=\"tp-product-details-desc-title\">Revitalize Your Skin</h3>\n                        <p>\n                            Turn back the clock with our advanced anti-aging serum. Formulated with potent ingredients like hyaluronic acid and retinol, this serum targets fine lines, wrinkles, and age spots, leaving your skin looking youthful and radiant. Restore your skin\'s natural glow and texture with regular use.\n                        </p>\n                    </div>\n                    <div>\n                        <h3 class=\"tp-product-details-desc-title\">Hydration and Nourishment</h3>\n                        <p>\n                            Our anti-aging serum is enriched with hydrating and nourishing ingredients that penetrate deep into the skin to replenish moisture and improve elasticity. Say goodbye to dry, dull skin and hello to a complexion that\'s supple, smooth, and rejuvenated.\n                        </p>\n                    </div>\n                </div>\n                <div class=\"col-lg-6\">\n                    <div class=\"tp-product-details-desc-thumb\">\n                        <img src=\"/storage/beauty/products/product-1.png\" alt=\"Anti-Aging Serum\">\n                    </div>\n                </div>\n            </div>\n        </div>\n        <div class=\"tp-product-details-desc-item pb-75\">\n            <div class=\"row\">\n                <div class=\"col-lg-7\">\n                    <div class=\"tp-product-details-desc-thumb\">\n                        <img src=\"/storage/beauty/products/product-2.png\" alt=\"Application of Anti-Aging Serum\">\n                    </div>\n                </div>\n\n                <div class=\"col-lg-5 order-first order-lg-last\">\n                    <div class=\"des-content-2 pl-40\">\n                        <h3 class=\"tp-product-details-desc-title\">\n                            Visible Results\n                        </h3>\n                        <p>\n                            Experience noticeable results with our anti-aging serum. Within weeks of use, you\'ll notice smoother, firmer skin with reduced signs of aging. Incorporate it into your daily skincare routine for long-lasting benefits and a complexion that defies time.\n                        </p>\n                    </div>\n                </div>\n            </div>\n        </div>\n        <div class=\"tp-product-details-desc-item\">\n            <div class=\"row\">\n                <div class=\"col-xl-12\">\n                    <div class=\"tp-product-details-desc-banner text-center m-img\">\n                        <h3 class=\"tp-product-details-desc-banner-title tp-product-details-desc-title\">Expertly Formulated</h3>\n                        <img src=\"/storage/beauty/products/product-3.png\" alt=\"Beauty Lab\">\n                    </div>\n                </div>\n            </div>\n        </div>\n    </div>\n</div>\n','published','[\"main\\/products\\/product-7.jpg\",\"main\\/products\\/product-6.jpg\",\"main\\/products\\/product-14.jpg\",\"main\\/products\\/product-details-desc-2.jpg\",\"main\\/products\\/product-18.jpg\",\"main\\/products\\/product-5.jpg\",\"main\\/products\\/product-13.jpg\"]','[[{\"key\":\"file\",\"value\":\"main\\/video\\/video-1.mp4\"},{\"key\":\"url\",\"value\":null},{\"key\":\"thumbnail\",\"value\":\"main\\/video\\/1.jpg\"}]]','WL-129-A1',0,19,0,1,'in_stock',1,1,0,0,883,NULL,NULL,NULL,14,15,12,834,NULL,97708,'2025-03-31 21:07:59','2025-03-31 21:08:00',7,0,'Botble\\ACL\\Models\\User',0,NULL,'physical',NULL,NULL,0,0,0,0,2),(38,'Embroidered Bomber Jacket','Elevate your street style with this vintage denim jacket, featuring distressed detailing and a relaxed fit for a laid-back vibe.','<div class=\"row justify-content-center\">\n    <div class=\"col-xl-10\">\n        <div class=\"tp-product-details-desc-item pb-105\">\n            <div class=\"row\">\n                <div class=\"col-lg-6\">\n                    <div class=\"pt-25\">\n                        <span>Anti-Aging Serum</span>\n                        <h3 class=\"tp-product-details-desc-title\">Revitalize Your Skin</h3>\n                        <p>\n                            Turn back the clock with our advanced anti-aging serum. Formulated with potent ingredients like hyaluronic acid and retinol, this serum targets fine lines, wrinkles, and age spots, leaving your skin looking youthful and radiant. Restore your skin\'s natural glow and texture with regular use.\n                        </p>\n                    </div>\n                    <div>\n                        <h3 class=\"tp-product-details-desc-title\">Hydration and Nourishment</h3>\n                        <p>\n                            Our anti-aging serum is enriched with hydrating and nourishing ingredients that penetrate deep into the skin to replenish moisture and improve elasticity. Say goodbye to dry, dull skin and hello to a complexion that\'s supple, smooth, and rejuvenated.\n                        </p>\n                    </div>\n                </div>\n                <div class=\"col-lg-6\">\n                    <div class=\"tp-product-details-desc-thumb\">\n                        <img src=\"/storage/beauty/products/product-1.png\" alt=\"Anti-Aging Serum\">\n                    </div>\n                </div>\n            </div>\n        </div>\n        <div class=\"tp-product-details-desc-item pb-75\">\n            <div class=\"row\">\n                <div class=\"col-lg-7\">\n                    <div class=\"tp-product-details-desc-thumb\">\n                        <img src=\"/storage/beauty/products/product-2.png\" alt=\"Application of Anti-Aging Serum\">\n                    </div>\n                </div>\n\n                <div class=\"col-lg-5 order-first order-lg-last\">\n                    <div class=\"des-content-2 pl-40\">\n                        <h3 class=\"tp-product-details-desc-title\">\n                            Visible Results\n                        </h3>\n                        <p>\n                            Experience noticeable results with our anti-aging serum. Within weeks of use, you\'ll notice smoother, firmer skin with reduced signs of aging. Incorporate it into your daily skincare routine for long-lasting benefits and a complexion that defies time.\n                        </p>\n                    </div>\n                </div>\n            </div>\n        </div>\n        <div class=\"tp-product-details-desc-item\">\n            <div class=\"row\">\n                <div class=\"col-xl-12\">\n                    <div class=\"tp-product-details-desc-banner text-center m-img\">\n                        <h3 class=\"tp-product-details-desc-banner-title tp-product-details-desc-title\">Expertly Formulated</h3>\n                        <img src=\"/storage/beauty/products/product-3.png\" alt=\"Beauty Lab\">\n                    </div>\n                </div>\n            </div>\n        </div>\n    </div>\n</div>\n','published','[\"main\\/products\\/product-9.jpg\",\"main\\/products\\/product-13.jpg\",\"main\\/products\\/product-14.jpg\",\"main\\/products\\/product-2.jpg\",\"main\\/products\\/product-17.jpg\"]','[]','UJ-173-A1',0,19,0,1,'in_stock',0,4,0,0,2115,NULL,NULL,NULL,17,19,15,522,NULL,20829,'2025-03-31 21:07:59','2025-03-31 21:08:00',5,0,'Botble\\ACL\\Models\\User',0,NULL,'physical',NULL,NULL,0,0,0,0,2),(39,'Cowl Neck Knit Poncho','Stay cozy and chic in this knit turtleneck sweater, featuring a ribbed texture and a timeless design. Perfect for chilly days and nights.','<div class=\"row justify-content-center\">\n    <div class=\"col-xl-10\">\n        <div class=\"tp-product-details-desc-item pb-105\">\n            <div class=\"row\">\n                <div class=\"col-lg-6\">\n                    <div class=\"pt-25\">\n                        <span>Anti-Aging Serum</span>\n                        <h3 class=\"tp-product-details-desc-title\">Revitalize Your Skin</h3>\n                        <p>\n                            Turn back the clock with our advanced anti-aging serum. Formulated with potent ingredients like hyaluronic acid and retinol, this serum targets fine lines, wrinkles, and age spots, leaving your skin looking youthful and radiant. Restore your skin\'s natural glow and texture with regular use.\n                        </p>\n                    </div>\n                    <div>\n                        <h3 class=\"tp-product-details-desc-title\">Hydration and Nourishment</h3>\n                        <p>\n                            Our anti-aging serum is enriched with hydrating and nourishing ingredients that penetrate deep into the skin to replenish moisture and improve elasticity. Say goodbye to dry, dull skin and hello to a complexion that\'s supple, smooth, and rejuvenated.\n                        </p>\n                    </div>\n                </div>\n                <div class=\"col-lg-6\">\n                    <div class=\"tp-product-details-desc-thumb\">\n                        <img src=\"/storage/beauty/products/product-1.png\" alt=\"Anti-Aging Serum\">\n                    </div>\n                </div>\n            </div>\n        </div>\n        <div class=\"tp-product-details-desc-item pb-75\">\n            <div class=\"row\">\n                <div class=\"col-lg-7\">\n                    <div class=\"tp-product-details-desc-thumb\">\n                        <img src=\"/storage/beauty/products/product-2.png\" alt=\"Application of Anti-Aging Serum\">\n                    </div>\n                </div>\n\n                <div class=\"col-lg-5 order-first order-lg-last\">\n                    <div class=\"des-content-2 pl-40\">\n                        <h3 class=\"tp-product-details-desc-title\">\n                            Visible Results\n                        </h3>\n                        <p>\n                            Experience noticeable results with our anti-aging serum. Within weeks of use, you\'ll notice smoother, firmer skin with reduced signs of aging. Incorporate it into your daily skincare routine for long-lasting benefits and a complexion that defies time.\n                        </p>\n                    </div>\n                </div>\n            </div>\n        </div>\n        <div class=\"tp-product-details-desc-item\">\n            <div class=\"row\">\n                <div class=\"col-xl-12\">\n                    <div class=\"tp-product-details-desc-banner text-center m-img\">\n                        <h3 class=\"tp-product-details-desc-banner-title tp-product-details-desc-title\">Expertly Formulated</h3>\n                        <img src=\"/storage/beauty/products/product-3.png\" alt=\"Beauty Lab\">\n                    </div>\n                </div>\n            </div>\n        </div>\n    </div>\n</div>\n','published','[\"main\\/products\\/product-details-desc-2.jpg\",\"main\\/products\\/product-20.jpg\",\"main\\/products\\/product-5.jpg\",\"main\\/products\\/product-12.jpg\",\"main\\/products\\/product-details-desc-1.jpg\",\"main\\/products\\/product-4.jpg\",\"main\\/products\\/product-14.jpg\",\"main\\/products\\/product-10.jpg\"]','[[{\"key\":\"file\",\"value\":\"main\\/video\\/video-1.mp4\"},{\"key\":\"url\",\"value\":null},{\"key\":\"thumbnail\",\"value\":\"main\\/video\\/1.jpg\"}]]','QR-139',0,19,0,1,'in_stock',0,4,0,0,1060,981,NULL,NULL,11,11,12,589,NULL,58704,'2025-03-31 21:07:59','2025-03-31 21:08:00',8,0,'Botble\\ACL\\Models\\User',0,NULL,'physical',NULL,NULL,0,0,0,0,1),(40,'Chunky Knit Infinity Scarf (Digital)','Stay cozy and chic in this knit turtleneck sweater, featuring a ribbed texture and a timeless design. Perfect for chilly days and nights.','<div class=\"row justify-content-center\">\n    <div class=\"col-xl-10\">\n        <div class=\"tp-product-details-desc-item pb-105\">\n            <div class=\"row\">\n                <div class=\"col-lg-6\">\n                    <div class=\"pt-25\">\n                        <span>Anti-Aging Serum</span>\n                        <h3 class=\"tp-product-details-desc-title\">Revitalize Your Skin</h3>\n                        <p>\n                            Turn back the clock with our advanced anti-aging serum. Formulated with potent ingredients like hyaluronic acid and retinol, this serum targets fine lines, wrinkles, and age spots, leaving your skin looking youthful and radiant. Restore your skin\'s natural glow and texture with regular use.\n                        </p>\n                    </div>\n                    <div>\n                        <h3 class=\"tp-product-details-desc-title\">Hydration and Nourishment</h3>\n                        <p>\n                            Our anti-aging serum is enriched with hydrating and nourishing ingredients that penetrate deep into the skin to replenish moisture and improve elasticity. Say goodbye to dry, dull skin and hello to a complexion that\'s supple, smooth, and rejuvenated.\n                        </p>\n                    </div>\n                </div>\n                <div class=\"col-lg-6\">\n                    <div class=\"tp-product-details-desc-thumb\">\n                        <img src=\"/storage/beauty/products/product-1.png\" alt=\"Anti-Aging Serum\">\n                    </div>\n                </div>\n            </div>\n        </div>\n        <div class=\"tp-product-details-desc-item pb-75\">\n            <div class=\"row\">\n                <div class=\"col-lg-7\">\n                    <div class=\"tp-product-details-desc-thumb\">\n                        <img src=\"/storage/beauty/products/product-2.png\" alt=\"Application of Anti-Aging Serum\">\n                    </div>\n                </div>\n\n                <div class=\"col-lg-5 order-first order-lg-last\">\n                    <div class=\"des-content-2 pl-40\">\n                        <h3 class=\"tp-product-details-desc-title\">\n                            Visible Results\n                        </h3>\n                        <p>\n                            Experience noticeable results with our anti-aging serum. Within weeks of use, you\'ll notice smoother, firmer skin with reduced signs of aging. Incorporate it into your daily skincare routine for long-lasting benefits and a complexion that defies time.\n                        </p>\n                    </div>\n                </div>\n            </div>\n        </div>\n        <div class=\"tp-product-details-desc-item\">\n            <div class=\"row\">\n                <div class=\"col-xl-12\">\n                    <div class=\"tp-product-details-desc-banner text-center m-img\">\n                        <h3 class=\"tp-product-details-desc-banner-title tp-product-details-desc-title\">Expertly Formulated</h3>\n                        <img src=\"/storage/beauty/products/product-3.png\" alt=\"Beauty Lab\">\n                    </div>\n                </div>\n            </div>\n        </div>\n    </div>\n</div>\n','published','[\"main\\/products\\/product-9.jpg\",\"main\\/products\\/product-18.jpg\",\"main\\/products\\/product-12.jpg\",\"main\\/products\\/product-details-desc-2.jpg\",\"main\\/products\\/product-11.jpg\",\"main\\/products\\/product-16.jpg\"]','[[{\"key\":\"file\",\"value\":null},{\"key\":\"url\",\"value\":\"https:\\/\\/www.youtube.com\\/watch?v=6JYIGclVQdw\"},{\"key\":\"thumbnail\",\"value\":\"main\\/video\\/2.jpg\"}]]','3M-171-A1',0,11,0,1,'in_stock',1,5,0,0,687,618.3,NULL,NULL,20,16,11,607,NULL,81493,'2025-03-31 21:07:59','2025-03-31 21:08:00',7,0,'Botble\\ACL\\Models\\User',0,NULL,'digital',NULL,NULL,0,0,0,0,2),(41,'Retro High-Top Sneakers','Achieve a polished look with this tailored wool blazer, designed for a flattering fit and versatile enough for both work and casual outings.','<div class=\"row justify-content-center\">\n    <div class=\"col-xl-10\">\n        <div class=\"tp-product-details-desc-item pb-105\">\n            <div class=\"row\">\n                <div class=\"col-lg-6\">\n                    <div class=\"pt-25\">\n                        <span>Anti-Aging Serum</span>\n                        <h3 class=\"tp-product-details-desc-title\">Revitalize Your Skin</h3>\n                        <p>\n                            Turn back the clock with our advanced anti-aging serum. Formulated with potent ingredients like hyaluronic acid and retinol, this serum targets fine lines, wrinkles, and age spots, leaving your skin looking youthful and radiant. Restore your skin\'s natural glow and texture with regular use.\n                        </p>\n                    </div>\n                    <div>\n                        <h3 class=\"tp-product-details-desc-title\">Hydration and Nourishment</h3>\n                        <p>\n                            Our anti-aging serum is enriched with hydrating and nourishing ingredients that penetrate deep into the skin to replenish moisture and improve elasticity. Say goodbye to dry, dull skin and hello to a complexion that\'s supple, smooth, and rejuvenated.\n                        </p>\n                    </div>\n                </div>\n                <div class=\"col-lg-6\">\n                    <div class=\"tp-product-details-desc-thumb\">\n                        <img src=\"/storage/beauty/products/product-1.png\" alt=\"Anti-Aging Serum\">\n                    </div>\n                </div>\n            </div>\n        </div>\n        <div class=\"tp-product-details-desc-item pb-75\">\n            <div class=\"row\">\n                <div class=\"col-lg-7\">\n                    <div class=\"tp-product-details-desc-thumb\">\n                        <img src=\"/storage/beauty/products/product-2.png\" alt=\"Application of Anti-Aging Serum\">\n                    </div>\n                </div>\n\n                <div class=\"col-lg-5 order-first order-lg-last\">\n                    <div class=\"des-content-2 pl-40\">\n                        <h3 class=\"tp-product-details-desc-title\">\n                            Visible Results\n                        </h3>\n                        <p>\n                            Experience noticeable results with our anti-aging serum. Within weeks of use, you\'ll notice smoother, firmer skin with reduced signs of aging. Incorporate it into your daily skincare routine for long-lasting benefits and a complexion that defies time.\n                        </p>\n                    </div>\n                </div>\n            </div>\n        </div>\n        <div class=\"tp-product-details-desc-item\">\n            <div class=\"row\">\n                <div class=\"col-xl-12\">\n                    <div class=\"tp-product-details-desc-banner text-center m-img\">\n                        <h3 class=\"tp-product-details-desc-banner-title tp-product-details-desc-title\">Expertly Formulated</h3>\n                        <img src=\"/storage/beauty/products/product-3.png\" alt=\"Beauty Lab\">\n                    </div>\n                </div>\n            </div>\n        </div>\n    </div>\n</div>\n','published','[\"main\\/products\\/product-14.jpg\",\"main\\/products\\/product-10.jpg\",\"main\\/products\\/product-17.jpg\",\"main\\/products\\/product-18.jpg\"]','[[{\"key\":\"file\",\"value\":null},{\"key\":\"url\",\"value\":\"https:\\/\\/www.youtube.com\\/watch?v=6JYIGclVQdw\"},{\"key\":\"thumbnail\",\"value\":\"main\\/video\\/2.jpg\"}]]','FX-128-A1',0,16,0,1,'in_stock',0,5,0,0,1310,NULL,NULL,NULL,19,12,13,540,NULL,97988,'2025-03-31 21:07:59','2025-03-31 21:08:00',2,0,'Botble\\ACL\\Models\\User',0,NULL,'physical',NULL,NULL,0,0,0,0,2),(42,'Faux Leather Leggings','Top off your look with this chic fedora hat, crafted with a classic silhouette and a timeless appeal. A must-have accessory for any fashion-forward wardrobe.','<div class=\"row justify-content-center\">\n    <div class=\"col-xl-10\">\n        <div class=\"tp-product-details-desc-item pb-105\">\n            <div class=\"row\">\n                <div class=\"col-lg-6\">\n                    <div class=\"pt-25\">\n                        <span>Anti-Aging Serum</span>\n                        <h3 class=\"tp-product-details-desc-title\">Revitalize Your Skin</h3>\n                        <p>\n                            Turn back the clock with our advanced anti-aging serum. Formulated with potent ingredients like hyaluronic acid and retinol, this serum targets fine lines, wrinkles, and age spots, leaving your skin looking youthful and radiant. Restore your skin\'s natural glow and texture with regular use.\n                        </p>\n                    </div>\n                    <div>\n                        <h3 class=\"tp-product-details-desc-title\">Hydration and Nourishment</h3>\n                        <p>\n                            Our anti-aging serum is enriched with hydrating and nourishing ingredients that penetrate deep into the skin to replenish moisture and improve elasticity. Say goodbye to dry, dull skin and hello to a complexion that\'s supple, smooth, and rejuvenated.\n                        </p>\n                    </div>\n                </div>\n                <div class=\"col-lg-6\">\n                    <div class=\"tp-product-details-desc-thumb\">\n                        <img src=\"/storage/beauty/products/product-1.png\" alt=\"Anti-Aging Serum\">\n                    </div>\n                </div>\n            </div>\n        </div>\n        <div class=\"tp-product-details-desc-item pb-75\">\n            <div class=\"row\">\n                <div class=\"col-lg-7\">\n                    <div class=\"tp-product-details-desc-thumb\">\n                        <img src=\"/storage/beauty/products/product-2.png\" alt=\"Application of Anti-Aging Serum\">\n                    </div>\n                </div>\n\n                <div class=\"col-lg-5 order-first order-lg-last\">\n                    <div class=\"des-content-2 pl-40\">\n                        <h3 class=\"tp-product-details-desc-title\">\n                            Visible Results\n                        </h3>\n                        <p>\n                            Experience noticeable results with our anti-aging serum. Within weeks of use, you\'ll notice smoother, firmer skin with reduced signs of aging. Incorporate it into your daily skincare routine for long-lasting benefits and a complexion that defies time.\n                        </p>\n                    </div>\n                </div>\n            </div>\n        </div>\n        <div class=\"tp-product-details-desc-item\">\n            <div class=\"row\">\n                <div class=\"col-xl-12\">\n                    <div class=\"tp-product-details-desc-banner text-center m-img\">\n                        <h3 class=\"tp-product-details-desc-banner-title tp-product-details-desc-title\">Expertly Formulated</h3>\n                        <img src=\"/storage/beauty/products/product-3.png\" alt=\"Beauty Lab\">\n                    </div>\n                </div>\n            </div>\n        </div>\n    </div>\n</div>\n','published','[\"main\\/products\\/product-11.jpg\",\"main\\/products\\/product-2.jpg\",\"main\\/products\\/product-details-desc-1.jpg\",\"main\\/products\\/product-13.jpg\",\"main\\/products\\/product-5.jpg\"]','[[{\"key\":\"file\",\"value\":null},{\"key\":\"url\",\"value\":\"https:\\/\\/www.youtube.com\\/watch?v=6JYIGclVQdw\"},{\"key\":\"thumbnail\",\"value\":\"main\\/video\\/1.jpg\"}]]','8Y-104-A1',0,19,0,1,'in_stock',0,5,0,0,2188,NULL,NULL,NULL,12,16,19,721,NULL,27245,'2025-03-31 21:07:59','2025-03-31 21:08:00',2,0,'Botble\\ACL\\Models\\User',0,NULL,'physical',NULL,NULL,0,0,0,0,2),(43,'Metallic Pleated Maxi Skirt','Stay on trend with these high-waisted wide-leg trousers, combining comfort and sophistication. Pair them with heels for a refined look.','<div class=\"row justify-content-center\">\n    <div class=\"col-xl-10\">\n        <div class=\"tp-product-details-desc-item pb-105\">\n            <div class=\"row\">\n                <div class=\"col-lg-6\">\n                    <div class=\"pt-25\">\n                        <span>Anti-Aging Serum</span>\n                        <h3 class=\"tp-product-details-desc-title\">Revitalize Your Skin</h3>\n                        <p>\n                            Turn back the clock with our advanced anti-aging serum. Formulated with potent ingredients like hyaluronic acid and retinol, this serum targets fine lines, wrinkles, and age spots, leaving your skin looking youthful and radiant. Restore your skin\'s natural glow and texture with regular use.\n                        </p>\n                    </div>\n                    <div>\n                        <h3 class=\"tp-product-details-desc-title\">Hydration and Nourishment</h3>\n                        <p>\n                            Our anti-aging serum is enriched with hydrating and nourishing ingredients that penetrate deep into the skin to replenish moisture and improve elasticity. Say goodbye to dry, dull skin and hello to a complexion that\'s supple, smooth, and rejuvenated.\n                        </p>\n                    </div>\n                </div>\n                <div class=\"col-lg-6\">\n                    <div class=\"tp-product-details-desc-thumb\">\n                        <img src=\"/storage/beauty/products/product-1.png\" alt=\"Anti-Aging Serum\">\n                    </div>\n                </div>\n            </div>\n        </div>\n        <div class=\"tp-product-details-desc-item pb-75\">\n            <div class=\"row\">\n                <div class=\"col-lg-7\">\n                    <div class=\"tp-product-details-desc-thumb\">\n                        <img src=\"/storage/beauty/products/product-2.png\" alt=\"Application of Anti-Aging Serum\">\n                    </div>\n                </div>\n\n                <div class=\"col-lg-5 order-first order-lg-last\">\n                    <div class=\"des-content-2 pl-40\">\n                        <h3 class=\"tp-product-details-desc-title\">\n                            Visible Results\n                        </h3>\n                        <p>\n                            Experience noticeable results with our anti-aging serum. Within weeks of use, you\'ll notice smoother, firmer skin with reduced signs of aging. Incorporate it into your daily skincare routine for long-lasting benefits and a complexion that defies time.\n                        </p>\n                    </div>\n                </div>\n            </div>\n        </div>\n        <div class=\"tp-product-details-desc-item\">\n            <div class=\"row\">\n                <div class=\"col-xl-12\">\n                    <div class=\"tp-product-details-desc-banner text-center m-img\">\n                        <h3 class=\"tp-product-details-desc-banner-title tp-product-details-desc-title\">Expertly Formulated</h3>\n                        <img src=\"/storage/beauty/products/product-3.png\" alt=\"Beauty Lab\">\n                    </div>\n                </div>\n            </div>\n        </div>\n    </div>\n</div>\n','published','[\"main\\/products\\/product-7.jpg\",\"main\\/products\\/product-details-desc-1.jpg\",\"main\\/products\\/product-details-desc-3.jpg\",\"main\\/products\\/product-11.jpg\",\"main\\/products\\/product-9.jpg\"]','[[{\"key\":\"file\",\"value\":\"main\\/video\\/video-2.mp4\"},{\"key\":\"url\",\"value\":null},{\"key\":\"thumbnail\",\"value\":\"main\\/video\\/2.jpg\"}]]','D9-196',0,12,0,1,'in_stock',0,3,0,0,987,412,NULL,NULL,14,11,11,506,NULL,57245,'2025-03-31 21:07:59','2025-03-31 21:08:00',5,0,'Botble\\ACL\\Models\\User',0,NULL,'physical',NULL,NULL,0,0,0,0,2),(44,'Vintage Denim Jacket',NULL,NULL,'published','[\"main\\/products\\/product-15.jpg\"]',NULL,'HH-169-A1',0,19,0,1,'in_stock',0,1,1,0,958,NULL,NULL,NULL,12,12,16,537,NULL,0,'2025-03-31 21:07:59','2025-03-31 21:07:59',NULL,0,'Botble\\ACL\\Models\\User',0,NULL,'physical',NULL,NULL,0,0,0,0,NULL),(45,'Vintage Denim Jacket',NULL,NULL,'published','[\"main\\/products\\/product-13.jpg\"]',NULL,'HH-169-A1-A2',0,19,0,1,'in_stock',0,1,1,0,958,NULL,NULL,NULL,12,12,16,537,NULL,0,'2025-03-31 21:07:59','2025-03-31 21:07:59',NULL,0,'Botble\\ACL\\Models\\User',0,NULL,'physical',NULL,NULL,0,0,0,0,NULL),(46,'Vintage Denim Jacket',NULL,NULL,'published','[\"main\\/products\\/product-19.jpg\"]',NULL,'HH-169-A1-A3',0,19,0,1,'in_stock',0,1,1,0,958,NULL,NULL,NULL,12,12,16,537,NULL,0,'2025-03-31 21:07:59','2025-03-31 21:07:59',NULL,0,'Botble\\ACL\\Models\\User',0,NULL,'physical',NULL,NULL,0,0,0,0,NULL),(47,'Floral Maxi Dress',NULL,NULL,'published','[\"main\\/products\\/product-details-desc-3.jpg\"]',NULL,'7N-117-A1',0,11,0,1,'in_stock',0,4,1,0,570,NULL,NULL,NULL,18,20,15,509,NULL,0,'2025-03-31 21:07:59','2025-03-31 21:07:59',NULL,0,'Botble\\ACL\\Models\\User',0,NULL,'physical',NULL,NULL,0,0,0,0,NULL),(48,'Classic Aviator Sunglasses',NULL,NULL,'published','[\"main\\/products\\/product-details-desc-2.jpg\"]',NULL,'OQ-142-A1',0,17,0,1,'in_stock',0,1,1,0,2039,NULL,NULL,NULL,11,18,10,720,NULL,0,'2025-03-31 21:07:59','2025-03-31 21:07:59',NULL,0,'Botble\\ACL\\Models\\User',0,NULL,'physical',NULL,NULL,0,0,0,0,NULL),(49,'Bohemian Fringe Handbag',NULL,NULL,'published','[\"main\\/products\\/product-details-desc-2.jpg\"]',NULL,'HU-193-A1',0,10,0,1,'in_stock',0,4,1,0,960,NULL,NULL,NULL,10,10,15,705,NULL,0,'2025-03-31 21:07:59','2025-03-31 21:07:59',NULL,0,'Botble\\ACL\\Models\\User',0,NULL,'physical',NULL,NULL,0,0,0,0,NULL),(50,'Bohemian Fringe Handbag',NULL,NULL,'published','[\"main\\/products\\/product-17.jpg\"]',NULL,'HU-193-A1-A2',0,10,0,1,'in_stock',0,4,1,0,960,NULL,NULL,NULL,10,10,15,705,NULL,0,'2025-03-31 21:07:59','2025-03-31 21:07:59',NULL,0,'Botble\\ACL\\Models\\User',0,NULL,'physical',NULL,NULL,0,0,0,0,NULL),(51,'Bohemian Fringe Handbag',NULL,NULL,'published','[\"main\\/products\\/product-4.jpg\"]',NULL,'HU-193-A1-A3',0,10,0,1,'in_stock',0,4,1,0,960,NULL,NULL,NULL,10,10,15,705,NULL,0,'2025-03-31 21:07:59','2025-03-31 21:07:59',NULL,0,'Botble\\ACL\\Models\\User',0,NULL,'physical',NULL,NULL,0,0,0,0,NULL),(52,'Silk Scarf with Geometric Print (Digital)',NULL,NULL,'published','[\"main\\/products\\/product-4.jpg\"]',NULL,'KF-174-A1',0,20,0,1,'in_stock',0,1,1,0,832,732.16,NULL,NULL,12,15,14,842,NULL,0,'2025-03-31 21:07:59','2025-03-31 21:07:59',NULL,0,'Botble\\ACL\\Models\\User',0,NULL,'digital',NULL,NULL,0,0,0,0,NULL),(53,'Silk Scarf with Geometric Print (Digital)',NULL,NULL,'published','[\"main\\/products\\/product-7.jpg\"]',NULL,'KF-174-A1-A2',0,20,0,1,'in_stock',0,1,1,0,832,682.24,NULL,NULL,12,15,14,842,NULL,0,'2025-03-31 21:07:59','2025-03-31 21:07:59',NULL,0,'Botble\\ACL\\Models\\User',0,NULL,'digital',NULL,NULL,0,0,0,0,NULL),(54,'Silk Scarf with Geometric Print (Digital)',NULL,NULL,'published','[\"main\\/products\\/product-18.jpg\"]',NULL,'KF-174-A1-A3',0,20,0,1,'in_stock',0,1,1,0,832,657.28,NULL,NULL,12,15,14,842,NULL,0,'2025-03-31 21:07:59','2025-03-31 21:07:59',NULL,0,'Botble\\ACL\\Models\\User',0,NULL,'digital',NULL,NULL,0,0,0,0,NULL),(55,'High-Waisted Wide Leg Trousers',NULL,NULL,'published','[\"main\\/products\\/product-12.jpg\"]',NULL,'L2-146-A1',0,11,0,1,'in_stock',0,5,1,0,493,NULL,NULL,NULL,15,16,20,873,NULL,0,'2025-03-31 21:07:59','2025-03-31 21:07:59',NULL,0,'Botble\\ACL\\Models\\User',0,NULL,'physical',NULL,NULL,0,0,0,0,NULL),(56,'High-Waisted Wide Leg Trousers',NULL,NULL,'published','[\"main\\/products\\/product-16.jpg\"]',NULL,'L2-146-A1-A2',0,11,0,1,'in_stock',0,5,1,0,493,NULL,NULL,NULL,15,16,20,873,NULL,0,'2025-03-31 21:07:59','2025-03-31 21:07:59',NULL,0,'Botble\\ACL\\Models\\User',0,NULL,'physical',NULL,NULL,0,0,0,0,NULL),(57,'Embroidered Boho Blouse',NULL,NULL,'published','[\"main\\/products\\/product-details-desc-1.jpg\"]',NULL,'DK-151-A1',0,12,0,1,'in_stock',0,2,1,0,1332,NULL,NULL,NULL,12,16,20,506,NULL,0,'2025-03-31 21:07:59','2025-03-31 21:07:59',NULL,0,'Botble\\ACL\\Models\\User',0,NULL,'physical',NULL,NULL,0,0,0,0,NULL),(58,'Embroidered Boho Blouse',NULL,NULL,'published','[\"main\\/products\\/product-9.jpg\"]',NULL,'DK-151-A1-A2',0,12,0,1,'in_stock',0,2,1,0,1332,NULL,NULL,NULL,12,16,20,506,NULL,0,'2025-03-31 21:07:59','2025-03-31 21:07:59',NULL,0,'Botble\\ACL\\Models\\User',0,NULL,'physical',NULL,NULL,0,0,0,0,NULL),(59,'Embroidered Boho Blouse',NULL,NULL,'published','[\"main\\/products\\/product-4.jpg\"]',NULL,'DK-151-A1-A3',0,12,0,1,'in_stock',0,2,1,0,1332,NULL,NULL,NULL,12,16,20,506,NULL,0,'2025-03-31 21:07:59','2025-03-31 21:07:59',NULL,0,'Botble\\ACL\\Models\\User',0,NULL,'physical',NULL,NULL,0,0,0,0,NULL),(60,'Chic Fedora Hat (Digital)',NULL,NULL,'published','[\"main\\/products\\/product-2.jpg\"]',NULL,'AP-138-A1',0,17,0,1,'in_stock',0,2,1,0,669,568.65,NULL,NULL,12,14,12,847,NULL,0,'2025-03-31 21:07:59','2025-03-31 21:07:59',NULL,0,'Botble\\ACL\\Models\\User',0,NULL,'digital',NULL,NULL,0,0,0,0,NULL),(61,'Velvet Evening Gown',NULL,NULL,'published','[\"main\\/products\\/product-18.jpg\"]',NULL,'40-194-A1',0,13,0,1,'in_stock',0,2,1,0,535,NULL,NULL,NULL,16,12,15,894,NULL,0,'2025-03-31 21:07:59','2025-03-31 21:07:59',NULL,0,'Botble\\ACL\\Models\\User',0,NULL,'physical',NULL,NULL,0,0,0,0,NULL),(62,'Velvet Evening Gown',NULL,NULL,'published','[\"main\\/products\\/product-17.jpg\"]',NULL,'40-194-A1-A2',0,13,0,1,'in_stock',0,2,1,0,535,NULL,NULL,NULL,16,12,15,894,NULL,0,'2025-03-31 21:07:59','2025-03-31 21:07:59',NULL,0,'Botble\\ACL\\Models\\User',0,NULL,'physical',NULL,NULL,0,0,0,0,NULL),(63,'Velvet Evening Gown',NULL,NULL,'published','[\"main\\/products\\/product-1.jpg\"]',NULL,'40-194-A1-A3',0,13,0,1,'in_stock',0,2,1,0,535,NULL,NULL,NULL,16,12,15,894,NULL,0,'2025-03-31 21:07:59','2025-03-31 21:07:59',NULL,0,'Botble\\ACL\\Models\\User',0,NULL,'physical',NULL,NULL,0,0,0,0,NULL),(64,'Quilted Crossbody Bag',NULL,NULL,'published','[\"main\\/products\\/product-details-desc-1.jpg\"]',NULL,'K1-171-A1',0,16,0,1,'in_stock',0,2,1,0,1427,NULL,NULL,NULL,10,12,13,618,NULL,0,'2025-03-31 21:07:59','2025-03-31 21:07:59',NULL,0,'Botble\\ACL\\Models\\User',0,NULL,'physical',NULL,NULL,0,0,0,0,NULL),(65,'Cotton Striped T-Shirt Dress',NULL,NULL,'published','[\"main\\/products\\/product-13.jpg\"]',NULL,'ML-156-A1',0,10,0,1,'in_stock',0,4,1,0,806,NULL,NULL,NULL,11,11,14,851,NULL,0,'2025-03-31 21:07:59','2025-03-31 21:07:59',NULL,0,'Botble\\ACL\\Models\\User',0,NULL,'physical',NULL,NULL,0,0,0,0,NULL),(66,'Cotton Striped T-Shirt Dress',NULL,NULL,'published','[\"main\\/products\\/product-5.jpg\"]',NULL,'ML-156-A1-A2',0,10,0,1,'in_stock',0,4,1,0,806,NULL,NULL,NULL,11,11,14,851,NULL,0,'2025-03-31 21:07:59','2025-03-31 21:07:59',NULL,0,'Botble\\ACL\\Models\\User',0,NULL,'physical',NULL,NULL,0,0,0,0,NULL),(67,'Cotton Striped T-Shirt Dress',NULL,NULL,'published','[\"main\\/products\\/product-15.jpg\"]',NULL,'ML-156-A1-A3',0,10,0,1,'in_stock',0,4,1,0,806,NULL,NULL,NULL,11,11,14,851,NULL,0,'2025-03-31 21:07:59','2025-03-31 21:07:59',NULL,0,'Botble\\ACL\\Models\\User',0,NULL,'physical',NULL,NULL,0,0,0,0,NULL),(68,'Structured Satchel Bag (Digital)',NULL,NULL,'published','[\"main\\/products\\/product-11.jpg\"]',NULL,'5A-185-A1',0,11,0,1,'in_stock',0,4,1,0,1109,942.65,NULL,NULL,19,19,13,641,NULL,0,'2025-03-31 21:07:59','2025-03-31 21:07:59',NULL,0,'Botble\\ACL\\Models\\User',0,NULL,'digital',NULL,NULL,0,0,0,0,NULL),(69,'Structured Satchel Bag (Digital)',NULL,NULL,'published','[\"main\\/products\\/product-3.jpg\"]',NULL,'5A-185-A1-A2',0,11,0,1,'in_stock',0,4,1,0,1109,776.3,NULL,NULL,19,19,13,641,NULL,0,'2025-03-31 21:07:59','2025-03-31 21:07:59',NULL,0,'Botble\\ACL\\Models\\User',0,NULL,'digital',NULL,NULL,0,0,0,0,NULL),(70,'Structured Satchel Bag (Digital)',NULL,NULL,'published','[\"main\\/products\\/product-7.jpg\"]',NULL,'5A-185-A1-A3',0,11,0,1,'in_stock',0,4,1,0,1109,909.38,NULL,NULL,19,19,13,641,NULL,0,'2025-03-31 21:07:59','2025-03-31 21:07:59',NULL,0,'Botble\\ACL\\Models\\User',0,NULL,'digital',NULL,NULL,0,0,0,0,NULL),(71,'Off-Shoulder Ruffle Top',NULL,NULL,'published','[\"main\\/products\\/product-10.jpg\"]',NULL,'SW-184-A1',0,15,0,1,'in_stock',0,1,1,0,2381,NULL,NULL,NULL,12,12,16,517,NULL,0,'2025-03-31 21:07:59','2025-03-31 21:07:59',NULL,0,'Botble\\ACL\\Models\\User',0,NULL,'physical',NULL,NULL,0,0,0,0,NULL),(72,'Off-Shoulder Ruffle Top',NULL,NULL,'published','[\"main\\/products\\/product-12.jpg\"]',NULL,'SW-184-A1-A2',0,15,0,1,'in_stock',0,1,1,0,2381,NULL,NULL,NULL,12,12,16,517,NULL,0,'2025-03-31 21:07:59','2025-03-31 21:07:59',NULL,0,'Botble\\ACL\\Models\\User',0,NULL,'physical',NULL,NULL,0,0,0,0,NULL),(73,'Off-Shoulder Ruffle Top',NULL,NULL,'published','[\"main\\/products\\/product-9.jpg\"]',NULL,'SW-184-A1-A3',0,15,0,1,'in_stock',0,1,1,0,2381,NULL,NULL,NULL,12,12,16,517,NULL,0,'2025-03-31 21:07:59','2025-03-31 21:07:59',NULL,0,'Botble\\ACL\\Models\\User',0,NULL,'physical',NULL,NULL,0,0,0,0,NULL),(74,'Cropped Cable Knit Sweater',NULL,NULL,'published','[\"main\\/products\\/product-1.jpg\"]',NULL,'LM-185-A1',0,11,0,1,'in_stock',0,3,1,0,1506,NULL,NULL,NULL,14,15,11,900,NULL,0,'2025-03-31 21:07:59','2025-03-31 21:07:59',NULL,0,'Botble\\ACL\\Models\\User',0,NULL,'physical',NULL,NULL,0,0,0,0,NULL),(75,'Cropped Cable Knit Sweater',NULL,NULL,'published','[\"main\\/products\\/product-20.jpg\"]',NULL,'LM-185-A1-A2',0,11,0,1,'in_stock',0,3,1,0,1506,NULL,NULL,NULL,14,15,11,900,NULL,0,'2025-03-31 21:07:59','2025-03-31 21:07:59',NULL,0,'Botble\\ACL\\Models\\User',0,NULL,'physical',NULL,NULL,0,0,0,0,NULL),(76,'Athleisure Jogger Pants (Digital)',NULL,NULL,'published','[\"main\\/products\\/product-1.jpg\"]',NULL,'MG-161-A1',0,19,0,1,'in_stock',0,3,1,0,1030,896.1,NULL,NULL,16,11,19,735,NULL,0,'2025-03-31 21:07:59','2025-03-31 21:07:59',NULL,0,'Botble\\ACL\\Models\\User',0,NULL,'digital',NULL,NULL,0,0,0,0,NULL),(77,'Athleisure Jogger Pants (Digital)',NULL,NULL,'published','[\"main\\/products\\/product-10.jpg\"]',NULL,'MG-161-A1-A2',0,19,0,1,'in_stock',0,3,1,0,1030,834.3,NULL,NULL,16,11,19,735,NULL,0,'2025-03-31 21:07:59','2025-03-31 21:07:59',NULL,0,'Botble\\ACL\\Models\\User',0,NULL,'digital',NULL,NULL,0,0,0,0,NULL),(78,'Athleisure Jogger Pants (Digital)',NULL,NULL,'published','[\"main\\/products\\/product-15.jpg\"]',NULL,'MG-161-A1-A3',0,19,0,1,'in_stock',0,3,1,0,1030,721,NULL,NULL,16,11,19,735,NULL,0,'2025-03-31 21:07:59','2025-03-31 21:07:59',NULL,0,'Botble\\ACL\\Models\\User',0,NULL,'digital',NULL,NULL,0,0,0,0,NULL),(79,'Athleisure Jogger Pants (Digital)',NULL,NULL,'published','[\"main\\/products\\/product-15.jpg\"]',NULL,'MG-161-A1-A4',0,19,0,1,'in_stock',0,3,1,0,1030,824,NULL,NULL,16,11,19,735,NULL,0,'2025-03-31 21:07:59','2025-03-31 21:07:59',NULL,0,'Botble\\ACL\\Models\\User',0,NULL,'digital',NULL,NULL,0,0,0,0,NULL),(80,'Faux Fur Trimmed Coat',NULL,NULL,'published','[\"main\\/products\\/product-18.jpg\"]',NULL,'UJ-144-A1',0,19,0,1,'in_stock',0,3,1,0,1284,NULL,NULL,NULL,18,20,11,866,NULL,0,'2025-03-31 21:07:59','2025-03-31 21:07:59',NULL,0,'Botble\\ACL\\Models\\User',0,NULL,'physical',NULL,NULL,0,0,0,0,NULL),(81,'Faux Fur Trimmed Coat',NULL,NULL,'published','[\"main\\/products\\/product-11.jpg\"]',NULL,'UJ-144-A1-A2',0,19,0,1,'in_stock',0,3,1,0,1284,NULL,NULL,NULL,18,20,11,866,NULL,0,'2025-03-31 21:07:59','2025-03-31 21:07:59',NULL,0,'Botble\\ACL\\Models\\User',0,NULL,'physical',NULL,NULL,0,0,0,0,NULL),(82,'Faux Fur Trimmed Coat',NULL,NULL,'published','[\"main\\/products\\/product-4.jpg\"]',NULL,'UJ-144-A1-A3',0,19,0,1,'in_stock',0,3,1,0,1284,NULL,NULL,NULL,18,20,11,866,NULL,0,'2025-03-31 21:07:59','2025-03-31 21:07:59',NULL,0,'Botble\\ACL\\Models\\User',0,NULL,'physical',NULL,NULL,0,0,0,0,NULL),(83,'Boho Fringed Kimono (Digital)',NULL,NULL,'published','[\"main\\/products\\/product-18.jpg\"]',NULL,'Q8-154-A1',0,12,0,1,'in_stock',0,5,1,0,1554,1243.2,NULL,NULL,11,17,10,880,NULL,0,'2025-03-31 21:07:59','2025-03-31 21:08:00',NULL,0,'Botble\\ACL\\Models\\User',0,NULL,'digital',NULL,NULL,0,0,0,0,NULL),(84,'Boho Fringed Kimono (Digital)',NULL,NULL,'published','[\"main\\/products\\/product-12.jpg\"]',NULL,'Q8-154-A1-A2',0,12,0,1,'in_stock',0,5,1,0,1554,1289.82,NULL,NULL,11,17,10,880,NULL,0,'2025-03-31 21:07:59','2025-03-31 21:08:00',NULL,0,'Botble\\ACL\\Models\\User',0,NULL,'digital',NULL,NULL,0,0,0,0,NULL),(85,'Beaded Evening Clutch',NULL,NULL,'published','[\"main\\/products\\/product-details-desc-2.jpg\"]',NULL,'9L-129-A1',0,20,0,1,'in_stock',0,3,1,0,259,NULL,NULL,NULL,20,11,10,704,NULL,0,'2025-03-31 21:07:59','2025-03-31 21:08:00',NULL,0,'Botble\\ACL\\Models\\User',0,NULL,'physical',NULL,NULL,0,0,0,0,NULL),(86,'Beaded Evening Clutch',NULL,NULL,'published','[\"main\\/products\\/product-7.jpg\"]',NULL,'9L-129-A1-A2',0,20,0,1,'in_stock',0,3,1,0,259,NULL,NULL,NULL,20,11,10,704,NULL,0,'2025-03-31 21:07:59','2025-03-31 21:08:00',NULL,0,'Botble\\ACL\\Models\\User',0,NULL,'physical',NULL,NULL,0,0,0,0,NULL),(87,'Beaded Evening Clutch',NULL,NULL,'published','[\"main\\/products\\/product-20.jpg\"]',NULL,'9L-129-A1-A3',0,20,0,1,'in_stock',0,3,1,0,259,NULL,NULL,NULL,20,11,10,704,NULL,0,'2025-03-31 21:07:59','2025-03-31 21:08:00',NULL,0,'Botble\\ACL\\Models\\User',0,NULL,'physical',NULL,NULL,0,0,0,0,NULL),(88,'Denim Overall Jumpsuit (Digital)',NULL,NULL,'published','[\"main\\/products\\/product-details-desc-3.jpg\"]',NULL,'I0-183-A1',0,19,0,1,'in_stock',0,2,1,0,1386,1247.4,NULL,NULL,11,20,14,859,NULL,0,'2025-03-31 21:07:59','2025-03-31 21:08:00',NULL,0,'Botble\\ACL\\Models\\User',0,NULL,'digital',NULL,NULL,0,0,0,0,NULL),(89,'Denim Overall Jumpsuit (Digital)',NULL,NULL,'published','[\"main\\/products\\/product-11.jpg\"]',NULL,'I0-183-A1-A2',0,19,0,1,'in_stock',0,2,1,0,1386,1122.66,NULL,NULL,11,20,14,859,NULL,0,'2025-03-31 21:07:59','2025-03-31 21:08:00',NULL,0,'Botble\\ACL\\Models\\User',0,NULL,'digital',NULL,NULL,0,0,0,0,NULL),(90,'Pleated Midi Skirt',NULL,NULL,'published','[\"main\\/products\\/product-15.jpg\"]',NULL,'PZ-183-A1',0,15,0,1,'in_stock',0,3,1,0,1105,NULL,NULL,NULL,13,15,14,667,NULL,0,'2025-03-31 21:07:59','2025-03-31 21:08:00',NULL,0,'Botble\\ACL\\Models\\User',0,NULL,'physical',NULL,NULL,0,0,0,0,NULL),(91,'Buckle Detail Ankle Booties',NULL,NULL,'published','[\"main\\/products\\/product-6.jpg\"]',NULL,'WL-129-A1',0,19,0,1,'in_stock',0,1,1,0,883,NULL,NULL,NULL,14,15,12,834,NULL,0,'2025-03-31 21:07:59','2025-03-31 21:08:00',NULL,0,'Botble\\ACL\\Models\\User',0,NULL,'physical',NULL,NULL,0,0,0,0,NULL),(92,'Buckle Detail Ankle Booties',NULL,NULL,'published','[\"main\\/products\\/product-14.jpg\"]',NULL,'WL-129-A1-A2',0,19,0,1,'in_stock',0,1,1,0,883,NULL,NULL,NULL,14,15,12,834,NULL,0,'2025-03-31 21:07:59','2025-03-31 21:08:00',NULL,0,'Botble\\ACL\\Models\\User',0,NULL,'physical',NULL,NULL,0,0,0,0,NULL),(93,'Embroidered Bomber Jacket',NULL,NULL,'published','[\"main\\/products\\/product-13.jpg\"]',NULL,'UJ-173-A1',0,19,0,1,'in_stock',0,4,1,0,2115,NULL,NULL,NULL,17,19,15,522,NULL,0,'2025-03-31 21:07:59','2025-03-31 21:08:00',NULL,0,'Botble\\ACL\\Models\\User',0,NULL,'physical',NULL,NULL,0,0,0,0,NULL),(94,'Embroidered Bomber Jacket',NULL,NULL,'published','[\"main\\/products\\/product-14.jpg\"]',NULL,'UJ-173-A1-A2',0,19,0,1,'in_stock',0,4,1,0,2115,NULL,NULL,NULL,17,19,15,522,NULL,0,'2025-03-31 21:07:59','2025-03-31 21:08:00',NULL,0,'Botble\\ACL\\Models\\User',0,NULL,'physical',NULL,NULL,0,0,0,0,NULL),(95,'Chunky Knit Infinity Scarf (Digital)',NULL,NULL,'published','[\"main\\/products\\/product-18.jpg\"]',NULL,'3M-171-A1',0,11,0,1,'in_stock',0,5,1,0,687,618.3,NULL,NULL,20,16,11,607,NULL,0,'2025-03-31 21:07:59','2025-03-31 21:08:00',NULL,0,'Botble\\ACL\\Models\\User',0,NULL,'digital',NULL,NULL,0,0,0,0,NULL),(96,'Chunky Knit Infinity Scarf (Digital)',NULL,NULL,'published','[\"main\\/products\\/product-12.jpg\"]',NULL,'3M-171-A1-A2',0,11,0,1,'in_stock',0,5,1,0,687,515.25,NULL,NULL,20,16,11,607,NULL,0,'2025-03-31 21:07:59','2025-03-31 21:08:00',NULL,0,'Botble\\ACL\\Models\\User',0,NULL,'digital',NULL,NULL,0,0,0,0,NULL),(97,'Retro High-Top Sneakers',NULL,NULL,'published','[\"main\\/products\\/product-10.jpg\"]',NULL,'FX-128-A1',0,16,0,1,'in_stock',0,5,1,0,1310,NULL,NULL,NULL,19,12,13,540,NULL,0,'2025-03-31 21:07:59','2025-03-31 21:08:00',NULL,0,'Botble\\ACL\\Models\\User',0,NULL,'physical',NULL,NULL,0,0,0,0,NULL),(98,'Retro High-Top Sneakers',NULL,NULL,'published','[\"main\\/products\\/product-17.jpg\"]',NULL,'FX-128-A1-A2',0,16,0,1,'in_stock',0,5,1,0,1310,NULL,NULL,NULL,19,12,13,540,NULL,0,'2025-03-31 21:07:59','2025-03-31 21:08:00',NULL,0,'Botble\\ACL\\Models\\User',0,NULL,'physical',NULL,NULL,0,0,0,0,NULL),(99,'Retro High-Top Sneakers',NULL,NULL,'published','[\"main\\/products\\/product-18.jpg\"]',NULL,'FX-128-A1-A3',0,16,0,1,'in_stock',0,5,1,0,1310,NULL,NULL,NULL,19,12,13,540,NULL,0,'2025-03-31 21:07:59','2025-03-31 21:08:00',NULL,0,'Botble\\ACL\\Models\\User',0,NULL,'physical',NULL,NULL,0,0,0,0,NULL),(100,'Faux Leather Leggings',NULL,NULL,'published','[\"main\\/products\\/product-2.jpg\"]',NULL,'8Y-104-A1',0,19,0,1,'in_stock',0,5,1,0,2188,NULL,NULL,NULL,12,16,19,721,NULL,0,'2025-03-31 21:07:59','2025-03-31 21:08:00',NULL,0,'Botble\\ACL\\Models\\User',0,NULL,'physical',NULL,NULL,0,0,0,0,NULL),(101,'Faux Leather Leggings',NULL,NULL,'published','[\"main\\/products\\/product-details-desc-1.jpg\"]',NULL,'8Y-104-A1-A2',0,19,0,1,'in_stock',0,5,1,0,2188,NULL,NULL,NULL,12,16,19,721,NULL,0,'2025-03-31 21:07:59','2025-03-31 21:08:00',NULL,0,'Botble\\ACL\\Models\\User',0,NULL,'physical',NULL,NULL,0,0,0,0,NULL);

--
