--
-- Host: 127.0.0.1    Database: shofy
-- ------------------------------------------------------


--
-- Table structure for table `activations`
--

CREATE TABLE `activations` (
  `id` bigint unsigned NOT NULL AUTO_INCREMENT,
  `user_id` bigint unsigned NOT NULL,
  `code` varchar(120) COLLATE utf8mb4_unicode_ci NOT NULL,
  `completed` tinyint(1) NOT NULL DEFAULT '0',
  `completed_at` timestamp NULL DEFAULT NULL,
  `created_at` timestamp NULL DEFAULT NULL,
  `updated_at` timestamp NULL DEFAULT NULL,
  PRIMARY KEY (`id`),
  KEY `activations_user_id_index` (`user_id`)
) ENGINE=InnoDB AUTO_INCREMENT=2 DEFAULT CHARSET=utf8mb4 COLLATE=utf8mb4_unicode_ci;

--
-- Dumping data for table `activations`
--

INSERT INTO `activations` VALUES (1,1,'O2Giz0v6W9ONnXYrQxKHGJxu9nkgXknm',1,'2025-03-31 21:08:34','2025-03-31 21:08:34','2025-03-31 21:08:34');

--
-- Table structure for table `admin_notifications`
--

CREATE TABLE `admin_notifications` (
  `id` bigint unsigned NOT NULL AUTO_INCREMENT,
  `title` varchar(191) COLLATE utf8mb4_unicode_ci NOT NULL,
  `action_label` varchar(191) COLLATE utf8mb4_unicode_ci DEFAULT NULL,
  `action_url` varchar(191) COLLATE utf8mb4_unicode_ci DEFAULT NULL,
  `description` varchar(400) COLLATE utf8mb4_unicode_ci DEFAULT NULL,
  `read_at` timestamp NULL DEFAULT NULL,
  `created_at` timestamp NULL DEFAULT NULL,
  `updated_at` timestamp NULL DEFAULT NULL,
  `permission` varchar(191) COLLATE utf8mb4_unicode_ci DEFAULT NULL,
  PRIMARY KEY (`id`)
) ENGINE=InnoDB DEFAULT CHARSET=utf8mb4 COLLATE=utf8mb4_unicode_ci;

--
-- Dumping data for table `admin_notifications`
--


--
-- Table structure for table `ads_translations`
--

CREATE TABLE `ads_translations` (
  `lang_code` varchar(191) COLLATE utf8mb4_unicode_ci NOT NULL,
  `ads_id` bigint unsigned NOT NULL,
  `name` varchar(191) COLLATE utf8mb4_unicode_ci DEFAULT NULL,
  `image` varchar(191) COLLATE utf8mb4_unicode_ci DEFAULT NULL,
  `url` varchar(191) COLLATE utf8mb4_unicode_ci DEFAULT NULL,
  PRIMARY KEY (`lang_code`,`ads_id`)
) ENGINE=InnoDB DEFAULT CHARSET=utf8mb4 COLLATE=utf8mb4_unicode_ci;

--
-- Dumping data for table `ads_translations`
--


--
-- Table structure for table `announcements`
--

CREATE TABLE `announcements` (
  `id` bigint unsigned NOT NULL AUTO_INCREMENT,
  `name` varchar(191) COLLATE utf8mb4_unicode_ci NOT NULL,
  `content` text COLLATE utf8mb4_unicode_ci NOT NULL,
  `has_action` tinyint(1) NOT NULL DEFAULT '0',
  `action_label` varchar(60) COLLATE utf8mb4_unicode_ci DEFAULT NULL,
  `action_url` varchar(400) COLLATE utf8mb4_unicode_ci DEFAULT NULL,
  `action_open_new_tab` tinyint(1) NOT NULL DEFAULT '0',
  `dismissible` tinyint(1) NOT NULL DEFAULT '0',
  `start_date` datetime DEFAULT NULL,
  `end_date` datetime DEFAULT NULL,
  `is_active` tinyint(1) NOT NULL DEFAULT '1',
  `created_at` timestamp NULL DEFAULT NULL,
  `updated_at` timestamp NULL DEFAULT NULL,
  PRIMARY KEY (`id`)
) ENGINE=InnoDB AUTO_INCREMENT=4 DEFAULT CHARSET=utf8mb4 COLLATE=utf8mb4_unicode_ci;

--
-- Dumping data for table `announcements`
--

INSERT INTO `announcements` VALUES (1,'Announcement 1','Enjoy free shipping on all orders over $99! Shop now and save on delivery costs.',0,NULL,NULL,0,1,'2025-04-01 04:08:43',NULL,1,'2025-03-31 21:08:43','2025-03-31 21:08:43'),(2,'Announcement 2','Need assistance? Our customer support is available 24/7 to help you with any questions or concerns.',0,NULL,NULL,0,1,'2025-04-01 04:08:43',NULL,1,'2025-03-31 21:08:43','2025-03-31 21:08:43'),(3,'Announcement 3','Shop with confidence! We offer a hassle-free 30 days return service for your peace of mind.',0,NULL,NULL,0,1,'2025-04-01 04:08:43',NULL,1,'2025-03-31 21:08:43','2025-03-31 21:08:43');

--
-- Table structure for table `announcements_translations`
--

CREATE TABLE `announcements_translations` (
  `lang_code` varchar(191) COLLATE utf8mb4_unicode_ci NOT NULL,
  `announcements_id` bigint unsigned NOT NULL,
  `content` text COLLATE utf8mb4_unicode_ci,
  `action_label` varchar(60) COLLATE utf8mb4_unicode_ci DEFAULT NULL,
  PRIMARY KEY (`lang_code`,`announcements_id`)
) ENGINE=InnoDB DEFAULT CHARSET=utf8mb4 COLLATE=utf8mb4_unicode_ci;

--
-- Dumping data for table `announcements_translations`
--


--
-- Table structure for table `audit_histories`
--

CREATE TABLE `audit_histories` (
  `id` bigint unsigned NOT NULL AUTO_INCREMENT,
  `user_id` bigint unsigned NOT NULL,
  `module` varchar(60) COLLATE utf8mb4_unicode_ci NOT NULL,
  `request` longtext COLLATE utf8mb4_unicode_ci,
  `action` varchar(120) COLLATE utf8mb4_unicode_ci NOT NULL,
  `user_agent` text COLLATE utf8mb4_unicode_ci,
  `ip_address` varchar(45) COLLATE utf8mb4_unicode_ci DEFAULT NULL,
  `reference_user` bigint unsigned NOT NULL,
  `reference_id` bigint unsigned NOT NULL,
  `reference_name` varchar(191) COLLATE utf8mb4_unicode_ci NOT NULL,
  `type` varchar(20) COLLATE utf8mb4_unicode_ci NOT NULL,
  `created_at` timestamp NULL DEFAULT NULL,
  `updated_at` timestamp NULL DEFAULT NULL,
  PRIMARY KEY (`id`),
  KEY `audit_histories_user_id_index` (`user_id`),
  KEY `audit_histories_module_index` (`module`)
) ENGINE=InnoDB DEFAULT CHARSET=utf8mb4 COLLATE=utf8mb4_unicode_ci;

--
-- Dumping data for table `audit_histories`
--


--
-- Table structure for table `cache`
--

CREATE TABLE `cache` (
  `key` varchar(191) COLLATE utf8mb4_unicode_ci NOT NULL,
  `value` mediumtext COLLATE utf8mb4_unicode_ci NOT NULL,
  `expiration` int NOT NULL,
  PRIMARY KEY (`key`)
) ENGINE=InnoDB DEFAULT CHARSET=utf8mb4 COLLATE=utf8mb4_unicode_ci;

--
-- Dumping data for table `cache`
--


--
-- Table structure for table `cache_locks`
--

CREATE TABLE `cache_locks` (
  `key` varchar(191) COLLATE utf8mb4_unicode_ci NOT NULL,
  `owner` varchar(191) COLLATE utf8mb4_unicode_ci NOT NULL,
  `expiration` int NOT NULL,
  PRIMARY KEY (`key`)
) ENGINE=InnoDB DEFAULT CHARSET=utf8mb4 COLLATE=utf8mb4_unicode_ci;

--
-- Dumping data for table `cache_locks`
--


--
-- Table structure for table `categories`
--

CREATE TABLE `categories` (
  `id` bigint unsigned NOT NULL AUTO_INCREMENT,
  `name` varchar(120) COLLATE utf8mb4_unicode_ci NOT NULL,
  `parent_id` bigint unsigned NOT NULL DEFAULT '0',
  `description` varchar(400) COLLATE utf8mb4_unicode_ci DEFAULT NULL,
  `status` varchar(60) COLLATE utf8mb4_unicode_ci NOT NULL DEFAULT 'published',
  `author_id` bigint unsigned DEFAULT NULL,
  `author_type` varchar(191) COLLATE utf8mb4_unicode_ci NOT NULL DEFAULT 'Botble\\ACL\\Models\\User',
  `icon` varchar(60) COLLATE utf8mb4_unicode_ci DEFAULT NULL,
  `order` int unsigned NOT NULL DEFAULT '0',
  `is_featured` tinyint NOT NULL DEFAULT '0',
  `is_default` tinyint unsigned NOT NULL DEFAULT '0',
  `created_at` timestamp NULL DEFAULT NULL,
  `updated_at` timestamp NULL DEFAULT NULL,
  PRIMARY KEY (`id`),
  KEY `categories_parent_id_index` (`parent_id`),
  KEY `categories_status_index` (`status`),
  KEY `categories_created_at_index` (`created_at`)
) ENGINE=InnoDB AUTO_INCREMENT=7 DEFAULT CHARSET=utf8mb4 COLLATE=utf8mb4_unicode_ci;

--
-- Dumping data for table `categories`
--

INSERT INTO `categories` VALUES (1,'Crisp Bread &amp; Cake',0,'Dolores ea non placeat amet nulla perferendis autem quod. Consequatur harum quis reprehenderit et. Recusandae iure modi excepturi in et.','published',1,'Botble\\ACL\\Models\\User',NULL,0,0,0,'2025-03-31 21:08:40','2025-03-31 21:08:40'),(2,'Fashion',0,'Ab sequi ut eum repellat nobis qui. Voluptas ex nulla laudantium aut. Laboriosam aut nesciunt adipisci eos. Excepturi quis vel officia cupiditate. Aperiam autem saepe sed.','published',1,'Botble\\ACL\\Models\\User',NULL,0,1,0,'2025-03-31 21:08:40','2025-03-31 21:08:40'),(3,'Electronic',0,'Sunt iure aliquam tempora quo porro sapiente. Et est nihil repudiandae nihil. Nihil omnis et veniam quia qui debitis velit. Culpa necessitatibus inventore tenetur asperiores quia.','published',1,'Botble\\ACL\\Models\\User',NULL,0,1,0,'2025-03-31 21:08:40','2025-03-31 21:08:40'),(4,'Commercial',0,'Culpa at et quam quasi. Iusto sunt a recusandae quam voluptas ratione commodi culpa. Distinctio asperiores rerum quisquam vero quia non. Cum molestias rem iure architecto.','published',1,'Botble\\ACL\\Models\\User',NULL,0,1,0,'2025-03-31 21:08:40','2025-03-31 21:08:40'),(5,'Organic Fruits',0,'Laboriosam perferendis aliquam excepturi. Aut consequatur reiciendis incidunt vel ea quas. Eius ratione in omnis sed culpa nihil.','published',1,'Botble\\ACL\\Models\\User',NULL,0,1,0,'2025-03-31 21:08:40','2025-03-31 21:08:40'),(6,'Ecological',0,'Totam nam laudantium unde. Occaecati voluptatem inventore quam sed quia accusamus. Quo numquam minus consequatur veniam dicta quia quasi.','published',1,'Botble\\ACL\\Models\\User',NULL,0,1,0,'2025-03-31 21:08:40','2025-03-31 21:08:40');

--
-- Table structure for table `categories_translations`
--

CREATE TABLE `categories_translations` (
  `lang_code` varchar(20) COLLATE utf8mb4_unicode_ci NOT NULL,
  `categories_id` bigint unsigned NOT NULL,
  `name` varchar(191) COLLATE utf8mb4_unicode_ci DEFAULT NULL,
  `description` varchar(400) COLLATE utf8mb4_unicode_ci DEFAULT NULL,
  PRIMARY KEY (`lang_code`,`categories_id`)
) ENGINE=InnoDB DEFAULT CHARSET=utf8mb4 COLLATE=utf8mb4_unicode_ci;

--
-- Dumping data for table `categories_translations`
--


--
-- Table structure for table `cities`
--

CREATE TABLE `cities` (
  `id` bigint unsigned NOT NULL AUTO_INCREMENT,
  `name` varchar(120) COLLATE utf8mb4_unicode_ci NOT NULL,
  `slug` varchar(120) COLLATE utf8mb4_unicode_ci DEFAULT NULL,
  `state_id` bigint unsigned DEFAULT NULL,
  `country_id` bigint unsigned DEFAULT NULL,
  `record_id` varchar(40) COLLATE utf8mb4_unicode_ci DEFAULT NULL,
  `order` tinyint NOT NULL DEFAULT '0',
  `image` varchar(191) COLLATE utf8mb4_unicode_ci DEFAULT NULL,
  `is_default` tinyint unsigned NOT NULL DEFAULT '0',
  `status` varchar(60) COLLATE utf8mb4_unicode_ci NOT NULL DEFAULT 'published',
  `created_at` timestamp NULL DEFAULT NULL,
  `updated_at` timestamp NULL DEFAULT NULL,
  `zip_code` varchar(20) COLLATE utf8mb4_unicode_ci DEFAULT NULL,
  PRIMARY KEY (`id`),
  UNIQUE KEY `cities_slug_unique` (`slug`)
) ENGINE=InnoDB DEFAULT CHARSET=utf8mb4 COLLATE=utf8mb4_unicode_ci;

--
-- Dumping data for table `cities`
--


--
-- Table structure for table `cities_translations`
--

CREATE TABLE `cities_translations` (
  `lang_code` varchar(20) COLLATE utf8mb4_unicode_ci NOT NULL,
  `cities_id` bigint unsigned NOT NULL,
  `name` varchar(120) COLLATE utf8mb4_unicode_ci DEFAULT NULL,
  `slug` varchar(120) COLLATE utf8mb4_unicode_ci DEFAULT NULL,
  PRIMARY KEY (`lang_code`,`cities_id`)
) ENGINE=InnoDB DEFAULT CHARSET=utf8mb4 COLLATE=utf8mb4_unicode_ci;

--
-- Dumping data for table `cities_translations`
--


--
-- Table structure for table `contact_custom_field_options`
--

CREATE TABLE `contact_custom_field_options` (
  `id` bigint unsigned NOT NULL AUTO_INCREMENT,
  `custom_field_id` bigint unsigned NOT NULL,
  `label` varchar(191) COLLATE utf8mb4_unicode_ci DEFAULT NULL,
  `value` varchar(191) COLLATE utf8mb4_unicode_ci NOT NULL,
  `order` int NOT NULL DEFAULT '999',
  `created_at` timestamp NULL DEFAULT NULL,
  `updated_at` timestamp NULL DEFAULT NULL,
  PRIMARY KEY (`id`)
) ENGINE=InnoDB DEFAULT CHARSET=utf8mb4 COLLATE=utf8mb4_unicode_ci;

--
-- Dumping data for table `contact_custom_field_options`
--


--
-- Table structure for table `contact_custom_field_options_translations`
--

CREATE TABLE `contact_custom_field_options_translations` (
  `contact_custom_field_options_id` bigint unsigned NOT NULL,
  `lang_code` varchar(191) COLLATE utf8mb4_unicode_ci NOT NULL,
  `label` varchar(191) COLLATE utf8mb4_unicode_ci DEFAULT NULL,
  `value` varchar(191) COLLATE utf8mb4_unicode_ci DEFAULT NULL,
  PRIMARY KEY (`lang_code`,`contact_custom_field_options_id`)
) ENGINE=InnoDB DEFAULT CHARSET=utf8mb4 COLLATE=utf8mb4_unicode_ci;

--
-- Dumping data for table `contact_custom_field_options_translations`
--


--
-- Table structure for table `contact_custom_fields`
--

CREATE TABLE `contact_custom_fields` (
  `id` bigint unsigned NOT NULL AUTO_INCREMENT,
  `type` varchar(191) COLLATE utf8mb4_unicode_ci NOT NULL,
  `required` tinyint(1) NOT NULL DEFAULT '0',
  `name` varchar(191) COLLATE utf8mb4_unicode_ci NOT NULL,
  `placeholder` varchar(191) COLLATE utf8mb4_unicode_ci DEFAULT NULL,
  `order` int NOT NULL DEFAULT '999',
  `status` varchar(191) COLLATE utf8mb4_unicode_ci NOT NULL DEFAULT 'published',
  `created_at` timestamp NULL DEFAULT NULL,
  `updated_at` timestamp NULL DEFAULT NULL,
  PRIMARY KEY (`id`)
) ENGINE=InnoDB DEFAULT CHARSET=utf8mb4 COLLATE=utf8mb4_unicode_ci;

--
-- Dumping data for table `contact_custom_fields`
--


--
-- Table structure for table `contact_custom_fields_translations`
--

CREATE TABLE `contact_custom_fields_translations` (
  `contact_custom_fields_id` bigint unsigned NOT NULL,
  `lang_code` varchar(191) COLLATE utf8mb4_unicode_ci NOT NULL,
  `name` varchar(191) COLLATE utf8mb4_unicode_ci DEFAULT NULL,
  `placeholder` varchar(191) COLLATE utf8mb4_unicode_ci DEFAULT NULL,
  PRIMARY KEY (`lang_code`,`contact_custom_fields_id`)
) ENGINE=InnoDB DEFAULT CHARSET=utf8mb4 COLLATE=utf8mb4_unicode_ci;

--
-- Dumping data for table `contact_custom_fields_translations`
--


--
-- Table structure for table `contact_replies`
--

CREATE TABLE `contact_replies` (
  `id` bigint unsigned NOT NULL AUTO_INCREMENT,
  `message` longtext COLLATE utf8mb4_unicode_ci NOT NULL,
  `contact_id` bigint unsigned NOT NULL,
  `created_at` timestamp NULL DEFAULT NULL,
  `updated_at` timestamp NULL DEFAULT NULL,
  PRIMARY KEY (`id`)
) ENGINE=InnoDB DEFAULT CHARSET=utf8mb4 COLLATE=utf8mb4_unicode_ci;

--
-- Dumping data for table `contact_replies`
--


--
-- Table structure for table `contacts`
--

CREATE TABLE `contacts` (
  `id` bigint unsigned NOT NULL AUTO_INCREMENT,
  `name` varchar(60) COLLATE utf8mb4_unicode_ci NOT NULL,
  `email` varchar(60) COLLATE utf8mb4_unicode_ci DEFAULT NULL,
  `phone` varchar(60) COLLATE utf8mb4_unicode_ci DEFAULT NULL,
  `address` varchar(120) COLLATE utf8mb4_unicode_ci DEFAULT NULL,
  `subject` varchar(120) COLLATE utf8mb4_unicode_ci DEFAULT NULL,
  `content` longtext COLLATE utf8mb4_unicode_ci NOT NULL,
  `custom_fields` text COLLATE utf8mb4_unicode_ci,
  `status` varchar(60) COLLATE utf8mb4_unicode_ci NOT NULL DEFAULT 'unread',
  `created_at` timestamp NULL DEFAULT NULL,
  `updated_at` timestamp NULL DEFAULT NULL,
  PRIMARY KEY (`id`)
) ENGINE=InnoDB AUTO_INCREMENT=11 DEFAULT CHARSET=utf8mb4 COLLATE=utf8mb4_unicode_ci;

--
-- Dumping data for table `contacts`
--

INSERT INTO `contacts` VALUES (1,'Jon Greenfelder','ffunk@example.com','(956) 764-4850','449 Abbigail Lights\nSmithammouth, IA 94616-2954','Id pariatur qui accusantium officia.','Omnis ratione nisi a fuga corrupti. Optio laudantium magnam qui dolor recusandae. Corrupti nisi eum odio ab. Ipsam sed aliquid velit omnis porro cumque. Voluptas incidunt labore alias aliquam. Est totam veritatis aut consequatur. Vel quae assumenda similique cupiditate qui sed. Eaque et optio ad est necessitatibus. Aspernatur et earum quam sit excepturi molestias. Praesentium qui illo odio consequatur maiores quia.',NULL,'unread','2025-03-31 21:08:38','2025-03-31 21:08:38'),(2,'Savannah Keebler','sigurd.fay@example.org','409.352.6155','2685 Cecil Inlet\nWest Rydershire, VA 88989-3332','Qui asperiores sed nam et tempore eum.','Labore vel omnis nulla. Laborum reiciendis veritatis quo enim culpa. Voluptatum eos odit atque ipsum et architecto. Repellat id corrupti temporibus. Doloribus voluptatem molestias iusto sunt debitis quas id. Nihil ipsam provident id odit voluptatem unde aspernatur. Ratione officia velit ut impedit quis aut dolor aliquid. Omnis blanditiis modi ipsam quia iste suscipit a sit. Ratione nisi et beatae labore voluptate. Fugiat adipisci odit aut blanditiis ullam odio.',NULL,'read','2025-03-31 21:08:38','2025-03-31 21:08:38'),(3,'Mrs. Lily Leannon PhD','francisca87@example.com','(480) 605-4357','70058 Jaclyn Spring Apt. 758\nNew Tyrese, NC 20151-1833','Quidem ad quasi autem nesciunt.','Beatae deleniti voluptate est ea aut. Quas et enim nobis sit animi beatae. Dicta aut quam est iusto voluptatem quia earum nesciunt. Praesentium itaque libero ea enim. Soluta molestiae exercitationem doloremque dolor eaque voluptatem quam. Temporibus sit soluta expedita non ut est optio laboriosam. Temporibus ipsa numquam optio. Vero culpa rerum officia omnis ut repudiandae possimus. Veniam qui in sint ea accusantium. Voluptatem sed officiis voluptates facere dicta esse in.',NULL,'unread','2025-03-31 21:08:38','2025-03-31 21:08:38'),(4,'Marcelle Heidenreich','jones.mireille@example.com','(283) 831-8418','76547 Hazel Villages Apt. 032\nNew Brianne, MS 05987','Voluptate vel aut ut quibusdam qui.','Quisquam est aut dolore incidunt enim blanditiis facere id. Corrupti natus libero quas eum repellat. Nisi eos animi itaque omnis optio. Ea est aut itaque qui rerum quo. Saepe dicta ratione aut dolor omnis. Inventore adipisci dolor voluptatum nisi harum recusandae et. Porro ut aliquam sunt sit. Eaque dolores saepe dolor beatae. Quod qui animi qui aut beatae porro quia. Ut non doloribus laudantium sit provident aut sit.',NULL,'unread','2025-03-31 21:08:38','2025-03-31 21:08:38'),(5,'Payton Schuppe','kelly.anderson@example.org','1-989-270-3612','317 Leffler Ridge\nWest Mollie, NV 45568-4153','A et sunt sint libero quibusdam.','Totam cumque incidunt blanditiis sunt ut vel amet. Aut quis ut sint. Ea dolorem repellat id sunt quos. Consectetur voluptatibus aut omnis odio alias. A eligendi rerum omnis magnam. Vitae laborum quaerat quia ut dignissimos. Reiciendis doloribus voluptatibus nam est officia dolorum. Ipsa deleniti qui quam dolorem a. Et sint iusto est ad accusamus. Dolorum in ratione perspiciatis expedita at.',NULL,'read','2025-03-31 21:08:38','2025-03-31 21:08:38'),(6,'Mr. Emmanuel Shields','karson.sanford@example.net','+1.315.221.0988','492 Luna Avenue\nLebsackstad, DE 34773-3928','Pariatur similique atque veniam id est.','Tempore voluptatem voluptatem tempora nihil magni. Ex et voluptas eligendi accusantium. Temporibus animi optio aut consequatur debitis odio. Tempora itaque sed quia blanditiis vel sunt eum. Assumenda dolorum saepe consectetur id voluptatem eum reiciendis ut. Ea nemo hic quasi ipsam nobis et. Sunt sed qui blanditiis aut sequi quasi.',NULL,'read','2025-03-31 21:08:38','2025-03-31 21:08:38'),(7,'Ada Mueller','sdaniel@example.org','+1.510.518.1334','6830 Oran Dam Suite 301\nLake Glenland, DE 04966','Deserunt eos vero adipisci.','Quasi accusantium excepturi ratione culpa voluptate amet velit. Impedit itaque est aliquam error. At voluptas reiciendis voluptas quia et. Autem quas et minus ipsum ducimus. Doloribus perspiciatis ut recusandae est nemo doloremque. Velit magnam et ea consequatur. In porro possimus ut sapiente. Aperiam quia accusantium quia ut. Et aut commodi est quae laudantium quia. Voluptas velit rerum ullam distinctio officiis.',NULL,'read','2025-03-31 21:08:38','2025-03-31 21:08:38'),(8,'Denis Schmeler DDS','enrique29@example.net','(608) 274-7625','287 Andres Islands\nBarryland, IN 03972','Odit ut ipsum iste iusto molestias et.','Omnis quae eveniet et doloribus sit quo. Culpa tenetur et aperiam nihil. Quisquam veniam cupiditate soluta. Officia aut fuga accusamus aliquid labore corporis. Doloribus nihil et consequuntur reprehenderit quo ducimus. Voluptas sunt et nulla. Et quis vero assumenda voluptas aut mollitia aut. Error inventore accusamus velit placeat enim non. Hic nulla exercitationem accusamus repellendus iusto tempore.',NULL,'unread','2025-03-31 21:08:38','2025-03-31 21:08:38'),(9,'Dennis Bechtelar II','loma50@example.net','+1-254-492-5699','149 Herzog Summit Apt. 849\nLeannonside, ID 55546-5384','Aut molestiae possimus dolore.','A aut facere fugiat ex aspernatur. Modi nihil magnam nihil enim illum esse. Harum cum nisi dicta corporis. Excepturi et non nulla rerum vel vel. Enim eligendi quia rem. Voluptatem dolores aut accusamus. At ut quis optio tenetur. Maiores adipisci suscipit veniam aspernatur eum amet et. Qui sit totam distinctio dolor provident sit. Optio dolor ullam ut atque quidem voluptas quis. Repudiandae eos accusamus voluptas facere atque dolorem quia.',NULL,'unread','2025-03-31 21:08:38','2025-03-31 21:08:38'),(10,'Sadie Sanford','graham.chanelle@example.com','+1 (520) 887-3271','97778 Krista Fork\nJefferyberg, IN 10780-7535','Culpa nemo omnis et ad est in adipisci.','Officiis fugiat iste ea sit nihil eos dolores. Aliquam at doloremque omnis cumque. Corrupti consequatur id ea ipsam voluptatem. Ducimus sit modi libero laboriosam atque est. Deleniti optio voluptatem magnam id porro itaque omnis. Ut fugit molestiae aperiam dolore architecto eos. Ullam ex neque sint eligendi aut rem enim impedit. Rerum labore incidunt ipsum laborum quisquam voluptas. Ratione laborum ipsum qui est eos. Omnis fugiat voluptates quo sed enim.',NULL,'unread','2025-03-31 21:08:38','2025-03-31 21:08:38');

--
-- Table structure for table `countries`
--

CREATE TABLE `countries` (
  `id` bigint unsigned NOT NULL AUTO_INCREMENT,
  `name` varchar(120) COLLATE utf8mb4_unicode_ci NOT NULL,
  `nationality` varchar(120) COLLATE utf8mb4_unicode_ci DEFAULT NULL,
  `order` tinyint NOT NULL DEFAULT '0',
  `image` varchar(191) COLLATE utf8mb4_unicode_ci DEFAULT NULL,
  `is_default` tinyint unsigned NOT NULL DEFAULT '0',
  `status` varchar(60) COLLATE utf8mb4_unicode_ci NOT NULL DEFAULT 'published',
  `created_at` timestamp NULL DEFAULT NULL,
  `updated_at` timestamp NULL DEFAULT NULL,
  `code` varchar(10) COLLATE utf8mb4_unicode_ci DEFAULT NULL,
  PRIMARY KEY (`id`)
) ENGINE=InnoDB DEFAULT CHARSET=utf8mb4 COLLATE=utf8mb4_unicode_ci;

--
-- Dumping data for table `countries`
--


--
-- Table structure for table `countries_translations`
--

CREATE TABLE `countries_translations` (
  `lang_code` varchar(20) COLLATE utf8mb4_unicode_ci NOT NULL,
  `countries_id` bigint unsigned NOT NULL,
  `name` varchar(120) COLLATE utf8mb4_unicode_ci DEFAULT NULL,
  `nationality` varchar(120) COLLATE utf8mb4_unicode_ci DEFAULT NULL,
  PRIMARY KEY (`lang_code`,`countries_id`)
) ENGINE=InnoDB DEFAULT CHARSET=utf8mb4 COLLATE=utf8mb4_unicode_ci;

--
-- Dumping data for table `countries_translations`
--


--
-- Table structure for table `dashboard_widget_settings`
--

CREATE TABLE `dashboard_widget_settings` (
  `id` bigint unsigned NOT NULL AUTO_INCREMENT,
  `settings` text COLLATE utf8mb4_unicode_ci,
  `user_id` bigint unsigned NOT NULL,
  `widget_id` bigint unsigned NOT NULL,
  `order` tinyint unsigned NOT NULL DEFAULT '0',
  `status` tinyint unsigned NOT NULL DEFAULT '1',
  `created_at` timestamp NULL DEFAULT NULL,
  `updated_at` timestamp NULL DEFAULT NULL,
  PRIMARY KEY (`id`),
  KEY `dashboard_widget_settings_user_id_index` (`user_id`),
  KEY `dashboard_widget_settings_widget_id_index` (`widget_id`)
) ENGINE=InnoDB DEFAULT CHARSET=utf8mb4 COLLATE=utf8mb4_unicode_ci;

--
-- Dumping data for table `dashboard_widget_settings`
--


--
-- Table structure for table `dashboard_widgets`
--

CREATE TABLE `dashboard_widgets` (
  `id` bigint unsigned NOT NULL AUTO_INCREMENT,
  `name` varchar(120) COLLATE utf8mb4_unicode_ci NOT NULL,
  `created_at` timestamp NULL DEFAULT NULL,
  `updated_at` timestamp NULL DEFAULT NULL,
  PRIMARY KEY (`id`)
) ENGINE=InnoDB DEFAULT CHARSET=utf8mb4 COLLATE=utf8mb4_unicode_ci;

--
-- Dumping data for table `dashboard_widgets`
--


--
-- Table structure for table `ec_brands`
--

CREATE TABLE `ec_brands` (
  `id` bigint unsigned NOT NULL AUTO_INCREMENT,
  `name` varchar(191) COLLATE utf8mb4_unicode_ci NOT NULL,
  `description` mediumtext COLLATE utf8mb4_unicode_ci,
  `website` varchar(191) COLLATE utf8mb4_unicode_ci DEFAULT NULL,
  `logo` varchar(191) COLLATE utf8mb4_unicode_ci DEFAULT NULL,
  `status` varchar(60) COLLATE utf8mb4_unicode_ci NOT NULL DEFAULT 'published',
  `order` tinyint unsigned NOT NULL DEFAULT '0',
  `is_featured` tinyint unsigned NOT NULL DEFAULT '0',
  `created_at` timestamp NULL DEFAULT NULL,
  `updated_at` timestamp NULL DEFAULT NULL,
  PRIMARY KEY (`id`)
) ENGINE=InnoDB AUTO_INCREMENT=6 DEFAULT CHARSET=utf8mb4 COLLATE=utf8mb4_unicode_ci;

--
-- Dumping data for table `ec_brands`
--

INSERT INTO `ec_brands` VALUES (1,'FoodPound','New Snacks Release',NULL,'main/brands/1.png','published',0,1,'2025-03-31 21:08:35','2025-03-31 21:08:35'),(2,'iTea JSC','Happy Tea 100% Organic. From $29.9',NULL,'main/brands/2.png','published',1,1,'2025-03-31 21:08:35','2025-03-31 21:08:35'),(3,'Soda Brand','Fresh Meat Sausage. BUY 2 GET 1!',NULL,'main/brands/3.png','published',2,1,'2025-03-31 21:08:35','2025-03-31 21:08:35'),(4,'Shofy','Fresh Meat Sausage. BUY 2 GET 1!',NULL,'main/brands/4.png','published',3,1,'2025-03-31 21:08:35','2025-03-31 21:08:35'),(5,'Soda Brand','Fresh Meat Sausage. BUY 2 GET 1!',NULL,'main/brands/5.png','published',4,1,'2025-03-31 21:08:35','2025-03-31 21:08:35');

--
-- Table structure for table `ec_brands_translations`
--

CREATE TABLE `ec_brands_translations` (
  `lang_code` varchar(191) COLLATE utf8mb4_unicode_ci NOT NULL,
  `ec_brands_id` bigint unsigned NOT NULL,
  `name` varchar(191) COLLATE utf8mb4_unicode_ci DEFAULT NULL,
  `description` mediumtext COLLATE utf8mb4_unicode_ci,
  PRIMARY KEY (`lang_code`,`ec_brands_id`)
) ENGINE=InnoDB DEFAULT CHARSET=utf8mb4 COLLATE=utf8mb4_unicode_ci;

--
-- Dumping data for table `ec_brands_translations`
--


--
-- Table structure for table `ec_cart`
--

CREATE TABLE `ec_cart` (
  `identifier` varchar(60) COLLATE utf8mb4_unicode_ci NOT NULL,
  `instance` varchar(60) COLLATE utf8mb4_unicode_ci NOT NULL,
  `content` longtext COLLATE utf8mb4_unicode_ci NOT NULL,
  `created_at` timestamp NULL DEFAULT NULL,
  `updated_at` timestamp NULL DEFAULT NULL,
  PRIMARY KEY (`identifier`,`instance`)
) ENGINE=InnoDB DEFAULT CHARSET=utf8mb4 COLLATE=utf8mb4_unicode_ci;

--
-- Dumping data for table `ec_cart`
--


--
-- Table structure for table `ec_currencies`
--

CREATE TABLE `ec_currencies` (
  `id` bigint unsigned NOT NULL AUTO_INCREMENT,
  `title` varchar(191) COLLATE utf8mb4_unicode_ci NOT NULL,
  `symbol` varchar(10) COLLATE utf8mb4_unicode_ci NOT NULL,
  `is_prefix_symbol` tinyint unsigned NOT NULL DEFAULT '0',
  `decimals` tinyint unsigned DEFAULT '0',
  `order` int unsigned DEFAULT '0',
  `is_default` tinyint NOT NULL DEFAULT '0',
  `exchange_rate` double NOT NULL DEFAULT '1',
  `created_at` timestamp NULL DEFAULT NULL,
  `updated_at` timestamp NULL DEFAULT NULL,
  PRIMARY KEY (`id`)
) ENGINE=InnoDB AUTO_INCREMENT=5 DEFAULT CHARSET=utf8mb4 COLLATE=utf8mb4_unicode_ci;

--
-- Dumping data for table `ec_currencies`
--

INSERT INTO `ec_currencies` VALUES (1,'USD','$',1,2,0,1,1,'2025-03-31 21:08:35','2025-03-31 21:08:35'),(2,'EUR','€',0,2,1,0,0.84,'2025-03-31 21:08:35','2025-03-31 21:08:35'),(3,'VND','₫',0,0,2,0,23203,'2025-03-31 21:08:35','2025-03-31 21:08:35'),(4,'NGN','₦',1,2,2,0,895.52,'2025-03-31 21:08:35','2025-03-31 21:08:35');

--
-- Table structure for table `ec_customer_addresses`
--

CREATE TABLE `ec_customer_addresses` (
  `id` bigint unsigned NOT NULL AUTO_INCREMENT,
  `name` varchar(191) COLLATE utf8mb4_unicode_ci NOT NULL,
  `email` varchar(60) COLLATE utf8mb4_unicode_ci DEFAULT NULL,
  `phone` varchar(20) COLLATE utf8mb4_unicode_ci DEFAULT NULL,
  `country` varchar(120) COLLATE utf8mb4_unicode_ci DEFAULT NULL,
  `state` varchar(120) COLLATE utf8mb4_unicode_ci DEFAULT NULL,
  `city` varchar(120) COLLATE utf8mb4_unicode_ci DEFAULT NULL,
  `address` varchar(191) COLLATE utf8mb4_unicode_ci DEFAULT NULL,
  `customer_id` bigint unsigned NOT NULL,
  `is_default` tinyint unsigned NOT NULL DEFAULT '0',
  `created_at` timestamp NULL DEFAULT NULL,
  `updated_at` timestamp NULL DEFAULT NULL,
  `zip_code` varchar(20) COLLATE utf8mb4_unicode_ci DEFAULT NULL,
  PRIMARY KEY (`id`)
) ENGINE=InnoDB AUTO_INCREMENT=13 DEFAULT CHARSET=utf8mb4 COLLATE=utf8mb4_unicode_ci;

--
-- Dumping data for table `ec_customer_addresses`
--

INSERT INTO `ec_customer_addresses` VALUES (1,'Kirsten Goyette','customer@botble.com','+16142277395','GM','New York','Samirberg','717 Green Canyon Apt. 313',1,1,'2025-03-31 21:08:36','2025-03-31 21:08:36','70272'),(2,'Kirsten Goyette','customer@botble.com','+14236936906','KP','Nevada','East Keven','314 Elza Walk',1,0,'2025-03-31 21:08:36','2025-03-31 21:08:36','93922'),(3,'Karianne Johnson','vendor@botble.com','+19738488190','KG','Iowa','East Bertrand','91842 Quigley Way Suite 479',2,1,'2025-03-31 21:08:36','2025-03-31 21:08:36','91130'),(4,'Karianne Johnson','vendor@botble.com','+12407681337','NO','Indiana','Madelynview','4639 Pascale Mission',2,0,'2025-03-31 21:08:36','2025-03-31 21:08:36','54472-7615'),(5,'Malika Kuhn V','reed.weissnat@example.net','+18202533795','SJ','Washington','Lake Kamren','478 Lang Glen',3,1,'2025-03-31 21:08:36','2025-03-31 21:08:36','61762-0551'),(6,'Kyler Hansen I','milton.davis@example.net','+16789641831','MF','Maryland','Duanehaven','393 Madisen Ferry',4,1,'2025-03-31 21:08:37','2025-03-31 21:08:37','80610'),(7,'Prof. Carmen Jaskolski I','fbaumbach@example.net','+15132788100','MF','Oklahoma','Larsonfort','63535 Dayana Keys Suite 399',5,1,'2025-03-31 21:08:37','2025-03-31 21:08:37','21346-8296'),(8,'Taylor Williamson','lelah.boyer@example.org','+16822382666','LR','North Carolina','South Roselyn','836 Ardella Springs Suite 756',6,1,'2025-03-31 21:08:37','2025-03-31 21:08:37','46466-0844'),(9,'Hermina Dooley','angeline.weissnat@example.org','+19156389934','CN','Florida','Luisaland','795 Karley Island Suite 258',7,1,'2025-03-31 21:08:38','2025-03-31 21:08:38','15468-2307'),(10,'Ms. Kailyn Mraz','wiegand.jaden@example.net','+12524424345','PG','Virginia','Valeriechester','842 Verla Greens Suite 628',8,1,'2025-03-31 21:08:38','2025-03-31 21:08:38','97504'),(11,'Ward Schulist','tremblay.bernice@example.org','+19014590127','GT','North Carolina','South Betteberg','8415 Bertram Mews Apt. 324',9,1,'2025-03-31 21:08:38','2025-03-31 21:08:38','63727'),(12,'Jillian Gutmann IV','fisher.rubie@example.com','+13858392876','NL','Tennessee','Donnellyville','4955 Abernathy Harbors',10,1,'2025-03-31 21:08:38','2025-03-31 21:08:38','24824-1042');

--
-- Table structure for table `ec_customer_password_resets`
--

CREATE TABLE `ec_customer_password_resets` (
  `email` varchar(191) COLLATE utf8mb4_unicode_ci NOT NULL,
  `token` varchar(191) COLLATE utf8mb4_unicode_ci NOT NULL,
  `created_at` timestamp NULL DEFAULT NULL,
  KEY `ec_customer_password_resets_email_index` (`email`),
  KEY `ec_customer_password_resets_token_index` (`token`)
) ENGINE=InnoDB DEFAULT CHARSET=utf8mb4 COLLATE=utf8mb4_unicode_ci;

--
-- Dumping data for table `ec_customer_password_resets`
--


--
-- Table structure for table `ec_customer_recently_viewed_products`
--

CREATE TABLE `ec_customer_recently_viewed_products` (
  `id` bigint unsigned NOT NULL AUTO_INCREMENT,
  `customer_id` bigint unsigned NOT NULL,
  `product_id` bigint unsigned NOT NULL,
  PRIMARY KEY (`id`)
) ENGINE=InnoDB DEFAULT CHARSET=utf8mb4 COLLATE=utf8mb4_unicode_ci;

--
-- Dumping data for table `ec_customer_recently_viewed_products`
--


--
-- Table structure for table `ec_customer_used_coupons`
--

CREATE TABLE `ec_customer_used_coupons` (
  `discount_id` bigint unsigned NOT NULL,
  `customer_id` bigint unsigned NOT NULL,
  PRIMARY KEY (`discount_id`,`customer_id`)
) ENGINE=InnoDB DEFAULT CHARSET=utf8mb4 COLLATE=utf8mb4_unicode_ci;

--
-- Dumping data for table `ec_customer_used_coupons`
--


--
-- Table structure for table `ec_discount_customers`
--

CREATE TABLE `ec_discount_customers` (
  `discount_id` bigint unsigned NOT NULL,
  `customer_id` bigint unsigned NOT NULL,
  PRIMARY KEY (`discount_id`,`customer_id`)
) ENGINE=InnoDB DEFAULT CHARSET=utf8mb4 COLLATE=utf8mb4_unicode_ci;

--
-- Dumping data for table `ec_discount_customers`
--


--
-- Table structure for table `ec_discount_product_categories`
--

CREATE TABLE `ec_discount_product_categories` (
  `discount_id` bigint unsigned NOT NULL,
  `product_category_id` bigint unsigned NOT NULL,
  PRIMARY KEY (`discount_id`,`product_category_id`)
) ENGINE=InnoDB DEFAULT CHARSET=utf8mb4 COLLATE=utf8mb4_unicode_ci;

--
-- Dumping data for table `ec_discount_product_categories`
--


--
-- Table structure for table `ec_discount_product_collections`
--

CREATE TABLE `ec_discount_product_collections` (
  `discount_id` bigint unsigned NOT NULL,
  `product_collection_id` bigint unsigned NOT NULL,
  PRIMARY KEY (`discount_id`,`product_collection_id`)
) ENGINE=InnoDB DEFAULT CHARSET=utf8mb4 COLLATE=utf8mb4_unicode_ci;

--
-- Dumping data for table `ec_discount_product_collections`
--


--
-- Table structure for table `ec_discount_products`
--

CREATE TABLE `ec_discount_products` (
  `discount_id` bigint unsigned NOT NULL,
  `product_id` bigint unsigned NOT NULL,
  PRIMARY KEY (`discount_id`,`product_id`)
) ENGINE=InnoDB DEFAULT CHARSET=utf8mb4 COLLATE=utf8mb4_unicode_ci;

--
-- Dumping data for table `ec_discount_products`
--


--
-- Table structure for table `ec_discounts`
--

CREATE TABLE `ec_discounts` (
  `id` bigint unsigned NOT NULL AUTO_INCREMENT,
  `title` varchar(120) COLLATE utf8mb4_unicode_ci DEFAULT NULL,
  `code` varchar(20) COLLATE utf8mb4_unicode_ci DEFAULT NULL,
  `start_date` datetime DEFAULT NULL,
  `end_date` datetime DEFAULT NULL,
  `quantity` int DEFAULT NULL,
  `total_used` int unsigned NOT NULL DEFAULT '0',
  `value` double DEFAULT NULL,
  `type` varchar(60) COLLATE utf8mb4_unicode_ci DEFAULT 'coupon',
  `can_use_with_promotion` tinyint(1) NOT NULL DEFAULT '0',
  `can_use_with_flash_sale` tinyint(1) NOT NULL DEFAULT '0',
  `discount_on` varchar(20) COLLATE utf8mb4_unicode_ci DEFAULT NULL,
  `product_quantity` int unsigned DEFAULT NULL,
  `type_option` varchar(100) COLLATE utf8mb4_unicode_ci NOT NULL DEFAULT 'amount',
  `target` varchar(100) COLLATE utf8mb4_unicode_ci NOT NULL DEFAULT 'all-orders',
  `min_order_price` decimal(15,2) DEFAULT NULL,
  `apply_via_url` tinyint(1) NOT NULL DEFAULT '0',
  `display_at_checkout` tinyint(1) NOT NULL DEFAULT '0',
  `created_at` timestamp NULL DEFAULT NULL,
  `updated_at` timestamp NULL DEFAULT NULL,
  `store_id` bigint unsigned DEFAULT NULL,
  `description` varchar(400) COLLATE utf8mb4_unicode_ci DEFAULT NULL,
  PRIMARY KEY (`id`),
  UNIQUE KEY `ec_discounts_code_unique` (`code`)
) ENGINE=InnoDB AUTO_INCREMENT=11 DEFAULT CHARSET=utf8mb4 COLLATE=utf8mb4_unicode_ci;

--
-- Dumping data for table `ec_discounts`
--

INSERT INTO `ec_discounts` VALUES (1,'Discount 1','ZDLA9BPRDXVT','2025-03-31 04:08:40',NULL,NULL,0,6,'coupon',0,0,NULL,NULL,'percentage','all-orders',NULL,0,1,'2025-03-31 21:08:40','2025-03-31 21:08:40',NULL,NULL),(2,'Discount 2','KVBVBNCKCOZS','2025-03-31 04:08:40','2025-04-20 04:08:40',NULL,0,84,'coupon',0,0,NULL,NULL,'percentage','all-orders',NULL,0,1,'2025-03-31 21:08:40','2025-03-31 21:08:40',NULL,NULL),(3,'Discount 3','BYOWSF1ZMQKW','2025-03-31 04:08:40','2025-04-11 04:08:40',NULL,0,12,'coupon',0,0,NULL,NULL,'percentage','all-orders',NULL,0,1,'2025-03-31 21:08:40','2025-03-31 21:08:40',NULL,NULL),(4,'Discount 4','U4THGR6QHC3N','2025-03-31 04:08:40',NULL,NULL,0,119,'coupon',0,0,NULL,NULL,'same-price','all-orders',NULL,0,1,'2025-03-31 21:08:40','2025-03-31 21:08:40',NULL,NULL),(5,'Discount 5','ILVKSS3UZYQP','2025-03-31 04:08:40',NULL,NULL,0,577,'coupon',0,0,NULL,NULL,'same-price','all-orders',NULL,0,1,'2025-03-31 21:08:40','2025-03-31 21:08:40',NULL,NULL),(6,'Discount 6','3ZCZWC0YM0FN','2025-03-31 04:08:40','2025-04-18 04:08:40',NULL,0,406,'coupon',0,0,NULL,NULL,'amount','all-orders',NULL,0,1,'2025-03-31 21:08:40','2025-03-31 21:08:40',NULL,NULL),(7,'Discount 7','4G0OYAIYUNEM','2025-03-31 04:08:40','2025-04-28 04:08:40',NULL,0,549,'coupon',0,0,NULL,NULL,'amount','all-orders',NULL,0,1,'2025-03-31 21:08:40','2025-03-31 21:08:40',NULL,NULL),(8,'Discount 8','6GNHLXA9NE5Z','2025-03-31 04:08:40',NULL,NULL,0,762,'coupon',0,0,NULL,NULL,'same-price','all-orders',NULL,0,1,'2025-03-31 21:08:40','2025-03-31 21:08:40',NULL,NULL),(9,'Discount 9','YZUN7ZDYV2TT','2025-03-31 04:08:40',NULL,NULL,0,886,'coupon',0,0,NULL,NULL,'amount','all-orders',NULL,0,1,'2025-03-31 21:08:40','2025-03-31 21:08:40',NULL,NULL),(10,'Discount 10','LGGAXLLOUKNB','2025-03-31 04:08:40',NULL,NULL,0,297,'coupon',0,0,NULL,NULL,'shipping','all-orders',NULL,0,1,'2025-03-31 21:08:40','2025-03-31 21:08:40',NULL,NULL);

--
-- Table structure for table `ec_flash_sale_products`
--

CREATE TABLE `ec_flash_sale_products` (
  `flash_sale_id` bigint unsigned NOT NULL,
  `product_id` bigint unsigned NOT NULL,
  `price` double unsigned DEFAULT NULL,
  `quantity` int unsigned DEFAULT NULL,
  `sold` int unsigned NOT NULL DEFAULT '0'
) ENGINE=InnoDB DEFAULT CHARSET=utf8mb4 COLLATE=utf8mb4_unicode_ci;

--
-- Dumping data for table `ec_flash_sale_products`
--

INSERT INTO `ec_flash_sale_products` VALUES (1,1,655.64,13,5),(1,2,1502.64,19,3),(1,3,1074.02,8,5),(1,4,1342.12,14,3),(1,5,98.7,8,1),(1,6,1151.4,15,5),(1,7,1257.76,7,5),(1,8,422.67,20,1),(1,9,1594.66,12,4),(1,10,162.84,18,2);

--
-- Table structure for table `ec_flash_sales`
--

CREATE TABLE `ec_flash_sales` (
  `id` bigint unsigned NOT NULL AUTO_INCREMENT,
  `name` varchar(191) COLLATE utf8mb4_unicode_ci NOT NULL,
  `end_date` datetime NOT NULL,
  `status` varchar(60) COLLATE utf8mb4_unicode_ci NOT NULL DEFAULT 'published',
  `created_at` timestamp NULL DEFAULT NULL,
  `updated_at` timestamp NULL DEFAULT NULL,
  PRIMARY KEY (`id`)
) ENGINE=InnoDB AUTO_INCREMENT=2 DEFAULT CHARSET=utf8mb4 COLLATE=utf8mb4_unicode_ci;

--
-- Dumping data for table `ec_flash_sales`
--

INSERT INTO `ec_flash_sales` VALUES (1,'Winter Sale','2025-07-19 00:00:00','published','2025-03-31 21:08:47','2025-03-31 21:08:47');

--
-- Table structure for table `ec_flash_sales_translations`
--

CREATE TABLE `ec_flash_sales_translations` (
  `lang_code` varchar(191) COLLATE utf8mb4_unicode_ci NOT NULL,
  `ec_flash_sales_id` bigint unsigned NOT NULL,
  `name` varchar(191) COLLATE utf8mb4_unicode_ci DEFAULT NULL,
  PRIMARY KEY (`lang_code`,`ec_flash_sales_id`)
) ENGINE=InnoDB DEFAULT CHARSET=utf8mb4 COLLATE=utf8mb4_unicode_ci;

--
-- Dumping data for table `ec_flash_sales_translations`
--


--
-- Table structure for table `ec_global_option_value`
--

CREATE TABLE `ec_global_option_value` (
  `id` bigint unsigned NOT NULL AUTO_INCREMENT,
  `option_id` bigint unsigned NOT NULL COMMENT 'option id',
  `option_value` tinytext COLLATE utf8mb4_unicode_ci COMMENT 'option value',
  `affect_price` double DEFAULT NULL COMMENT 'value of price of this option affect',
  `order` int NOT NULL DEFAULT '9999',
  `affect_type` tinyint NOT NULL DEFAULT '0' COMMENT '0. fixed 1. percent',
  `created_at` timestamp NULL DEFAULT NULL,
  `updated_at` timestamp NULL DEFAULT NULL,
  PRIMARY KEY (`id`)
) ENGINE=InnoDB AUTO_INCREMENT=13 DEFAULT CHARSET=utf8mb4 COLLATE=utf8mb4_unicode_ci;

--
-- Dumping data for table `ec_global_option_value`
--

INSERT INTO `ec_global_option_value` VALUES (1,1,'1 Year',0,9999,0,'2025-03-31 21:08:40','2025-03-31 21:08:40'),(2,1,'2 Year',10,9999,0,'2025-03-31 21:08:40','2025-03-31 21:08:40'),(3,1,'3 Year',20,9999,0,'2025-03-31 21:08:40','2025-03-31 21:08:40'),(4,2,'4GB',0,9999,0,'2025-03-31 21:08:40','2025-03-31 21:08:40'),(5,2,'8GB',10,9999,0,'2025-03-31 21:08:40','2025-03-31 21:08:40'),(6,2,'16GB',20,9999,0,'2025-03-31 21:08:40','2025-03-31 21:08:40'),(7,3,'Core i5',0,9999,0,'2025-03-31 21:08:40','2025-03-31 21:08:40'),(8,3,'Core i7',10,9999,0,'2025-03-31 21:08:40','2025-03-31 21:08:40'),(9,3,'Core i9',20,9999,0,'2025-03-31 21:08:40','2025-03-31 21:08:40'),(10,4,'128GB',0,9999,0,'2025-03-31 21:08:40','2025-03-31 21:08:40'),(11,4,'256GB',10,9999,0,'2025-03-31 21:08:40','2025-03-31 21:08:40'),(12,4,'512GB',20,9999,0,'2025-03-31 21:08:40','2025-03-31 21:08:40');

--
-- Table structure for table `ec_global_option_value_translations`
--

CREATE TABLE `ec_global_option_value_translations` (
  `lang_code` varchar(191) COLLATE utf8mb4_unicode_ci NOT NULL,
  `ec_global_option_value_id` bigint unsigned NOT NULL,
  `option_value` varchar(191) COLLATE utf8mb4_unicode_ci DEFAULT NULL,
  PRIMARY KEY (`lang_code`,`ec_global_option_value_id`)
) ENGINE=InnoDB DEFAULT CHARSET=utf8mb4 COLLATE=utf8mb4_unicode_ci;

--
-- Dumping data for table `ec_global_option_value_translations`
--


--
-- Table structure for table `ec_global_options`
--

CREATE TABLE `ec_global_options` (
  `id` bigint unsigned NOT NULL AUTO_INCREMENT,
  `name` varchar(191) COLLATE utf8mb4_unicode_ci NOT NULL COMMENT 'Name of options',
  `option_type` varchar(191) COLLATE utf8mb4_unicode_ci NOT NULL COMMENT 'option type',
  `required` tinyint(1) NOT NULL DEFAULT '0' COMMENT 'Checked if this option is required',
  `created_at` timestamp NULL DEFAULT NULL,
  `updated_at` timestamp NULL DEFAULT NULL,
  PRIMARY KEY (`id`)
) ENGINE=InnoDB AUTO_INCREMENT=5 DEFAULT CHARSET=utf8mb4 COLLATE=utf8mb4_unicode_ci;

--
-- Dumping data for table `ec_global_options`
--

INSERT INTO `ec_global_options` VALUES (1,'Warranty','Botble\\Ecommerce\\Option\\OptionType\\RadioButton',1,'2025-03-31 21:08:40','2025-03-31 21:08:40'),(2,'RAM','Botble\\Ecommerce\\Option\\OptionType\\RadioButton',1,'2025-03-31 21:08:40','2025-03-31 21:08:40'),(3,'CPU','Botble\\Ecommerce\\Option\\OptionType\\RadioButton',1,'2025-03-31 21:08:40','2025-03-31 21:08:40'),(4,'HDD','Botble\\Ecommerce\\Option\\OptionType\\Dropdown',0,'2025-03-31 21:08:40','2025-03-31 21:08:40');

--
-- Table structure for table `ec_global_options_translations`
--

CREATE TABLE `ec_global_options_translations` (
  `lang_code` varchar(191) COLLATE utf8mb4_unicode_ci NOT NULL,
  `ec_global_options_id` bigint unsigned NOT NULL,
  `name` varchar(191) COLLATE utf8mb4_unicode_ci DEFAULT NULL,
  PRIMARY KEY (`lang_code`,`ec_global_options_id`)
) ENGINE=InnoDB DEFAULT CHARSET=utf8mb4 COLLATE=utf8mb4_unicode_ci;

--
-- Dumping data for table `ec_global_options_translations`
--


--
-- Table structure for table `ec_grouped_products`
--

CREATE TABLE `ec_grouped_products` (
  `id` bigint unsigned NOT NULL AUTO_INCREMENT,
  `parent_product_id` bigint unsigned NOT NULL,
  `product_id` bigint unsigned NOT NULL,
  `fixed_qty` int NOT NULL DEFAULT '1',
  PRIMARY KEY (`id`)
) ENGINE=InnoDB DEFAULT CHARSET=utf8mb4 COLLATE=utf8mb4_unicode_ci;

--
-- Dumping data for table `ec_grouped_products`
--


--
-- Table structure for table `ec_invoice_items`
--

CREATE TABLE `ec_invoice_items` (
  `id` bigint unsigned NOT NULL AUTO_INCREMENT,
  `invoice_id` bigint unsigned NOT NULL,
  `reference_type` varchar(191) COLLATE utf8mb4_unicode_ci NOT NULL,
  `reference_id` bigint unsigned NOT NULL,
  `name` varchar(191) COLLATE utf8mb4_unicode_ci NOT NULL,
  `description` varchar(400) COLLATE utf8mb4_unicode_ci DEFAULT NULL,
  `image` varchar(191) COLLATE utf8mb4_unicode_ci DEFAULT NULL,
  `qty` int unsigned NOT NULL,
  `price` decimal(15,2) NOT NULL DEFAULT '0.00',
  `sub_total` decimal(15,2) unsigned NOT NULL,
  `tax_amount` decimal(15,2) unsigned NOT NULL DEFAULT '0.00',
  `discount_amount` decimal(15,2) unsigned NOT NULL DEFAULT '0.00',
  `amount` decimal(15,2) unsigned NOT NULL,
  `options` text COLLATE utf8mb4_unicode_ci,
  `created_at` timestamp NULL DEFAULT NULL,
  `updated_at` timestamp NULL DEFAULT NULL,
  PRIMARY KEY (`id`),
  KEY `ec_invoice_items_reference_type_reference_id_index` (`reference_type`,`reference_id`)
) ENGINE=InnoDB DEFAULT CHARSET=utf8mb4 COLLATE=utf8mb4_unicode_ci;

--
-- Dumping data for table `ec_invoice_items`
--


--
-- Table structure for table `ec_invoices`
--

CREATE TABLE `ec_invoices` (
  `id` bigint unsigned NOT NULL AUTO_INCREMENT,
  `reference_type` varchar(191) COLLATE utf8mb4_unicode_ci NOT NULL,
  `reference_id` bigint unsigned NOT NULL,
  `code` varchar(191) COLLATE utf8mb4_unicode_ci NOT NULL,
  `customer_name` varchar(191) COLLATE utf8mb4_unicode_ci DEFAULT NULL,
  `company_name` varchar(191) COLLATE utf8mb4_unicode_ci DEFAULT NULL,
  `company_logo` varchar(191) COLLATE utf8mb4_unicode_ci DEFAULT NULL,
  `customer_email` varchar(191) COLLATE utf8mb4_unicode_ci DEFAULT NULL,
  `customer_phone` varchar(191) COLLATE utf8mb4_unicode_ci DEFAULT NULL,
  `customer_address` varchar(191) COLLATE utf8mb4_unicode_ci DEFAULT NULL,
  `customer_tax_id` varchar(191) COLLATE utf8mb4_unicode_ci DEFAULT NULL,
  `sub_total` decimal(15,2) unsigned NOT NULL,
  `tax_amount` decimal(15,2) unsigned NOT NULL DEFAULT '0.00',
  `shipping_amount` decimal(15,2) unsigned NOT NULL DEFAULT '0.00',
  `discount_amount` decimal(15,2) unsigned NOT NULL DEFAULT '0.00',
  `shipping_option` varchar(60) COLLATE utf8mb4_unicode_ci DEFAULT NULL,
  `shipping_method` varchar(60) COLLATE utf8mb4_unicode_ci NOT NULL DEFAULT 'default',
  `coupon_code` varchar(120) COLLATE utf8mb4_unicode_ci DEFAULT NULL,
  `discount_description` varchar(191) COLLATE utf8mb4_unicode_ci DEFAULT NULL,
  `amount` decimal(15,2) unsigned NOT NULL,
  `description` text COLLATE utf8mb4_unicode_ci,
  `payment_id` bigint unsigned DEFAULT NULL,
  `status` varchar(191) COLLATE utf8mb4_unicode_ci NOT NULL DEFAULT 'pending',
  `paid_at` timestamp NULL DEFAULT NULL,
  `created_at` timestamp NULL DEFAULT NULL,
  `updated_at` timestamp NULL DEFAULT NULL,
  PRIMARY KEY (`id`),
  UNIQUE KEY `ec_invoices_code_unique` (`code`),
  KEY `ec_invoices_reference_type_reference_id_index` (`reference_type`,`reference_id`),
  KEY `ec_invoices_payment_id_index` (`payment_id`),
  KEY `ec_invoices_status_index` (`status`)
) ENGINE=InnoDB DEFAULT CHARSET=utf8mb4 COLLATE=utf8mb4_unicode_ci;

--
-- Dumping data for table `ec_invoices`
--


--
-- Table structure for table `ec_option_value`
--

CREATE TABLE `ec_option_value` (
  `id` bigint unsigned NOT NULL AUTO_INCREMENT,
  `option_id` bigint unsigned NOT NULL COMMENT 'option id',
  `option_value` tinytext COLLATE utf8mb4_unicode_ci COMMENT 'option value',
  `affect_price` double DEFAULT NULL COMMENT 'value of price of this option affect',
  `order` int NOT NULL DEFAULT '9999',
  `affect_type` tinyint NOT NULL DEFAULT '0' COMMENT '0. fixed 1. percent',
  `created_at` timestamp NULL DEFAULT NULL,
  `updated_at` timestamp NULL DEFAULT NULL,
  PRIMARY KEY (`id`)
) ENGINE=InnoDB DEFAULT CHARSET=utf8mb4 COLLATE=utf8mb4_unicode_ci;

--
-- Dumping data for table `ec_option_value`
--


--
-- Table structure for table `ec_option_value_translations`
--

CREATE TABLE `ec_option_value_translations` (
  `lang_code` varchar(191) COLLATE utf8mb4_unicode_ci NOT NULL,
  `ec_option_value_id` bigint unsigned NOT NULL,
  `option_value` varchar(191) COLLATE utf8mb4_unicode_ci DEFAULT NULL,
  PRIMARY KEY (`lang_code`,`ec_option_value_id`)
) ENGINE=InnoDB DEFAULT CHARSET=utf8mb4 COLLATE=utf8mb4_unicode_ci;

--
-- Dumping data for table `ec_option_value_translations`
--


--
-- Table structure for table `ec_options`
--

CREATE TABLE `ec_options` (
  `id` bigint unsigned NOT NULL AUTO_INCREMENT,
  `name` varchar(191) COLLATE utf8mb4_unicode_ci NOT NULL COMMENT 'Name of options',
  `option_type` varchar(191) COLLATE utf8mb4_unicode_ci DEFAULT NULL COMMENT 'option type',
  `product_id` bigint unsigned NOT NULL DEFAULT '0',
  `order` int NOT NULL DEFAULT '9999',
  `required` tinyint(1) NOT NULL DEFAULT '0' COMMENT 'Checked if this option is required',
  `created_at` timestamp NULL DEFAULT NULL,
  `updated_at` timestamp NULL DEFAULT NULL,
  PRIMARY KEY (`id`)
) ENGINE=InnoDB DEFAULT CHARSET=utf8mb4 COLLATE=utf8mb4_unicode_ci;

--
-- Dumping data for table `ec_options`
--


--
-- Table structure for table `ec_options_translations`
--

CREATE TABLE `ec_options_translations` (
  `lang_code` varchar(191) COLLATE utf8mb4_unicode_ci NOT NULL,
  `ec_options_id` bigint unsigned NOT NULL,
  `name` varchar(191) COLLATE utf8mb4_unicode_ci DEFAULT NULL,
  PRIMARY KEY (`lang_code`,`ec_options_id`)
) ENGINE=InnoDB DEFAULT CHARSET=utf8mb4 COLLATE=utf8mb4_unicode_ci;

--
-- Dumping data for table `ec_options_translations`
--


--
-- Table structure for table `ec_order_addresses`
--

CREATE TABLE `ec_order_addresses` (
  `id` bigint unsigned NOT NULL AUTO_INCREMENT,
  `name` varchar(191) COLLATE utf8mb4_unicode_ci NOT NULL,
  `phone` varchar(20) COLLATE utf8mb4_unicode_ci DEFAULT NULL,
  `email` varchar(191) COLLATE utf8mb4_unicode_ci DEFAULT NULL,
  `country` varchar(120) COLLATE utf8mb4_unicode_ci DEFAULT NULL,
  `state` varchar(120) COLLATE utf8mb4_unicode_ci DEFAULT NULL,
  `city` varchar(120) COLLATE utf8mb4_unicode_ci DEFAULT NULL,
  `address` varchar(191) COLLATE utf8mb4_unicode_ci DEFAULT NULL,
  `order_id` bigint unsigned NOT NULL,
  `zip_code` varchar(20) COLLATE utf8mb4_unicode_ci DEFAULT NULL,
  `type` varchar(60) COLLATE utf8mb4_unicode_ci NOT NULL DEFAULT 'shipping_address',
  PRIMARY KEY (`id`)
) ENGINE=InnoDB DEFAULT CHARSET=utf8mb4 COLLATE=utf8mb4_unicode_ci;

--
-- Dumping data for table `ec_order_addresses`
--


--
-- Table structure for table `ec_order_histories`
--

CREATE TABLE `ec_order_histories` (
  `id` bigint unsigned NOT NULL AUTO_INCREMENT,
  `action` varchar(120) COLLATE utf8mb4_unicode_ci NOT NULL,
  `description` varchar(400) COLLATE utf8mb4_unicode_ci DEFAULT NULL,
  `user_id` bigint unsigned DEFAULT NULL,
  `order_id` bigint unsigned NOT NULL,
  `extras` text COLLATE utf8mb4_unicode_ci,
  `created_at` timestamp NULL DEFAULT NULL,
  `updated_at` timestamp NULL DEFAULT NULL,
  PRIMARY KEY (`id`)
) ENGINE=InnoDB DEFAULT CHARSET=utf8mb4 COLLATE=utf8mb4_unicode_ci;

--
-- Dumping data for table `ec_order_histories`
--


--
-- Table structure for table `ec_order_product`
--

CREATE TABLE `ec_order_product` (
  `id` bigint unsigned NOT NULL AUTO_INCREMENT,
  `order_id` bigint unsigned NOT NULL,
  `qty` int NOT NULL,
  `price` decimal(15,2) NOT NULL,
  `tax_amount` decimal(15,2) NOT NULL,
  `options` text COLLATE utf8mb4_unicode_ci,
  `product_options` text COLLATE utf8mb4_unicode_ci COMMENT 'product option data',
  `product_id` bigint unsigned DEFAULT NULL,
  `product_name` varchar(191) COLLATE utf8mb4_unicode_ci NOT NULL,
  `product_image` varchar(191) COLLATE utf8mb4_unicode_ci DEFAULT NULL,
  `weight` double DEFAULT '0',
  `restock_quantity` int unsigned DEFAULT '0',
  `created_at` timestamp NULL DEFAULT NULL,
  `updated_at` timestamp NULL DEFAULT NULL,
  `product_type` varchar(60) COLLATE utf8mb4_unicode_ci NOT NULL DEFAULT 'physical',
  `times_downloaded` int NOT NULL DEFAULT '0',
  `license_code` char(36) COLLATE utf8mb4_unicode_ci DEFAULT NULL,
  `downloaded_at` timestamp NULL DEFAULT NULL,
  PRIMARY KEY (`id`)
) ENGINE=InnoDB DEFAULT CHARSET=utf8mb4 COLLATE=utf8mb4_unicode_ci;

--
-- Dumping data for table `ec_order_product`
--


--
-- Table structure for table `ec_order_referrals`
--

CREATE TABLE `ec_order_referrals` (
  `id` bigint unsigned NOT NULL AUTO_INCREMENT,
  `ip` varchar(39) COLLATE utf8mb4_unicode_ci DEFAULT NULL,
  `landing_domain` varchar(191) COLLATE utf8mb4_unicode_ci DEFAULT NULL,
  `landing_page` varchar(191) COLLATE utf8mb4_unicode_ci DEFAULT NULL,
  `landing_params` varchar(191) COLLATE utf8mb4_unicode_ci DEFAULT NULL,
  `referral` varchar(191) COLLATE utf8mb4_unicode_ci DEFAULT NULL,
  `gclid` varchar(191) COLLATE utf8mb4_unicode_ci DEFAULT NULL,
  `fclid` varchar(191) COLLATE utf8mb4_unicode_ci DEFAULT NULL,
  `utm_source` varchar(191) COLLATE utf8mb4_unicode_ci DEFAULT NULL,
  `utm_campaign` varchar(191) COLLATE utf8mb4_unicode_ci DEFAULT NULL,
  `utm_medium` varchar(191) COLLATE utf8mb4_unicode_ci DEFAULT NULL,
  `utm_term` varchar(191) COLLATE utf8mb4_unicode_ci DEFAULT NULL,
  `utm_content` varchar(191) COLLATE utf8mb4_unicode_ci DEFAULT NULL,
  `referrer_url` text COLLATE utf8mb4_unicode_ci,
  `referrer_domain` varchar(191) COLLATE utf8mb4_unicode_ci DEFAULT NULL,
  `order_id` bigint unsigned DEFAULT NULL,
  `created_at` timestamp NULL DEFAULT NULL,
  `updated_at` timestamp NULL DEFAULT NULL,
  PRIMARY KEY (`id`),
  KEY `ec_order_referrals_order_id_index` (`order_id`)
) ENGINE=InnoDB DEFAULT CHARSET=utf8mb4 COLLATE=utf8mb4_unicode_ci;

--
-- Dumping data for table `ec_order_referrals`
--


--
-- Table structure for table `ec_order_return_histories`
--

CREATE TABLE `ec_order_return_histories` (
  `id` bigint unsigned NOT NULL AUTO_INCREMENT,
  `user_id` bigint unsigned DEFAULT NULL,
  `order_return_id` bigint unsigned NOT NULL,
  `action` varchar(191) COLLATE utf8mb4_unicode_ci NOT NULL,
  `description` varchar(400) COLLATE utf8mb4_unicode_ci DEFAULT NULL,
  `reason` varchar(191) COLLATE utf8mb4_unicode_ci DEFAULT NULL,
  `created_at` timestamp NULL DEFAULT NULL,
  `updated_at` timestamp NULL DEFAULT NULL,
  PRIMARY KEY (`id`)
) ENGINE=InnoDB DEFAULT CHARSET=utf8mb4 COLLATE=utf8mb4_unicode_ci;

--
-- Dumping data for table `ec_order_return_histories`
--


--
-- Table structure for table `ec_order_return_items`
--

CREATE TABLE `ec_order_return_items` (
  `id` bigint unsigned NOT NULL AUTO_INCREMENT,
  `order_return_id` bigint unsigned NOT NULL COMMENT 'Order return id',
  `order_product_id` bigint unsigned NOT NULL COMMENT 'Order product id',
  `product_id` bigint unsigned NOT NULL COMMENT 'Product id',
  `product_name` varchar(191) COLLATE utf8mb4_unicode_ci NOT NULL,
  `product_image` varchar(191) COLLATE utf8mb4_unicode_ci DEFAULT NULL,
  `qty` int NOT NULL COMMENT 'Quantity return',
  `price` decimal(15,2) NOT NULL COMMENT 'Price Product',
  `reason` text COLLATE utf8mb4_unicode_ci,
  `created_at` timestamp NULL DEFAULT NULL,
  `updated_at` timestamp NULL DEFAULT NULL,
  `refund_amount` decimal(12,2) DEFAULT '0.00',
  PRIMARY KEY (`id`)
) ENGINE=InnoDB DEFAULT CHARSET=utf8mb4 COLLATE=utf8mb4_unicode_ci;

--
-- Dumping data for table `ec_order_return_items`
--


--
-- Table structure for table `ec_order_returns`
--

CREATE TABLE `ec_order_returns` (
  `id` bigint unsigned NOT NULL AUTO_INCREMENT,
  `code` varchar(191) COLLATE utf8mb4_unicode_ci DEFAULT NULL,
  `order_id` bigint unsigned NOT NULL COMMENT 'Order ID',
  `store_id` bigint unsigned DEFAULT NULL COMMENT 'Store ID',
  `user_id` bigint unsigned NOT NULL COMMENT 'Customer ID',
  `reason` text COLLATE utf8mb4_unicode_ci COMMENT 'Reason return order',
  `order_status` varchar(191) COLLATE utf8mb4_unicode_ci DEFAULT NULL COMMENT 'Order current status',
  `return_status` varchar(191) COLLATE utf8mb4_unicode_ci NOT NULL COMMENT 'Return status',
  `created_at` timestamp NULL DEFAULT NULL,
  `updated_at` timestamp NULL DEFAULT NULL,
  PRIMARY KEY (`id`),
  UNIQUE KEY `ec_order_returns_code_unique` (`code`)
) ENGINE=InnoDB DEFAULT CHARSET=utf8mb4 COLLATE=utf8mb4_unicode_ci;

--
-- Dumping data for table `ec_order_returns`
--


--
-- Table structure for table `ec_order_tax_information`
--

CREATE TABLE `ec_order_tax_information` (
  `id` bigint unsigned NOT NULL AUTO_INCREMENT,
  `order_id` bigint unsigned NOT NULL,
  `company_name` varchar(120) COLLATE utf8mb4_unicode_ci NOT NULL,
  `company_address` varchar(191) COLLATE utf8mb4_unicode_ci NOT NULL,
  `company_tax_code` varchar(20) COLLATE utf8mb4_unicode_ci NOT NULL,
  `company_email` varchar(60) COLLATE utf8mb4_unicode_ci NOT NULL,
  `created_at` timestamp NULL DEFAULT NULL,
  `updated_at` timestamp NULL DEFAULT NULL,
  PRIMARY KEY (`id`),
  KEY `ec_order_tax_information_order_id_index` (`order_id`)
) ENGINE=InnoDB DEFAULT CHARSET=utf8mb4 COLLATE=utf8mb4_unicode_ci;

--
-- Dumping data for table `ec_order_tax_information`
--


--
-- Table structure for table `ec_orders`
--

CREATE TABLE `ec_orders` (
  `id` bigint unsigned NOT NULL AUTO_INCREMENT,
  `code` varchar(191) COLLATE utf8mb4_unicode_ci DEFAULT NULL,
  `user_id` bigint unsigned NOT NULL,
  `shipping_option` varchar(60) COLLATE utf8mb4_unicode_ci DEFAULT NULL,
  `shipping_method` varchar(60) COLLATE utf8mb4_unicode_ci NOT NULL DEFAULT 'default',
  `status` varchar(120) COLLATE utf8mb4_unicode_ci NOT NULL DEFAULT 'pending',
  `amount` decimal(15,2) NOT NULL,
  `tax_amount` decimal(15,2) DEFAULT NULL,
  `shipping_amount` decimal(15,2) DEFAULT NULL,
  `description` text COLLATE utf8mb4_unicode_ci,
  `coupon_code` varchar(120) COLLATE utf8mb4_unicode_ci DEFAULT NULL,
  `discount_amount` decimal(15,2) DEFAULT NULL,
  `sub_total` decimal(15,2) NOT NULL,
  `is_confirmed` tinyint(1) NOT NULL DEFAULT '0',
  `discount_description` varchar(191) COLLATE utf8mb4_unicode_ci DEFAULT NULL,
  `is_finished` tinyint(1) DEFAULT '0',
  `cancellation_reason` varchar(191) COLLATE utf8mb4_unicode_ci DEFAULT NULL,
  `cancellation_reason_description` varchar(191) COLLATE utf8mb4_unicode_ci DEFAULT NULL,
  `completed_at` timestamp NULL DEFAULT NULL,
  `token` varchar(120) COLLATE utf8mb4_unicode_ci DEFAULT NULL,
  `payment_id` bigint unsigned DEFAULT NULL,
  `created_at` timestamp NULL DEFAULT NULL,
  `updated_at` timestamp NULL DEFAULT NULL,
  `store_id` bigint unsigned DEFAULT NULL,
  `proof_file` varchar(191) COLLATE utf8mb4_unicode_ci DEFAULT NULL,
  `private_notes` text COLLATE utf8mb4_unicode_ci,
  PRIMARY KEY (`id`),
  UNIQUE KEY `ec_orders_code_unique` (`code`),
  KEY `ec_orders_user_id_status_created_at_index` (`user_id`,`status`,`created_at`)
) ENGINE=InnoDB DEFAULT CHARSET=utf8mb4 COLLATE=utf8mb4_unicode_ci;

--
-- Dumping data for table `ec_orders`
--


--
-- Table structure for table `ec_product_attribute_sets`
--

CREATE TABLE `ec_product_attribute_sets` (
  `id` bigint unsigned NOT NULL AUTO_INCREMENT,
  `title` varchar(120) COLLATE utf8mb4_unicode_ci NOT NULL,
  `slug` varchar(120) COLLATE utf8mb4_unicode_ci DEFAULT NULL,
  `display_layout` varchar(191) COLLATE utf8mb4_unicode_ci NOT NULL DEFAULT 'swatch_dropdown',
  `is_searchable` tinyint unsigned NOT NULL DEFAULT '1',
  `is_comparable` tinyint unsigned NOT NULL DEFAULT '1',
  `is_use_in_product_listing` tinyint unsigned NOT NULL DEFAULT '0',
  `status` varchar(60) COLLATE utf8mb4_unicode_ci NOT NULL DEFAULT 'published',
  `order` tinyint unsigned NOT NULL DEFAULT '0',
  `created_at` timestamp NULL DEFAULT NULL,
  `updated_at` timestamp NULL DEFAULT NULL,
  `use_image_from_product_variation` tinyint unsigned NOT NULL DEFAULT '0',
  PRIMARY KEY (`id`)
) ENGINE=InnoDB AUTO_INCREMENT=5 DEFAULT CHARSET=utf8mb4 COLLATE=utf8mb4_unicode_ci;

--
-- Dumping data for table `ec_product_attribute_sets`
--

INSERT INTO `ec_product_attribute_sets` VALUES (1,'Color','color','visual',1,1,1,'published',0,'2025-03-31 21:08:35','2025-03-31 21:08:35',0),(2,'Size','size','text',1,1,1,'published',1,'2025-03-31 21:08:35','2025-03-31 21:08:35',0),(3,'Weight','weight','text',1,1,1,'published',0,'2025-03-31 21:08:35','2025-03-31 21:08:35',0),(4,'Boxes','boxes','text',1,1,1,'published',1,'2025-03-31 21:08:35','2025-03-31 21:08:35',0);

--
-- Table structure for table `ec_product_attribute_sets_translations`
--

CREATE TABLE `ec_product_attribute_sets_translations` (
  `lang_code` varchar(191) COLLATE utf8mb4_unicode_ci NOT NULL,
  `ec_product_attribute_sets_id` bigint unsigned NOT NULL,
  `title` varchar(191) COLLATE utf8mb4_unicode_ci DEFAULT NULL,
  PRIMARY KEY (`lang_code`,`ec_product_attribute_sets_id`)
) ENGINE=InnoDB DEFAULT CHARSET=utf8mb4 COLLATE=utf8mb4_unicode_ci;

--
-- Dumping data for table `ec_product_attribute_sets_translations`
--


--
-- Table structure for table `ec_product_attributes`
--

CREATE TABLE `ec_product_attributes` (
  `id` bigint unsigned NOT NULL AUTO_INCREMENT,
  `attribute_set_id` bigint unsigned NOT NULL,
  `title` varchar(120) COLLATE utf8mb4_unicode_ci NOT NULL,
  `slug` varchar(120) COLLATE utf8mb4_unicode_ci DEFAULT NULL,
  `color` varchar(120) COLLATE utf8mb4_unicode_ci DEFAULT NULL,
  `image` varchar(191) COLLATE utf8mb4_unicode_ci DEFAULT NULL,
  `is_default` tinyint unsigned NOT NULL DEFAULT '0',
  `order` tinyint unsigned NOT NULL DEFAULT '0',
  `created_at` timestamp NULL DEFAULT NULL,
  `updated_at` timestamp NULL DEFAULT NULL,
  PRIMARY KEY (`id`),
  KEY `attribute_set_status_index` (`attribute_set_id`)
) ENGINE=InnoDB AUTO_INCREMENT=21 DEFAULT CHARSET=utf8mb4 COLLATE=utf8mb4_unicode_ci;

--
-- Dumping data for table `ec_product_attributes`
--

INSERT INTO `ec_product_attributes` VALUES (1,1,'Green','green','#5FB7D4',NULL,1,1,'2025-03-31 21:08:35','2025-03-31 21:08:35'),(2,1,'Blue','blue','#333333',NULL,0,2,'2025-03-31 21:08:35','2025-03-31 21:08:35'),(3,1,'Red','red','#DA323F',NULL,0,3,'2025-03-31 21:08:35','2025-03-31 21:08:35'),(4,1,'Black','black','#2F366C',NULL,0,4,'2025-03-31 21:08:35','2025-03-31 21:08:35'),(5,1,'Brown','brown','#87554B',NULL,0,5,'2025-03-31 21:08:35','2025-03-31 21:08:35'),(6,2,'S','s',NULL,NULL,1,1,'2025-03-31 21:08:35','2025-03-31 21:08:35'),(7,2,'M','m',NULL,NULL,0,2,'2025-03-31 21:08:35','2025-03-31 21:08:35'),(8,2,'L','l',NULL,NULL,0,3,'2025-03-31 21:08:35','2025-03-31 21:08:35'),(9,2,'XL','xl',NULL,NULL,0,4,'2025-03-31 21:08:35','2025-03-31 21:08:35'),(10,2,'XXL','xxl',NULL,NULL,0,5,'2025-03-31 21:08:35','2025-03-31 21:08:35'),(11,3,'1KG','1kg',NULL,NULL,1,1,'2025-03-31 21:08:35','2025-03-31 21:08:35'),(12,3,'2KG','2kg',NULL,NULL,0,2,'2025-03-31 21:08:35','2025-03-31 21:08:35'),(13,3,'3KG','3kg',NULL,NULL,0,3,'2025-03-31 21:08:35','2025-03-31 21:08:35'),(14,3,'4KG','4kg',NULL,NULL,0,4,'2025-03-31 21:08:35','2025-03-31 21:08:35'),(15,3,'5KG','5kg',NULL,NULL,0,5,'2025-03-31 21:08:35','2025-03-31 21:08:35'),(16,4,'1 Box','1-box',NULL,NULL,1,1,'2025-03-31 21:08:35','2025-03-31 21:08:35'),(17,4,'2 Boxes','2-boxes',NULL,NULL,0,2,'2025-03-31 21:08:35','2025-03-31 21:08:35'),(18,4,'3 Boxes','3-boxes',NULL,NULL,0,3,'2025-03-31 21:08:35','2025-03-31 21:08:35'),(19,4,'4 Boxes','4-boxes',NULL,NULL,0,4,'2025-03-31 21:08:35','2025-03-31 21:08:35'),(20,4,'5 Boxes','5-boxes',NULL,NULL,0,5,'2025-03-31 21:08:35','2025-03-31 21:08:35');

--
-- Table structure for table `ec_product_attributes_translations`
--

CREATE TABLE `ec_product_attributes_translations` (
  `lang_code` varchar(191) COLLATE utf8mb4_unicode_ci NOT NULL,
  `ec_product_attributes_id` bigint unsigned NOT NULL,
  `title` varchar(191) COLLATE utf8mb4_unicode_ci DEFAULT NULL,
  PRIMARY KEY (`lang_code`,`ec_product_attributes_id`)
) ENGINE=InnoDB DEFAULT CHARSET=utf8mb4 COLLATE=utf8mb4_unicode_ci;

--
-- Dumping data for table `ec_product_attributes_translations`
--


--
-- Table structure for table `ec_product_categories`
--

CREATE TABLE `ec_product_categories` (
  `id` bigint unsigned NOT NULL AUTO_INCREMENT,
  `name` varchar(191) COLLATE utf8mb4_unicode_ci NOT NULL,
  `parent_id` bigint unsigned NOT NULL DEFAULT '0',
  `description` mediumtext COLLATE utf8mb4_unicode_ci,
  `status` varchar(60) COLLATE utf8mb4_unicode_ci NOT NULL DEFAULT 'published',
  `order` int unsigned NOT NULL DEFAULT '0',
  `image` varchar(191) COLLATE utf8mb4_unicode_ci DEFAULT NULL,
  `is_featured` tinyint unsigned NOT NULL DEFAULT '0',
  `created_at` timestamp NULL DEFAULT NULL,
  `updated_at` timestamp NULL DEFAULT NULL,
  `icon` varchar(191) COLLATE utf8mb4_unicode_ci DEFAULT NULL,
  `icon_image` varchar(191) COLLATE utf8mb4_unicode_ci DEFAULT NULL,
  PRIMARY KEY (`id`),
  KEY `ec_product_categories_parent_id_status_created_at_index` (`parent_id`,`status`,`created_at`),
  KEY `ec_product_categories_parent_id_status_index` (`parent_id`,`status`)
) ENGINE=InnoDB AUTO_INCREMENT=22 DEFAULT CHARSET=utf8mb4 COLLATE=utf8mb4_unicode_ci;

--
-- Dumping data for table `ec_product_categories`
--

INSERT INTO `ec_product_categories` VALUES (1,'Discover Skincare',0,NULL,'published',0,'jewelry/product-categories/1.jpg',1,'2025-03-31 21:08:44','2025-03-31 21:08:44',NULL,NULL),(2,'Clothing',0,NULL,'published',1,'jewelry/product-categories/4.jpg',1,'2025-03-31 21:08:44','2025-03-31 21:08:44',NULL,NULL),(3,'Men\'s Clothing',2,NULL,'published',0,NULL,0,'2025-03-31 21:08:44','2025-03-31 21:08:44',NULL,NULL),(4,'T-Shirts',3,NULL,'published',0,NULL,0,'2025-03-31 21:08:44','2025-03-31 21:08:44',NULL,NULL),(5,'Jeans',3,NULL,'published',1,NULL,0,'2025-03-31 21:08:44','2025-03-31 21:08:44',NULL,NULL),(6,'Suits',3,NULL,'published',2,NULL,0,'2025-03-31 21:08:44','2025-03-31 21:08:44',NULL,NULL),(7,'Women\'s Clothing',2,NULL,'published',1,'jewelry/product-categories/2.jpg',1,'2025-03-31 21:08:44','2025-03-31 21:08:44',NULL,NULL),(8,'Dresses',7,NULL,'published',0,NULL,0,'2025-03-31 21:08:44','2025-03-31 21:08:44',NULL,NULL),(9,'Blouses',7,NULL,'published',1,NULL,0,'2025-03-31 21:08:44','2025-03-31 21:08:44',NULL,NULL),(10,'Pants',7,NULL,'published',2,NULL,0,'2025-03-31 21:08:44','2025-03-31 21:08:44',NULL,NULL),(11,'Accessories',0,NULL,'published',2,'jewelry/product-categories/5.jpg',1,'2025-03-31 21:08:44','2025-03-31 21:08:44',NULL,NULL),(12,'Hats',11,NULL,'published',0,NULL,0,'2025-03-31 21:08:44','2025-03-31 21:08:44',NULL,NULL),(13,'Scarves',11,NULL,'published',1,NULL,0,'2025-03-31 21:08:44','2025-03-31 21:08:44',NULL,NULL),(14,'Jewelry',11,NULL,'published',2,NULL,0,'2025-03-31 21:08:44','2025-03-31 21:08:44',NULL,NULL),(15,'Sportswear',0,NULL,'published',3,NULL,0,'2025-03-31 21:08:44','2025-03-31 21:08:44',NULL,NULL),(16,'Activewear',15,NULL,'published',0,NULL,0,'2025-03-31 21:08:44','2025-03-31 21:08:44',NULL,NULL),(17,'Running Shoes',15,NULL,'published',1,'jewelry/product-categories/3.jpg',1,'2025-03-31 21:08:44','2025-03-31 21:08:44',NULL,NULL),(18,'Shoes',0,NULL,'published',4,'jewelry/product-categories/6.jpg',1,'2025-03-31 21:08:44','2025-03-31 21:08:44',NULL,NULL),(19,'Sneakers',18,NULL,'published',0,NULL,0,'2025-03-31 21:08:44','2025-03-31 21:08:44',NULL,NULL),(20,'Boots',18,NULL,'published',1,NULL,0,'2025-03-31 21:08:44','2025-03-31 21:08:44',NULL,NULL),(21,'Sandals',18,NULL,'published',2,NULL,0,'2025-03-31 21:08:44','2025-03-31 21:08:44',NULL,NULL);

--
-- Table structure for table `ec_product_categories_translations`
--

CREATE TABLE `ec_product_categories_translations` (
  `lang_code` varchar(191) COLLATE utf8mb4_unicode_ci NOT NULL,
  `ec_product_categories_id` bigint unsigned NOT NULL,
  `name` varchar(191) COLLATE utf8mb4_unicode_ci DEFAULT NULL,
  `description` mediumtext COLLATE utf8mb4_unicode_ci,
  PRIMARY KEY (`lang_code`,`ec_product_categories_id`)
) ENGINE=InnoDB DEFAULT CHARSET=utf8mb4 COLLATE=utf8mb4_unicode_ci;

--
-- Dumping data for table `ec_product_categories_translations`
--


--
-- Table structure for table `ec_product_categorizables`
--

CREATE TABLE `ec_product_categorizables` (
  `category_id` bigint unsigned NOT NULL,
  `reference_id` bigint unsigned NOT NULL,
  `reference_type` varchar(120) COLLATE utf8mb4_unicode_ci NOT NULL,
  PRIMARY KEY (`category_id`,`reference_id`,`reference_type`),
  KEY `ec_product_categorizables_category_id_index` (`category_id`),
  KEY `ec_product_categorizables_reference_id_index` (`reference_id`),
  KEY `ec_product_categorizables_reference_type_index` (`reference_type`)
) ENGINE=InnoDB DEFAULT CHARSET=utf8mb4 COLLATE=utf8mb4_unicode_ci;

--
-- Dumping data for table `ec_product_categorizables`
--


--
-- Table structure for table `ec_product_category_product`
--

CREATE TABLE `ec_product_category_product` (
  `category_id` bigint unsigned NOT NULL,
  `product_id` bigint unsigned NOT NULL,
  PRIMARY KEY (`product_id`,`category_id`),
  KEY `ec_product_category_product_category_id_index` (`category_id`),
  KEY `ec_product_category_product_product_id_index` (`product_id`)
) ENGINE=InnoDB DEFAULT CHARSET=utf8mb4 COLLATE=utf8mb4_unicode_ci;

--
-- Dumping data for table `ec_product_category_product`
--

INSERT INTO `ec_product_category_product` VALUES (1,4),(1,7),(1,12),(1,14),(1,30),(1,38),(2,2),(2,8),(2,11),(2,16),(2,22),(2,24),(2,29),(2,34),(2,36),(2,37),(2,40),(3,7),(3,9),(3,11),(3,14),(3,18),(3,19),(3,24),(3,31),(4,4),(4,5),(4,12),(4,13),(4,15),(4,21),(4,25),(4,31),(4,34),(4,35),(4,37),(4,39),(5,7),(5,8),(5,20),(5,23),(5,35),(5,43),(6,1),(6,4),(6,17),(6,29),(6,33),(6,38),(6,42),(6,43),(7,1),(7,6),(7,10),(7,12),(7,13),(7,16),(7,19),(7,21),(7,23),(7,27),(7,30),(7,31),(7,34),(7,40),(7,41),(8,2),(8,10),(8,26),(8,29),(8,32),(8,35),(8,36),(9,2),(9,8),(9,10),(9,11),(9,27),(9,32),(10,25),(10,27),(10,28),(10,32),(10,36),(10,40),(11,1),(11,3),(11,18),(11,25),(11,26),(11,28),(11,37),(12,11),(12,16),(12,19),(12,20),(12,26),(12,29),(12,38),(12,40),(13,14),(13,15),(13,22),(13,23),(13,25),(13,42),(13,43),(14,2),(14,5),(14,9),(14,17),(14,18),(14,19),(14,21),(14,26),(14,33),(14,39),(14,42),(15,3),(15,5),(15,12),(15,13),(15,15),(15,16),(15,17),(15,21),(15,22),(15,24),(15,28),(15,32),(16,1),(16,4),(16,9),(16,20),(16,33),(16,34),(17,6),(17,8),(17,9),(17,10),(17,27),(17,42),(18,15),(18,30),(18,33),(18,41),(18,43),(19,5),(19,14),(19,18),(19,20),(19,23),(19,24),(19,28),(19,31),(19,36),(19,37),(19,39),(19,41),(20,3),(20,6),(20,7),(20,22),(20,35),(20,39),(21,3),(21,6),(21,13),(21,17),(21,30),(21,38),(21,41);

--
-- Table structure for table `ec_product_collection_products`
--

CREATE TABLE `ec_product_collection_products` (
  `product_collection_id` bigint unsigned NOT NULL,
  `product_id` bigint unsigned NOT NULL,
  PRIMARY KEY (`product_id`,`product_collection_id`),
  KEY `ec_product_collection_products_product_collection_id_index` (`product_collection_id`),
  KEY `ec_product_collection_products_product_id_index` (`product_id`)
) ENGINE=InnoDB DEFAULT CHARSET=utf8mb4 COLLATE=utf8mb4_unicode_ci;

--
-- Dumping data for table `ec_product_collection_products`
--

INSERT INTO `ec_product_collection_products` VALUES (1,2),(1,3),(1,6),(1,16),(1,23),(1,25),(1,36),(1,41),(1,43),(2,7),(2,11),(2,13),(2,14),(2,15),(2,21),(2,22),(2,28),(2,29),(2,30),(2,33),(2,35),(2,38),(3,1),(3,4),(3,5),(3,8),(3,17),(3,18),(3,19),(3,20),(3,24),(3,32),(3,37),(3,39),(3,40),(4,9),(4,10),(4,12),(4,26),(4,27),(4,31),(4,34),(4,42);

--
-- Table structure for table `ec_product_collections`
--

CREATE TABLE `ec_product_collections` (
  `id` bigint unsigned NOT NULL AUTO_INCREMENT,
  `name` varchar(191) COLLATE utf8mb4_unicode_ci NOT NULL,
  `slug` varchar(191) COLLATE utf8mb4_unicode_ci NOT NULL,
  `description` varchar(400) COLLATE utf8mb4_unicode_ci DEFAULT NULL,
  `image` varchar(191) COLLATE utf8mb4_unicode_ci DEFAULT NULL,
  `status` varchar(60) COLLATE utf8mb4_unicode_ci NOT NULL DEFAULT 'published',
  `created_at` timestamp NULL DEFAULT NULL,
  `updated_at` timestamp NULL DEFAULT NULL,
  `is_featured` tinyint unsigned NOT NULL DEFAULT '0',
  PRIMARY KEY (`id`)
) ENGINE=InnoDB AUTO_INCREMENT=5 DEFAULT CHARSET=utf8mb4 COLLATE=utf8mb4_unicode_ci;

--
-- Dumping data for table `ec_product_collections`
--

INSERT INTO `ec_product_collections` VALUES (1,'Trendy Wardrobe Essentials','trendy-wardrobe-essentials',NULL,NULL,'published','2025-03-31 21:08:44','2025-03-31 21:08:44',0),(2,'Fashion Forward Finds','fashion-forward-finds',NULL,NULL,'published','2025-03-31 21:08:44','2025-03-31 21:08:44',0),(3,'Chic &amp; Stylish Collection','chic-stylish-collection',NULL,NULL,'published','2025-03-31 21:08:44','2025-03-31 21:08:44',0),(4,'Weekly Fashion Picks','weekly-fashion-picks',NULL,NULL,'published','2025-03-31 21:08:44','2025-03-31 21:08:44',0);

--
-- Table structure for table `ec_product_collections_translations`
--

CREATE TABLE `ec_product_collections_translations` (
  `lang_code` varchar(191) COLLATE utf8mb4_unicode_ci NOT NULL,
  `ec_product_collections_id` bigint unsigned NOT NULL,
  `name` varchar(191) COLLATE utf8mb4_unicode_ci DEFAULT NULL,
  `description` varchar(400) COLLATE utf8mb4_unicode_ci DEFAULT NULL,
  PRIMARY KEY (`lang_code`,`ec_product_collections_id`)
) ENGINE=InnoDB DEFAULT CHARSET=utf8mb4 COLLATE=utf8mb4_unicode_ci;

--
-- Dumping data for table `ec_product_collections_translations`
--


--
-- Table structure for table `ec_product_cross_sale_relations`
--

CREATE TABLE `ec_product_cross_sale_relations` (
  `from_product_id` bigint unsigned NOT NULL,
  `to_product_id` bigint unsigned NOT NULL,
  `is_variant` tinyint(1) NOT NULL DEFAULT '0',
  `price` decimal(15,2) DEFAULT '0.00',
  `price_type` varchar(191) COLLATE utf8mb4_unicode_ci NOT NULL DEFAULT 'fixed',
  `apply_to_all_variations` tinyint(1) NOT NULL DEFAULT '1',
  PRIMARY KEY (`from_product_id`,`to_product_id`),
  KEY `ec_product_cross_sale_relations_from_product_id_index` (`from_product_id`),
  KEY `ec_product_cross_sale_relations_to_product_id_index` (`to_product_id`)
) ENGINE=InnoDB DEFAULT CHARSET=utf8mb4 COLLATE=utf8mb4_unicode_ci;

--
-- Dumping data for table `ec_product_cross_sale_relations`
--

INSERT INTO `ec_product_cross_sale_relations` VALUES (1,3,0,0.00,'fixed',1),(1,4,0,0.00,'fixed',1),(1,7,0,0.00,'fixed',1),(1,19,0,0.00,'fixed',1),(1,30,0,0.00,'fixed',1),(1,43,0,0.00,'fixed',1),(2,9,0,0.00,'fixed',1),(2,16,0,0.00,'fixed',1),(2,22,0,0.00,'fixed',1),(2,33,0,0.00,'fixed',1),(2,38,0,0.00,'fixed',1),(2,42,0,0.00,'fixed',1),(3,7,0,0.00,'fixed',1),(3,13,0,0.00,'fixed',1),(3,35,0,0.00,'fixed',1),(3,41,0,0.00,'fixed',1),(3,43,0,0.00,'fixed',1),(4,2,0,0.00,'fixed',1),(4,16,0,0.00,'fixed',1),(4,17,0,0.00,'fixed',1),(4,26,0,0.00,'fixed',1),(4,36,0,0.00,'fixed',1),(4,39,0,0.00,'fixed',1),(4,40,0,0.00,'fixed',1),(5,13,0,0.00,'fixed',1),(5,22,0,0.00,'fixed',1),(5,23,0,0.00,'fixed',1),(5,25,0,0.00,'fixed',1),(5,28,0,0.00,'fixed',1),(5,34,0,0.00,'fixed',1),(6,9,0,0.00,'fixed',1),(6,22,0,0.00,'fixed',1),(6,24,0,0.00,'fixed',1),(6,25,0,0.00,'fixed',1),(6,35,0,0.00,'fixed',1),(6,40,0,0.00,'fixed',1),(7,6,0,0.00,'fixed',1),(7,9,0,0.00,'fixed',1),(7,19,0,0.00,'fixed',1),(7,26,0,0.00,'fixed',1),(7,30,0,0.00,'fixed',1),(7,32,0,0.00,'fixed',1),(7,36,0,0.00,'fixed',1),(8,3,0,0.00,'fixed',1),(8,13,0,0.00,'fixed',1),(8,14,0,0.00,'fixed',1),(8,15,0,0.00,'fixed',1),(8,24,0,0.00,'fixed',1),(8,25,0,0.00,'fixed',1),(8,32,0,0.00,'fixed',1),(9,1,0,0.00,'fixed',1),(9,2,0,0.00,'fixed',1),(9,22,0,0.00,'fixed',1),(9,26,0,0.00,'fixed',1),(9,28,0,0.00,'fixed',1),(9,32,0,0.00,'fixed',1),(9,36,0,0.00,'fixed',1),(10,2,0,0.00,'fixed',1),(10,7,0,0.00,'fixed',1),(10,8,0,0.00,'fixed',1),(10,20,0,0.00,'fixed',1),(10,24,0,0.00,'fixed',1),(10,34,0,0.00,'fixed',1),(10,38,0,0.00,'fixed',1),(11,14,0,0.00,'fixed',1),(11,15,0,0.00,'fixed',1),(11,19,0,0.00,'fixed',1),(11,20,0,0.00,'fixed',1),(11,25,0,0.00,'fixed',1),(11,28,0,0.00,'fixed',1),(12,13,0,0.00,'fixed',1),(12,17,0,0.00,'fixed',1),(12,21,0,0.00,'fixed',1),(12,32,0,0.00,'fixed',1),(12,39,0,0.00,'fixed',1),(12,40,0,0.00,'fixed',1),(12,43,0,0.00,'fixed',1),(13,5,0,0.00,'fixed',1),(13,8,0,0.00,'fixed',1),(13,27,0,0.00,'fixed',1),(13,30,0,0.00,'fixed',1),(13,31,0,0.00,'fixed',1),(13,36,0,0.00,'fixed',1),(14,1,0,0.00,'fixed',1),(14,16,0,0.00,'fixed',1),(14,25,0,0.00,'fixed',1),(14,26,0,0.00,'fixed',1),(14,28,0,0.00,'fixed',1),(14,36,0,0.00,'fixed',1),(15,5,0,0.00,'fixed',1),(15,12,0,0.00,'fixed',1),(15,17,0,0.00,'fixed',1),(15,26,0,0.00,'fixed',1),(15,28,0,0.00,'fixed',1),(15,33,0,0.00,'fixed',1),(15,43,0,0.00,'fixed',1),(16,7,0,0.00,'fixed',1),(16,10,0,0.00,'fixed',1),(16,19,0,0.00,'fixed',1),(16,20,0,0.00,'fixed',1),(16,24,0,0.00,'fixed',1),(16,31,0,0.00,'fixed',1),(17,5,0,0.00,'fixed',1),(17,11,0,0.00,'fixed',1),(17,18,0,0.00,'fixed',1),(17,20,0,0.00,'fixed',1),(17,29,0,0.00,'fixed',1),(17,34,0,0.00,'fixed',1),(17,38,0,0.00,'fixed',1),(18,1,0,0.00,'fixed',1),(18,6,0,0.00,'fixed',1),(18,11,0,0.00,'fixed',1),(18,28,0,0.00,'fixed',1),(18,35,0,0.00,'fixed',1),(18,36,0,0.00,'fixed',1),(19,1,0,0.00,'fixed',1),(19,4,0,0.00,'fixed',1),(19,12,0,0.00,'fixed',1),(19,23,0,0.00,'fixed',1),(19,26,0,0.00,'fixed',1),(19,33,0,0.00,'fixed',1),(19,40,0,0.00,'fixed',1),(20,6,0,0.00,'fixed',1),(20,7,0,0.00,'fixed',1),(20,13,0,0.00,'fixed',1),(20,17,0,0.00,'fixed',1),(20,22,0,0.00,'fixed',1),(20,32,0,0.00,'fixed',1),(20,36,0,0.00,'fixed',1),(21,2,0,0.00,'fixed',1),(21,8,0,0.00,'fixed',1),(21,10,0,0.00,'fixed',1),(21,31,0,0.00,'fixed',1),(21,33,0,0.00,'fixed',1),(21,41,0,0.00,'fixed',1),(22,11,0,0.00,'fixed',1),(22,16,0,0.00,'fixed',1),(22,18,0,0.00,'fixed',1),(22,19,0,0.00,'fixed',1),(22,37,0,0.00,'fixed',1),(22,38,0,0.00,'fixed',1),(23,3,0,0.00,'fixed',1),(23,26,0,0.00,'fixed',1),(23,29,0,0.00,'fixed',1),(23,31,0,0.00,'fixed',1),(23,42,0,0.00,'fixed',1),(24,12,0,0.00,'fixed',1),(24,18,0,0.00,'fixed',1),(24,20,0,0.00,'fixed',1),(24,22,0,0.00,'fixed',1),(24,23,0,0.00,'fixed',1),(24,25,0,0.00,'fixed',1),(24,34,0,0.00,'fixed',1),(25,8,0,0.00,'fixed',1),(25,18,0,0.00,'fixed',1),(25,26,0,0.00,'fixed',1),(25,30,0,0.00,'fixed',1),(25,32,0,0.00,'fixed',1),(25,37,0,0.00,'fixed',1),(25,38,0,0.00,'fixed',1),(26,13,0,0.00,'fixed',1),(26,14,0,0.00,'fixed',1),(26,18,0,0.00,'fixed',1),(26,27,0,0.00,'fixed',1),(26,33,0,0.00,'fixed',1),(26,34,0,0.00,'fixed',1),(26,36,0,0.00,'fixed',1),(27,2,0,0.00,'fixed',1),(27,7,0,0.00,'fixed',1),(27,18,0,0.00,'fixed',1),(27,20,0,0.00,'fixed',1),(27,31,0,0.00,'fixed',1),(27,35,0,0.00,'fixed',1),(27,38,0,0.00,'fixed',1),(28,2,0,0.00,'fixed',1),(28,5,0,0.00,'fixed',1),(28,6,0,0.00,'fixed',1),(28,14,0,0.00,'fixed',1),(28,29,0,0.00,'fixed',1),(28,32,0,0.00,'fixed',1),(28,35,0,0.00,'fixed',1),(29,2,0,0.00,'fixed',1),(29,12,0,0.00,'fixed',1),(29,17,0,0.00,'fixed',1),(29,18,0,0.00,'fixed',1),(29,22,0,0.00,'fixed',1),(29,38,0,0.00,'fixed',1),(30,8,0,0.00,'fixed',1),(30,12,0,0.00,'fixed',1),(30,24,0,0.00,'fixed',1),(30,28,0,0.00,'fixed',1),(30,37,0,0.00,'fixed',1),(30,40,0,0.00,'fixed',1),(30,41,0,0.00,'fixed',1),(31,6,0,0.00,'fixed',1),(31,16,0,0.00,'fixed',1),(31,24,0,0.00,'fixed',1),(31,32,0,0.00,'fixed',1),(31,37,0,0.00,'fixed',1),(32,14,0,0.00,'fixed',1),(32,18,0,0.00,'fixed',1),(32,20,0,0.00,'fixed',1),(32,29,0,0.00,'fixed',1),(32,34,0,0.00,'fixed',1),(32,36,0,0.00,'fixed',1),(33,2,0,0.00,'fixed',1),(33,4,0,0.00,'fixed',1),(33,15,0,0.00,'fixed',1),(33,20,0,0.00,'fixed',1),(33,22,0,0.00,'fixed',1),(33,26,0,0.00,'fixed',1),(33,30,0,0.00,'fixed',1),(34,8,0,0.00,'fixed',1),(34,13,0,0.00,'fixed',1),(34,21,0,0.00,'fixed',1),(34,29,0,0.00,'fixed',1),(34,33,0,0.00,'fixed',1),(34,39,0,0.00,'fixed',1),(35,8,0,0.00,'fixed',1),(35,24,0,0.00,'fixed',1),(35,27,0,0.00,'fixed',1),(35,32,0,0.00,'fixed',1),(35,34,0,0.00,'fixed',1),(35,40,0,0.00,'fixed',1),(36,4,0,0.00,'fixed',1),(36,23,0,0.00,'fixed',1),(36,24,0,0.00,'fixed',1),(36,32,0,0.00,'fixed',1),(36,34,0,0.00,'fixed',1),(36,35,0,0.00,'fixed',1),(36,41,0,0.00,'fixed',1),(37,7,0,0.00,'fixed',1),(37,26,0,0.00,'fixed',1),(37,27,0,0.00,'fixed',1),(37,29,0,0.00,'fixed',1),(37,35,0,0.00,'fixed',1),(37,42,0,0.00,'fixed',1),(38,3,0,0.00,'fixed',1),(38,6,0,0.00,'fixed',1),(38,12,0,0.00,'fixed',1),(38,19,0,0.00,'fixed',1),(38,22,0,0.00,'fixed',1),(38,29,0,0.00,'fixed',1),(38,42,0,0.00,'fixed',1),(39,11,0,0.00,'fixed',1),(39,18,0,0.00,'fixed',1),(39,26,0,0.00,'fixed',1),(39,29,0,0.00,'fixed',1),(39,35,0,0.00,'fixed',1),(39,40,0,0.00,'fixed',1),(40,2,0,0.00,'fixed',1),(40,5,0,0.00,'fixed',1),(40,19,0,0.00,'fixed',1),(40,21,0,0.00,'fixed',1),(40,28,0,0.00,'fixed',1),(40,29,0,0.00,'fixed',1),(40,39,0,0.00,'fixed',1),(41,17,0,0.00,'fixed',1),(41,18,0,0.00,'fixed',1),(41,21,0,0.00,'fixed',1),(41,22,0,0.00,'fixed',1),(41,26,0,0.00,'fixed',1),(41,34,0,0.00,'fixed',1),(42,1,0,0.00,'fixed',1),(42,23,0,0.00,'fixed',1),(42,24,0,0.00,'fixed',1),(42,31,0,0.00,'fixed',1),(42,32,0,0.00,'fixed',1),(42,38,0,0.00,'fixed',1),(43,10,0,0.00,'fixed',1),(43,15,0,0.00,'fixed',1),(43,22,0,0.00,'fixed',1),(43,28,0,0.00,'fixed',1),(43,36,0,0.00,'fixed',1);

--
-- Table structure for table `ec_product_files`
--

CREATE TABLE `ec_product_files` (
  `id` bigint unsigned NOT NULL AUTO_INCREMENT,
  `product_id` bigint unsigned DEFAULT NULL,
  `url` varchar(400) COLLATE utf8mb4_unicode_ci DEFAULT NULL,
  `extras` mediumtext COLLATE utf8mb4_unicode_ci,
  `created_at` timestamp NULL DEFAULT NULL,
  `updated_at` timestamp NULL DEFAULT NULL,
  PRIMARY KEY (`id`),
  KEY `ec_product_files_product_id_index` (`product_id`)
) ENGINE=InnoDB AUTO_INCREMENT=37 DEFAULT CHARSET=utf8mb4 COLLATE=utf8mb4_unicode_ci;

--
-- Dumping data for table `ec_product_files`
--

INSERT INTO `ec_product_files` VALUES (1,4,'ecommerce/digital-product-files/product-14.jpg','{\"filename\":\"product-14.jpg\",\"url\":\"ecommerce\\/digital-product-files\\/product-14.jpg\",\"mime_type\":\"image\\/jpeg\",\"size\":9803,\"modified\":\"2025-04-01 04:08:46\",\"name\":\"product-14\",\"extension\":\"jpg\"}','2025-03-31 21:08:46','2025-03-31 21:08:46'),(2,4,'ecommerce/digital-product-files/product-11.jpg','{\"filename\":\"product-11.jpg\",\"url\":\"ecommerce\\/digital-product-files\\/product-11.jpg\",\"mime_type\":\"image\\/jpeg\",\"size\":9803,\"modified\":\"2025-04-01 04:08:46\",\"name\":\"product-11\",\"extension\":\"jpg\"}','2025-03-31 21:08:46','2025-03-31 21:08:46'),(3,8,'ecommerce/digital-product-files/product-details-desc-1.jpg','{\"filename\":\"product-details-desc-1.jpg\",\"url\":\"ecommerce\\/digital-product-files\\/product-details-desc-1.jpg\",\"mime_type\":\"image\\/jpeg\",\"size\":9803,\"modified\":\"2025-04-01 04:08:46\",\"name\":\"product-details-desc-1\",\"extension\":\"jpg\"}','2025-03-31 21:08:46','2025-03-31 21:08:46'),(4,8,'ecommerce/digital-product-files/product-13.jpg','{\"filename\":\"product-13.jpg\",\"url\":\"ecommerce\\/digital-product-files\\/product-13.jpg\",\"mime_type\":\"image\\/jpeg\",\"size\":9803,\"modified\":\"2025-04-01 04:08:46\",\"name\":\"product-13\",\"extension\":\"jpg\"}','2025-03-31 21:08:46','2025-03-31 21:08:46'),(5,12,'ecommerce/digital-product-files/product-details-desc-1.jpg','{\"filename\":\"product-details-desc-1.jpg\",\"url\":\"ecommerce\\/digital-product-files\\/product-details-desc-1.jpg\",\"mime_type\":\"image\\/jpeg\",\"size\":9803,\"modified\":\"2025-04-01 04:08:46\",\"name\":\"product-details-desc-1\",\"extension\":\"jpg\"}','2025-03-31 21:08:46','2025-03-31 21:08:46'),(6,12,'ecommerce/digital-product-files/product-8.jpg','{\"filename\":\"product-8.jpg\",\"url\":\"ecommerce\\/digital-product-files\\/product-8.jpg\",\"mime_type\":\"image\\/jpeg\",\"size\":9803,\"modified\":\"2025-04-01 04:08:46\",\"name\":\"product-8\",\"extension\":\"jpg\"}','2025-03-31 21:08:46','2025-03-31 21:08:46'),(7,16,'ecommerce/digital-product-files/product-15.jpg','{\"filename\":\"product-15.jpg\",\"url\":\"ecommerce\\/digital-product-files\\/product-15.jpg\",\"mime_type\":\"image\\/jpeg\",\"size\":9803,\"modified\":\"2025-04-01 04:08:46\",\"name\":\"product-15\",\"extension\":\"jpg\"}','2025-03-31 21:08:46','2025-03-31 21:08:46'),(8,16,'ecommerce/digital-product-files/product-4.jpg','{\"filename\":\"product-4.jpg\",\"url\":\"ecommerce\\/digital-product-files\\/product-4.jpg\",\"mime_type\":\"image\\/jpeg\",\"size\":9803,\"modified\":\"2025-04-01 04:08:46\",\"name\":\"product-4\",\"extension\":\"jpg\"}','2025-03-31 21:08:46','2025-03-31 21:08:46'),(9,20,'ecommerce/digital-product-files/product-19.jpg','{\"filename\":\"product-19.jpg\",\"url\":\"ecommerce\\/digital-product-files\\/product-19.jpg\",\"mime_type\":\"image\\/jpeg\",\"size\":9803,\"modified\":\"2025-04-01 04:08:46\",\"name\":\"product-19\",\"extension\":\"jpg\"}','2025-03-31 21:08:46','2025-03-31 21:08:46'),(10,20,'ecommerce/digital-product-files/product-details-desc-1.jpg','{\"filename\":\"product-details-desc-1.jpg\",\"url\":\"ecommerce\\/digital-product-files\\/product-details-desc-1.jpg\",\"mime_type\":\"image\\/jpeg\",\"size\":9803,\"modified\":\"2025-04-01 04:08:46\",\"name\":\"product-details-desc-1\",\"extension\":\"jpg\"}','2025-03-31 21:08:46','2025-03-31 21:08:46'),(11,24,'ecommerce/digital-product-files/product-1.jpg','{\"filename\":\"product-1.jpg\",\"url\":\"ecommerce\\/digital-product-files\\/product-1.jpg\",\"mime_type\":\"image\\/jpeg\",\"size\":9803,\"modified\":\"2025-04-01 04:08:46\",\"name\":\"product-1\",\"extension\":\"jpg\"}','2025-03-31 21:08:46','2025-03-31 21:08:46'),(12,24,'ecommerce/digital-product-files/product-15.jpg','{\"filename\":\"product-15.jpg\",\"url\":\"ecommerce\\/digital-product-files\\/product-15.jpg\",\"mime_type\":\"image\\/jpeg\",\"size\":9803,\"modified\":\"2025-04-01 04:08:46\",\"name\":\"product-15\",\"extension\":\"jpg\"}','2025-03-31 21:08:46','2025-03-31 21:08:46'),(13,28,'ecommerce/digital-product-files/product-11.jpg','{\"filename\":\"product-11.jpg\",\"url\":\"ecommerce\\/digital-product-files\\/product-11.jpg\",\"mime_type\":\"image\\/jpeg\",\"size\":9803,\"modified\":\"2025-04-01 04:08:46\",\"name\":\"product-11\",\"extension\":\"jpg\"}','2025-03-31 21:08:46','2025-03-31 21:08:46'),(14,28,'ecommerce/digital-product-files/product-details-desc-1.jpg','{\"filename\":\"product-details-desc-1.jpg\",\"url\":\"ecommerce\\/digital-product-files\\/product-details-desc-1.jpg\",\"mime_type\":\"image\\/jpeg\",\"size\":9803,\"modified\":\"2025-04-01 04:08:46\",\"name\":\"product-details-desc-1\",\"extension\":\"jpg\"}','2025-03-31 21:08:46','2025-03-31 21:08:46'),(15,32,'ecommerce/digital-product-files/product-2.jpg','{\"filename\":\"product-2.jpg\",\"url\":\"ecommerce\\/digital-product-files\\/product-2.jpg\",\"mime_type\":\"image\\/jpeg\",\"size\":9803,\"modified\":\"2025-04-01 04:08:46\",\"name\":\"product-2\",\"extension\":\"jpg\"}','2025-03-31 21:08:46','2025-03-31 21:08:46'),(16,32,'ecommerce/digital-product-files/product-details-desc-1.jpg','{\"filename\":\"product-details-desc-1.jpg\",\"url\":\"ecommerce\\/digital-product-files\\/product-details-desc-1.jpg\",\"mime_type\":\"image\\/jpeg\",\"size\":9803,\"modified\":\"2025-04-01 04:08:46\",\"name\":\"product-details-desc-1\",\"extension\":\"jpg\"}','2025-03-31 21:08:46','2025-03-31 21:08:46'),(17,36,'ecommerce/digital-product-files/product-15.jpg','{\"filename\":\"product-15.jpg\",\"url\":\"ecommerce\\/digital-product-files\\/product-15.jpg\",\"mime_type\":\"image\\/jpeg\",\"size\":9803,\"modified\":\"2025-04-01 04:08:46\",\"name\":\"product-15\",\"extension\":\"jpg\"}','2025-03-31 21:08:46','2025-03-31 21:08:46'),(18,36,'ecommerce/digital-product-files/product-16.jpg','{\"filename\":\"product-16.jpg\",\"url\":\"ecommerce\\/digital-product-files\\/product-16.jpg\",\"mime_type\":\"image\\/jpeg\",\"size\":9803,\"modified\":\"2025-04-01 04:08:46\",\"name\":\"product-16\",\"extension\":\"jpg\"}','2025-03-31 21:08:46','2025-03-31 21:08:46'),(19,40,'ecommerce/digital-product-files/product-3.jpg','{\"filename\":\"product-3.jpg\",\"url\":\"ecommerce\\/digital-product-files\\/product-3.jpg\",\"mime_type\":\"image\\/jpeg\",\"size\":9803,\"modified\":\"2025-04-01 04:08:46\",\"name\":\"product-3\",\"extension\":\"jpg\"}','2025-03-31 21:08:46','2025-03-31 21:08:46'),(20,40,'ecommerce/digital-product-files/product-6.jpg','{\"filename\":\"product-6.jpg\",\"url\":\"ecommerce\\/digital-product-files\\/product-6.jpg\",\"mime_type\":\"image\\/jpeg\",\"size\":9803,\"modified\":\"2025-04-01 04:08:46\",\"name\":\"product-6\",\"extension\":\"jpg\"}','2025-03-31 21:08:46','2025-03-31 21:08:46'),(21,50,'ecommerce/digital-product-files/product-11.jpg','{\"filename\":\"product-11.jpg\",\"url\":\"ecommerce\\/digital-product-files\\/product-11.jpg\",\"mime_type\":\"image\\/jpeg\",\"size\":9803,\"modified\":\"2025-04-01 04:08:46\",\"name\":\"product-11\",\"extension\":\"jpg\"}','2025-03-31 21:08:46','2025-03-31 21:08:46'),(22,51,'ecommerce/digital-product-files/product-15.jpg','{\"filename\":\"product-15.jpg\",\"url\":\"ecommerce\\/digital-product-files\\/product-15.jpg\",\"mime_type\":\"image\\/jpeg\",\"size\":9803,\"modified\":\"2025-04-01 04:08:46\",\"name\":\"product-15\",\"extension\":\"jpg\"}','2025-03-31 21:08:46','2025-03-31 21:08:46'),(23,59,'ecommerce/digital-product-files/product-8.jpg','{\"filename\":\"product-8.jpg\",\"url\":\"ecommerce\\/digital-product-files\\/product-8.jpg\",\"mime_type\":\"image\\/jpeg\",\"size\":9803,\"modified\":\"2025-04-01 04:08:46\",\"name\":\"product-8\",\"extension\":\"jpg\"}','2025-03-31 21:08:46','2025-03-31 21:08:46'),(24,60,'ecommerce/digital-product-files/product-12.jpg','{\"filename\":\"product-12.jpg\",\"url\":\"ecommerce\\/digital-product-files\\/product-12.jpg\",\"mime_type\":\"image\\/jpeg\",\"size\":9803,\"modified\":\"2025-04-01 04:08:46\",\"name\":\"product-12\",\"extension\":\"jpg\"}','2025-03-31 21:08:46','2025-03-31 21:08:46'),(25,61,'ecommerce/digital-product-files/product-17.jpg','{\"filename\":\"product-17.jpg\",\"url\":\"ecommerce\\/digital-product-files\\/product-17.jpg\",\"mime_type\":\"image\\/jpeg\",\"size\":9803,\"modified\":\"2025-04-01 04:08:46\",\"name\":\"product-17\",\"extension\":\"jpg\"}','2025-03-31 21:08:46','2025-03-31 21:08:46'),(26,62,'ecommerce/digital-product-files/product-2.jpg','{\"filename\":\"product-2.jpg\",\"url\":\"ecommerce\\/digital-product-files\\/product-2.jpg\",\"mime_type\":\"image\\/jpeg\",\"size\":9803,\"modified\":\"2025-04-01 04:08:46\",\"name\":\"product-2\",\"extension\":\"jpg\"}','2025-03-31 21:08:46','2025-03-31 21:08:46'),(27,76,'ecommerce/digital-product-files/product-15.jpg','{\"filename\":\"product-15.jpg\",\"url\":\"ecommerce\\/digital-product-files\\/product-15.jpg\",\"mime_type\":\"image\\/jpeg\",\"size\":9803,\"modified\":\"2025-04-01 04:08:46\",\"name\":\"product-15\",\"extension\":\"jpg\"}','2025-03-31 21:08:46','2025-03-31 21:08:46'),(28,77,'ecommerce/digital-product-files/product-10.jpg','{\"filename\":\"product-10.jpg\",\"url\":\"ecommerce\\/digital-product-files\\/product-10.jpg\",\"mime_type\":\"image\\/jpeg\",\"size\":9803,\"modified\":\"2025-04-01 04:08:46\",\"name\":\"product-10\",\"extension\":\"jpg\"}','2025-03-31 21:08:46','2025-03-31 21:08:46'),(29,78,'ecommerce/digital-product-files/product-18.jpg','{\"filename\":\"product-18.jpg\",\"url\":\"ecommerce\\/digital-product-files\\/product-18.jpg\",\"mime_type\":\"image\\/jpeg\",\"size\":9803,\"modified\":\"2025-04-01 04:08:46\",\"name\":\"product-18\",\"extension\":\"jpg\"}','2025-03-31 21:08:46','2025-03-31 21:08:46'),(30,89,'ecommerce/digital-product-files/product-16.jpg','{\"filename\":\"product-16.jpg\",\"url\":\"ecommerce\\/digital-product-files\\/product-16.jpg\",\"mime_type\":\"image\\/jpeg\",\"size\":9803,\"modified\":\"2025-04-01 04:08:46\",\"name\":\"product-16\",\"extension\":\"jpg\"}','2025-03-31 21:08:46','2025-03-31 21:08:46'),(31,90,'ecommerce/digital-product-files/product-10.jpg','{\"filename\":\"product-10.jpg\",\"url\":\"ecommerce\\/digital-product-files\\/product-10.jpg\",\"mime_type\":\"image\\/jpeg\",\"size\":9803,\"modified\":\"2025-04-01 04:08:46\",\"name\":\"product-10\",\"extension\":\"jpg\"}','2025-03-31 21:08:46','2025-03-31 21:08:46'),(32,91,'ecommerce/digital-product-files/product-13.jpg','{\"filename\":\"product-13.jpg\",\"url\":\"ecommerce\\/digital-product-files\\/product-13.jpg\",\"mime_type\":\"image\\/jpeg\",\"size\":9803,\"modified\":\"2025-04-01 04:08:46\",\"name\":\"product-13\",\"extension\":\"jpg\"}','2025-03-31 21:08:46','2025-03-31 21:08:46'),(33,92,'ecommerce/digital-product-files/product-1.jpg','{\"filename\":\"product-1.jpg\",\"url\":\"ecommerce\\/digital-product-files\\/product-1.jpg\",\"mime_type\":\"image\\/jpeg\",\"size\":9803,\"modified\":\"2025-04-01 04:08:46\",\"name\":\"product-1\",\"extension\":\"jpg\"}','2025-03-31 21:08:46','2025-03-31 21:08:46'),(34,93,'ecommerce/digital-product-files/product-4.jpg','{\"filename\":\"product-4.jpg\",\"url\":\"ecommerce\\/digital-product-files\\/product-4.jpg\",\"mime_type\":\"image\\/jpeg\",\"size\":9803,\"modified\":\"2025-04-01 04:08:46\",\"name\":\"product-4\",\"extension\":\"jpg\"}','2025-03-31 21:08:46','2025-03-31 21:08:46'),(35,99,'ecommerce/digital-product-files/product-6.jpg','{\"filename\":\"product-6.jpg\",\"url\":\"ecommerce\\/digital-product-files\\/product-6.jpg\",\"mime_type\":\"image\\/jpeg\",\"size\":9803,\"modified\":\"2025-04-01 04:08:46\",\"name\":\"product-6\",\"extension\":\"jpg\"}','2025-03-31 21:08:46','2025-03-31 21:08:46'),(36,100,'ecommerce/digital-product-files/product-13.jpg','{\"filename\":\"product-13.jpg\",\"url\":\"ecommerce\\/digital-product-files\\/product-13.jpg\",\"mime_type\":\"image\\/jpeg\",\"size\":9803,\"modified\":\"2025-04-01 04:08:46\",\"name\":\"product-13\",\"extension\":\"jpg\"}','2025-03-31 21:08:46','2025-03-31 21:08:46');

--
-- Table structure for table `ec_product_label_products`
--

CREATE TABLE `ec_product_label_products` (
  `product_label_id` bigint unsigned NOT NULL,
  `product_id` bigint unsigned NOT NULL,
  PRIMARY KEY (`product_label_id`,`product_id`),
  KEY `ec_product_label_products_product_label_id_index` (`product_label_id`),
  KEY `ec_product_label_products_product_id_index` (`product_id`)
) ENGINE=InnoDB DEFAULT CHARSET=utf8mb4 COLLATE=utf8mb4_unicode_ci;

--
-- Dumping data for table `ec_product_label_products`
--

INSERT INTO `ec_product_label_products` VALUES (1,21),(2,9),(2,12),(2,18),(2,27),(2,33),(2,42),(3,3),(3,6),(3,15),(3,24),(3,30),(3,36),(3,39);

--
-- Table structure for table `ec_product_labels`
--

CREATE TABLE `ec_product_labels` (
  `id` bigint unsigned NOT NULL AUTO_INCREMENT,
  `name` varchar(191) COLLATE utf8mb4_unicode_ci NOT NULL,
  `color` varchar(120) COLLATE utf8mb4_unicode_ci DEFAULT NULL,
  `status` varchar(60) COLLATE utf8mb4_unicode_ci NOT NULL DEFAULT 'published',
  `created_at` timestamp NULL DEFAULT NULL,
  `updated_at` timestamp NULL DEFAULT NULL,
  `text_color` varchar(120) COLLATE utf8mb4_unicode_ci DEFAULT NULL,
  PRIMARY KEY (`id`)
) ENGINE=InnoDB AUTO_INCREMENT=4 DEFAULT CHARSET=utf8mb4 COLLATE=utf8mb4_unicode_ci;

--
-- Dumping data for table `ec_product_labels`
--

INSERT INTO `ec_product_labels` VALUES (1,'Hot','#AC2200','published','2025-03-31 21:08:35','2025-03-31 21:08:35',NULL),(2,'New','#006554','published','2025-03-31 21:08:35','2025-03-31 21:08:35',NULL),(3,'Sale','#9A3B00','published','2025-03-31 21:08:35','2025-03-31 21:08:35',NULL);

--
-- Table structure for table `ec_product_labels_translations`
--

CREATE TABLE `ec_product_labels_translations` (
  `lang_code` varchar(191) COLLATE utf8mb4_unicode_ci NOT NULL,
  `ec_product_labels_id` bigint unsigned NOT NULL,
  `name` varchar(191) COLLATE utf8mb4_unicode_ci DEFAULT NULL,
  `description` varchar(400) COLLATE utf8mb4_unicode_ci DEFAULT NULL,
  PRIMARY KEY (`lang_code`,`ec_product_labels_id`)
) ENGINE=InnoDB DEFAULT CHARSET=utf8mb4 COLLATE=utf8mb4_unicode_ci;

--
-- Dumping data for table `ec_product_labels_translations`
--


--
-- Table structure for table `ec_product_related_relations`
--

CREATE TABLE `ec_product_related_relations` (
  `from_product_id` bigint unsigned NOT NULL,
  `to_product_id` bigint unsigned NOT NULL,
  PRIMARY KEY (`from_product_id`,`to_product_id`),
  KEY `ec_product_related_relations_from_product_id_index` (`from_product_id`),
  KEY `ec_product_related_relations_to_product_id_index` (`to_product_id`)
) ENGINE=InnoDB DEFAULT CHARSET=utf8mb4 COLLATE=utf8mb4_unicode_ci;

--
-- Dumping data for table `ec_product_related_relations`
--


--
-- Table structure for table `ec_product_specification_attribute`
--

CREATE TABLE `ec_product_specification_attribute` (
  `product_id` bigint unsigned NOT NULL,
  `attribute_id` bigint unsigned NOT NULL,
  `value` text COLLATE utf8mb4_unicode_ci,
  `hidden` tinyint(1) NOT NULL DEFAULT '0',
  `order` tinyint NOT NULL DEFAULT '0',
  PRIMARY KEY (`product_id`,`attribute_id`)
) ENGINE=InnoDB DEFAULT CHARSET=utf8mb4 COLLATE=utf8mb4_unicode_ci;

--
-- Dumping data for table `ec_product_specification_attribute`
--

INSERT INTO `ec_product_specification_attribute` VALUES (1,6,'32.65 cm',0,0),(1,7,'17.53 cm',0,0),(1,8,'2560x1440',0,0),(2,6,'18.65 cm',0,0),(2,7,'79.91 cm',0,0),(2,8,'3840x2160',0,0),(3,6,'87.19 cm',0,0),(3,7,'52.22 cm',0,0),(3,8,'1920x1080',0,0),(4,1,'45.83 cm',0,0),(4,2,'89.7 cm',0,0),(4,3,'64.81 cm',0,0),(4,4,'54.21 cm',0,0),(4,5,'65.43 cm',0,0),(5,1,'12.87 cm',0,0),(5,2,'22.41 cm',0,0),(5,3,'1.69 cm',0,0),(5,4,'36.51 cm',0,0),(5,5,'52.41 cm',0,0),(6,1,'11.79 cm',0,0),(6,2,'15.96 cm',0,0),(6,3,'5.22 cm',0,0),(6,4,'34.77 cm',0,0),(6,5,'10.66 cm',0,0),(7,1,'68.39 cm',0,0),(7,2,'20.31 cm',0,0),(7,3,'11.1 cm',0,0),(7,4,'61.86 cm',0,0),(7,5,'1.39 cm',0,0),(8,1,'43.64 cm',0,0),(8,2,'35.1 cm',0,0),(8,3,'94.67 cm',0,0),(8,4,'12.79 cm',0,0),(8,5,'70.45 cm',0,0),(9,1,'52.43 cm',0,0),(9,2,'12.71 cm',0,0),(9,3,'90.6 cm',0,0),(9,4,'60.83 cm',0,0),(9,5,'84.32 cm',0,0),(10,6,'20.63 cm',0,0),(10,7,'8.74 cm',0,0),(10,8,'2560x1440',0,0),(11,6,'88.62 cm',0,0),(11,7,'56.42 cm',0,0),(11,8,'1920x1080',0,0),(12,1,'65.66 cm',0,0),(12,2,'93.02 cm',0,0),(12,3,'32.47 cm',0,0),(12,4,'92.46 cm',0,0),(12,5,'89.8 cm',0,0),(13,6,'92.46 cm',0,0),(13,7,'91.28 cm',0,0),(13,8,'1920x1080',0,0),(14,6,'14.14 cm',0,0),(14,7,'32.12 cm',0,0),(14,8,'1920x1080',0,0),(15,6,'97.69 cm',0,0),(15,7,'84.94 cm',0,0),(15,8,'2560x1440',0,0),(16,6,'21.69 cm',0,0),(16,7,'28.47 cm',0,0),(16,8,'3840x2160',0,0),(17,1,'47.28 cm',0,0),(17,2,'25.06 cm',0,0),(17,3,'39.41 cm',0,0),(17,4,'17.93 cm',0,0),(17,5,'81.57 cm',0,0),(18,1,'10.13 cm',0,0),(18,2,'65.68 cm',0,0),(18,3,'93.27 cm',0,0),(18,4,'73.33 cm',0,0),(18,5,'95.31 cm',0,0),(19,1,'30.1 cm',0,0),(19,2,'99.3 cm',0,0),(19,3,'58.28 cm',0,0),(19,4,'84.67 cm',0,0),(19,5,'58.14 cm',0,0),(20,6,'80.86 cm',0,0),(20,7,'29.73 cm',0,0),(20,8,'3840x2160',0,0),(21,1,'47.25 cm',0,0),(21,2,'61.96 cm',0,0),(21,3,'80.5 cm',0,0),(21,4,'40.92 cm',0,0),(21,5,'24.13 cm',0,0),(22,6,'49.11 cm',0,0),(22,7,'91.09 cm',0,0),(22,8,'3840x2160',0,0),(23,1,'36.58 cm',0,0),(23,2,'83.78 cm',0,0),(23,3,'40.63 cm',0,0),(23,4,'61.03 cm',0,0),(23,5,'16.1 cm',0,0),(24,1,'63.57 cm',0,0),(24,2,'36.29 cm',0,0),(24,3,'27.84 cm',0,0),(24,4,'92.88 cm',0,0),(24,5,'74.63 cm',0,0),(25,6,'50.59 cm',0,0),(25,7,'25.48 cm',0,0),(25,8,'1920x1080',0,0),(26,1,'24.72 cm',0,0),(26,2,'65.79 cm',0,0),(26,3,'18.63 cm',0,0),(26,4,'7.66 cm',0,0),(26,5,'7.32 cm',0,0),(27,1,'84.68 cm',0,0),(27,2,'26.43 cm',0,0),(27,3,'40.35 cm',0,0),(27,4,'47.99 cm',0,0),(27,5,'76 cm',0,0),(28,6,'78.82 cm',0,0),(28,7,'23.16 cm',0,0),(28,8,'2560x1440',0,0),(29,1,'23.26 cm',0,0),(29,2,'12.37 cm',0,0),(29,3,'97.54 cm',0,0),(29,4,'1.4 cm',0,0),(29,5,'72 cm',0,0),(30,6,'27.49 cm',0,0),(30,7,'25.28 cm',0,0),(30,8,'2560x1440',0,0),(31,1,'59.38 cm',0,0),(31,2,'10.16 cm',0,0),(31,3,'24.96 cm',0,0),(31,4,'2.71 cm',0,0),(31,5,'53.93 cm',0,0),(32,1,'10.66 cm',0,0),(32,2,'9.26 cm',0,0),(32,3,'79.87 cm',0,0),(32,4,'74.48 cm',0,0),(32,5,'83.03 cm',0,0),(33,1,'73.38 cm',0,0),(33,2,'27.31 cm',0,0),(33,3,'59.64 cm',0,0),(33,4,'69.93 cm',0,0),(33,5,'19.4 cm',0,0),(34,6,'41.34 cm',0,0),(34,7,'95.41 cm',0,0),(34,8,'3840x2160',0,0),(35,1,'64.32 cm',0,0),(35,2,'12.93 cm',0,0),(35,3,'2.08 cm',0,0),(35,4,'90.31 cm',0,0),(35,5,'78.74 cm',0,0),(36,6,'75.1 cm',0,0),(36,7,'14.8 cm',0,0),(36,8,'3840x2160',0,0),(37,6,'2.18 cm',0,0),(37,7,'32.29 cm',0,0),(37,8,'1920x1080',0,0),(38,1,'93.7 cm',0,0),(38,2,'18.4 cm',0,0),(38,3,'74.71 cm',0,0),(38,4,'37.31 cm',0,0),(38,5,'43.68 cm',0,0),(39,1,'84.61 cm',0,0),(39,2,'68.75 cm',0,0),(39,3,'55.17 cm',0,0),(39,4,'17.31 cm',0,0),(39,5,'95.79 cm',0,0),(40,6,'2.01 cm',0,0),(40,7,'42.99 cm',0,0),(40,8,'1920x1080',0,0),(41,6,'94.1 cm',0,0),(41,7,'49.93 cm',0,0),(41,8,'2560x1440',0,0),(42,6,'49.99 cm',0,0),(42,7,'32.62 cm',0,0),(42,8,'1920x1080',0,0),(43,6,'48.73 cm',0,0),(43,7,'45.77 cm',0,0),(43,8,'1920x1080',0,0);

--
-- Table structure for table `ec_product_tag_product`
--

CREATE TABLE `ec_product_tag_product` (
  `product_id` bigint unsigned NOT NULL,
  `tag_id` bigint unsigned NOT NULL,
  PRIMARY KEY (`product_id`,`tag_id`),
  KEY `ec_product_tag_product_product_id_index` (`product_id`),
  KEY `ec_product_tag_product_tag_id_index` (`tag_id`)
) ENGINE=InnoDB DEFAULT CHARSET=utf8mb4 COLLATE=utf8mb4_unicode_ci;

--
-- Dumping data for table `ec_product_tag_product`
--

INSERT INTO `ec_product_tag_product` VALUES (1,3),(1,4),(1,6),(2,3),(2,4),(2,6),(3,4),(3,5),(3,6),(4,1),(4,4),(4,6),(5,1),(5,5),(5,6),(6,2),(6,4),(6,5),(7,1),(7,2),(7,4),(8,3),(8,4),(8,6),(9,1),(9,3),(9,6),(10,1),(10,2),(10,3),(11,3),(11,4),(11,5),(12,4),(12,5),(12,6),(13,1),(13,3),(13,4),(14,2),(14,5),(14,6),(15,3),(15,4),(15,5),(16,1),(16,5),(16,6),(17,1),(17,3),(17,6),(18,1),(18,3),(18,5),(19,3),(19,5),(19,6),(20,2),(20,4),(20,5),(21,1),(21,3),(21,6),(22,2),(22,3),(22,6),(23,2),(23,3),(23,5),(24,3),(24,4),(24,5),(25,1),(25,2),(25,5),(26,2),(26,5),(26,6),(27,2),(27,4),(27,5),(28,1),(28,3),(28,5),(29,2),(29,3),(29,5),(30,1),(30,2),(30,6),(31,1),(31,2),(31,4),(32,1),(32,3),(32,5),(33,3),(33,4),(33,6),(34,2),(34,3),(34,6),(35,1),(35,4),(35,6),(36,1),(36,3),(36,6),(37,2),(37,3),(37,4),(38,2),(38,5),(38,6),(39,2),(39,4),(39,6),(40,1),(40,2),(40,6),(41,1),(41,3),(41,4),(42,3),(42,5),(42,6),(43,2),(43,3),(43,6);

--
-- Table structure for table `ec_product_tags`
--

CREATE TABLE `ec_product_tags` (
  `id` bigint unsigned NOT NULL AUTO_INCREMENT,
  `name` varchar(120) COLLATE utf8mb4_unicode_ci NOT NULL,
  `description` varchar(400) COLLATE utf8mb4_unicode_ci DEFAULT NULL,
  `status` varchar(60) COLLATE utf8mb4_unicode_ci NOT NULL DEFAULT 'published',
  `created_at` timestamp NULL DEFAULT NULL,
  `updated_at` timestamp NULL DEFAULT NULL,
  PRIMARY KEY (`id`)
) ENGINE=InnoDB AUTO_INCREMENT=7 DEFAULT CHARSET=utf8mb4 COLLATE=utf8mb4_unicode_ci;

--
-- Dumping data for table `ec_product_tags`
--

INSERT INTO `ec_product_tags` VALUES (1,'Electronic',NULL,'published','2025-03-31 21:08:38','2025-03-31 21:08:38'),(2,'Mobile',NULL,'published','2025-03-31 21:08:38','2025-03-31 21:08:38'),(3,'Iphone',NULL,'published','2025-03-31 21:08:38','2025-03-31 21:08:38'),(4,'Printer',NULL,'published','2025-03-31 21:08:38','2025-03-31 21:08:38'),(5,'Office',NULL,'published','2025-03-31 21:08:38','2025-03-31 21:08:38'),(6,'IT',NULL,'published','2025-03-31 21:08:38','2025-03-31 21:08:38');

--
-- Table structure for table `ec_product_tags_translations`
--

CREATE TABLE `ec_product_tags_translations` (
  `lang_code` varchar(191) COLLATE utf8mb4_unicode_ci NOT NULL,
  `ec_product_tags_id` bigint unsigned NOT NULL,
  `name` varchar(191) COLLATE utf8mb4_unicode_ci DEFAULT NULL,
  PRIMARY KEY (`lang_code`,`ec_product_tags_id`)
) ENGINE=InnoDB DEFAULT CHARSET=utf8mb4 COLLATE=utf8mb4_unicode_ci;

--
-- Dumping data for table `ec_product_tags_translations`
--


--
-- Table structure for table `ec_product_up_sale_relations`
--

CREATE TABLE `ec_product_up_sale_relations` (
  `from_product_id` bigint unsigned NOT NULL,
  `to_product_id` bigint unsigned NOT NULL,
  PRIMARY KEY (`from_product_id`,`to_product_id`),
  KEY `ec_product_up_sale_relations_from_product_id_index` (`from_product_id`),
  KEY `ec_product_up_sale_relations_to_product_id_index` (`to_product_id`)
) ENGINE=InnoDB DEFAULT CHARSET=utf8mb4 COLLATE=utf8mb4_unicode_ci;

--
-- Dumping data for table `ec_product_up_sale_relations`
--


--
-- Table structure for table `ec_product_variation_items`
--

CREATE TABLE `ec_product_variation_items` (
  `id` bigint unsigned NOT NULL AUTO_INCREMENT,
  `attribute_id` bigint unsigned NOT NULL,
  `variation_id` bigint unsigned NOT NULL,
  PRIMARY KEY (`id`),
  UNIQUE KEY `ec_product_variation_items_attribute_id_variation_id_unique` (`attribute_id`,`variation_id`),
  KEY `attribute_variation_index` (`attribute_id`,`variation_id`)
) ENGINE=InnoDB AUTO_INCREMENT=121 DEFAULT CHARSET=utf8mb4 COLLATE=utf8mb4_unicode_ci;

--
-- Dumping data for table `ec_product_variation_items`
--

INSERT INTO `ec_product_variation_items` VALUES (9,1,5),(13,1,7),(21,1,11),(27,1,14),(49,1,25),(55,1,28),(5,2,3),(7,2,4),(11,2,6),(19,2,10),(37,2,19),(17,3,9),(31,3,16),(43,3,22),(1,4,1),(23,4,12),(35,4,18),(45,4,23),(53,4,27),(3,5,2),(15,5,8),(25,5,13),(29,5,15),(33,5,17),(39,5,20),(41,5,21),(47,5,24),(51,5,26),(57,5,29),(26,6,13),(28,6,14),(34,6,17),(44,6,22),(52,6,26),(56,6,28),(4,7,2),(6,7,3),(14,7,7),(16,7,8),(22,7,11),(32,7,16),(46,7,23),(54,7,27),(12,8,6),(2,9,1),(10,9,5),(18,9,9),(24,9,12),(30,9,15),(42,9,21),(48,9,24),(50,9,25),(8,10,4),(20,10,10),(36,10,18),(38,10,19),(40,10,20),(58,10,29),(67,11,34),(77,11,39),(81,11,41),(89,11,45),(93,11,47),(101,11,51),(103,11,52),(107,11,54),(111,11,56),(113,11,57),(59,12,30),(63,12,32),(75,12,38),(79,12,40),(83,12,42),(85,12,43),(95,12,48),(97,12,49),(99,12,50),(119,12,60),(61,13,31),(65,13,33),(87,13,44),(105,13,53),(109,13,55),(69,14,35),(73,14,37),(91,14,46),(115,14,58),(71,15,36),(117,15,59),(66,16,33),(98,16,49),(106,16,53),(112,16,56),(78,17,39),(88,17,44),(94,17,47),(64,18,32),(70,18,35),(72,18,36),(76,18,38),(84,18,42),(86,18,43),(96,18,48),(104,18,52),(108,18,54),(116,18,58),(120,18,60),(62,19,31),(68,19,34),(74,19,37),(80,19,40),(82,19,41),(90,19,45),(92,19,46),(60,20,30),(100,20,50),(102,20,51),(110,20,55),(114,20,57),(118,20,59);

--
-- Table structure for table `ec_product_variations`
--

CREATE TABLE `ec_product_variations` (
  `id` bigint unsigned NOT NULL AUTO_INCREMENT,
  `product_id` bigint unsigned DEFAULT NULL,
  `configurable_product_id` bigint unsigned NOT NULL,
  `is_default` tinyint NOT NULL DEFAULT '0',
  PRIMARY KEY (`id`),
  UNIQUE KEY `ec_product_variations_product_id_configurable_product_id_unique` (`product_id`,`configurable_product_id`),
  KEY `configurable_product_index` (`product_id`,`configurable_product_id`)
) ENGINE=InnoDB AUTO_INCREMENT=61 DEFAULT CHARSET=utf8mb4 COLLATE=utf8mb4_unicode_ci;

--
-- Dumping data for table `ec_product_variations`
--

INSERT INTO `ec_product_variations` VALUES (1,44,2,1),(2,45,2,0),(3,46,2,0),(4,47,3,1),(5,48,3,0),(6,49,3,0),(7,50,4,1),(8,51,4,0),(9,52,6,1),(10,53,6,0),(11,54,6,0),(12,55,7,1),(13,56,7,0),(14,57,7,0),(15,58,9,1),(16,59,12,1),(17,60,12,0),(18,61,12,0),(19,62,12,0),(20,63,13,1),(21,64,13,0),(22,65,13,0),(23,66,14,1),(24,67,14,0),(25,68,14,0),(26,69,15,1),(27,70,18,1),(28,71,18,0),(29,72,18,0),(30,73,23,1),(31,74,23,0),(32,75,23,0),(33,76,24,1),(34,77,24,0),(35,78,24,0),(36,79,25,1),(37,80,25,0),(38,81,25,0),(39,82,27,1),(40,83,34,1),(41,84,34,0),(42,85,35,1),(43,86,35,0),(44,87,35,0),(45,88,35,0),(46,89,36,1),(47,90,36,0),(48,91,36,0),(49,92,36,0),(50,93,36,0),(51,94,37,1),(52,95,37,0),(53,96,39,1),(54,97,39,0),(55,98,39,0),(56,99,40,1),(57,100,40,0),(58,101,41,1),(59,102,41,0),(60,103,41,0);

--
-- Table structure for table `ec_product_views`
--

CREATE TABLE `ec_product_views` (
  `id` bigint unsigned NOT NULL AUTO_INCREMENT,
  `product_id` bigint unsigned NOT NULL,
  `views` int NOT NULL DEFAULT '1',
  `date` date NOT NULL DEFAULT '2025-04-01',
  PRIMARY KEY (`id`),
  UNIQUE KEY `ec_product_views_product_id_date_unique` (`product_id`,`date`),
  KEY `ec_product_views_product_id_index` (`product_id`)
) ENGINE=InnoDB DEFAULT CHARSET=utf8mb4 COLLATE=utf8mb4_unicode_ci;

--
-- Dumping data for table `ec_product_views`
--


--
-- Table structure for table `ec_product_with_attribute_set`
--

CREATE TABLE `ec_product_with_attribute_set` (
  `attribute_set_id` bigint unsigned NOT NULL,
  `product_id` bigint unsigned NOT NULL,
  `order` tinyint unsigned NOT NULL DEFAULT '0',
  PRIMARY KEY (`product_id`,`attribute_set_id`)
) ENGINE=InnoDB DEFAULT CHARSET=utf8mb4 COLLATE=utf8mb4_unicode_ci;

--
-- Dumping data for table `ec_product_with_attribute_set`
--

INSERT INTO `ec_product_with_attribute_set` VALUES (1,2,0),(2,2,0),(1,3,0),(2,3,0),(1,4,0),(2,4,0),(1,6,0),(2,6,0),(1,7,0),(2,7,0),(1,9,0),(2,9,0),(1,12,0),(2,12,0),(1,13,0),(2,13,0),(1,14,0),(2,14,0),(1,15,0),(2,15,0),(1,18,0),(2,18,0),(3,23,0),(4,23,0),(3,24,0),(4,24,0),(3,25,0),(4,25,0),(3,27,0),(4,27,0),(3,34,0),(4,34,0),(3,35,0),(4,35,0),(3,36,0),(4,36,0),(3,37,0),(4,37,0),(3,39,0),(4,39,0),(3,40,0),(4,40,0),(3,41,0),(4,41,0);

--
-- Table structure for table `ec_products`
--

CREATE TABLE `ec_products` (
  `id` bigint unsigned NOT NULL AUTO_INCREMENT,
  `name` varchar(191) COLLATE utf8mb4_unicode_ci NOT NULL,
  `description` text COLLATE utf8mb4_unicode_ci,
  `content` longtext COLLATE utf8mb4_unicode_ci,
  `status` varchar(60) COLLATE utf8mb4_unicode_ci NOT NULL DEFAULT 'published',
  `images` text COLLATE utf8mb4_unicode_ci,
  `video_media` text COLLATE utf8mb4_unicode_ci,
  `sku` varchar(191) COLLATE utf8mb4_unicode_ci DEFAULT NULL,
  `order` int unsigned NOT NULL DEFAULT '0',
  `quantity` int unsigned DEFAULT NULL,
  `allow_checkout_when_out_of_stock` tinyint unsigned NOT NULL DEFAULT '0',
  `with_storehouse_management` tinyint unsigned NOT NULL DEFAULT '0',
  `stock_status` varchar(191) COLLATE utf8mb4_unicode_ci DEFAULT 'in_stock',
  `is_featured` tinyint unsigned NOT NULL DEFAULT '0',
  `brand_id` bigint unsigned DEFAULT NULL,
  `is_variation` tinyint NOT NULL DEFAULT '0',
  `sale_type` tinyint NOT NULL DEFAULT '0',
  `price` double unsigned DEFAULT NULL,
  `sale_price` double unsigned DEFAULT NULL,
  `start_date` timestamp NULL DEFAULT NULL,
  `end_date` timestamp NULL DEFAULT NULL,
  `length` double DEFAULT NULL,
  `wide` double DEFAULT NULL,
  `height` double DEFAULT NULL,
  `weight` double DEFAULT NULL,
  `tax_id` bigint unsigned DEFAULT NULL,
  `views` bigint NOT NULL DEFAULT '0',
  `created_at` timestamp NULL DEFAULT NULL,
  `updated_at` timestamp NULL DEFAULT NULL,
  `store_id` bigint unsigned DEFAULT NULL,
  `created_by_id` bigint unsigned DEFAULT '0',
  `created_by_type` varchar(191) COLLATE utf8mb4_unicode_ci NOT NULL DEFAULT 'Botble\\ACL\\Models\\User',
  `approved_by` bigint unsigned DEFAULT '0',
  `image` varchar(191) COLLATE utf8mb4_unicode_ci DEFAULT NULL,
  `product_type` varchar(60) COLLATE utf8mb4_unicode_ci DEFAULT 'physical',
  `barcode` varchar(50) COLLATE utf8mb4_unicode_ci DEFAULT NULL,
  `cost_per_item` double DEFAULT NULL,
  `generate_license_code` tinyint(1) NOT NULL DEFAULT '0',
  `minimum_order_quantity` int unsigned DEFAULT '0',
  `maximum_order_quantity` int unsigned DEFAULT '0',
  `notify_attachment_updated` tinyint(1) NOT NULL DEFAULT '0',
  `specification_table_id` bigint unsigned DEFAULT NULL,
  PRIMARY KEY (`id`),
  KEY `ec_products_brand_id_status_is_variation_created_at_index` (`brand_id`,`status`,`is_variation`,`created_at`),
  KEY `sale_type_index` (`sale_type`),
  KEY `start_date_index` (`start_date`),
  KEY `end_date_index` (`end_date`),
  KEY `sale_price_index` (`sale_price`),
  KEY `is_variation_index` (`is_variation`),
  KEY `ec_products_sku_index` (`sku`)
) ENGINE=InnoDB AUTO_INCREMENT=104 DEFAULT CHARSET=utf8mb4 COLLATE=utf8mb4_unicode_ci;

--
-- Dumping data for table `ec_products`
--

INSERT INTO `ec_products` VALUES (1,'Vintage Denim Jacket','Achieve a polished look with this tailored wool blazer, designed for a flattering fit and versatile enough for both work and casual outings.','<div class=\"row justify-content-center\">\n    <div class=\"col-xl-10\">\n        <div class=\"tp-product-details-desc-item pb-105\">\n            <div class=\"row\">\n                <div class=\"col-lg-6\">\n                    <div class=\"pt-25\">\n                        <span>Diamond Tennis Bracelet</span>\n                        <h3 class=\"tp-product-details-desc-title\">Timeless Elegance</h3>\n                        <p>\n                            Elevate your style with our exquisite diamond tennis bracelet. Crafted with precision and attention to detail, each sparkling diamond is expertly set in lustrous white gold, creating a piece of jewelry that exudes sophistication and luxury. Whether worn alone or layered with other bracelets, this timeless accessory adds a touch of glamour to any ensemble.\n                        </p>\n                    </div>\n                    <div>\n                        <h3 class=\"tp-product-details-desc-title\">Exceptional Quality</h3>\n                        <p>\n                            Our diamond tennis bracelet is crafted from the finest materials to ensure lasting beauty and brilliance. Each diamond is carefully selected for its clarity, cut, and color, resulting in a piece of jewelry that\'s truly exceptional. Indulge in luxury and elegance with this stunning bracelet that\'s sure to become a cherished heirloom.\n                        </p>\n                    </div>\n                </div>\n                <div class=\"col-lg-6\">\n                    <div class=\"tp-product-details-desc-thumb\">\n                        <img src=\"/storage/jewelry/products/product-1.png\" alt=\"Diamond Tennis Bracelet\">\n                    </div>\n                </div>\n            </div>\n        </div>\n        <div class=\"tp-product-details-desc-item pb-75\">\n            <div class=\"row\">\n                <div class=\"col-lg-7\">\n                    <div class=\"tp-product-details-desc-thumb\">\n                        <img src=\"/storage/jewelry/products/product-2.png\" alt=\"Close-up of Diamond Tennis Bracelet\">\n                    </div>\n                </div>\n\n                <div class=\"col-lg-5 order-first order-lg-last\">\n                    <div class=\"des-content-2 pl-40\">\n                        <h3 class=\"tp-product-details-desc-title\">\n                            Versatile Style\n                        </h3>\n                        <p>\n                            Effortlessly transition from day to night with our versatile diamond tennis bracelet. Whether paired with a casual outfit or a formal gown, it adds a touch of glamour and sophistication to any look. Treat yourself or someone special to this timeless piece that\'s destined to be cherished for years to come.\n                        </p>\n                    </div>\n                </div>\n            </div>\n        </div>\n        <div class=\"tp-product-details-desc-item\">\n            <div class=\"row\">\n                <div class=\"col-xl-12\">\n                    <div class=\"tp-product-details-desc-banner text-center m-img\">\n                        <h3 class=\"tp-product-details-desc-banner-title tp-product-details-desc-title\">Exquisite Craftsmanship</h3>\n                        <img src=\"/storage/jewelry/products/product-3.png\" alt=\"Jewelry Workshop\">\n                    </div>\n                </div>\n            </div>\n        </div>\n    </div>\n</div>\n','published','[\"main\\/products\\/product-18.jpg\",\"main\\/products\\/product-20.jpg\",\"main\\/products\\/product-6.jpg\"]','[[{\"key\":\"file\",\"value\":\"main\\/video\\/video-2.mp4\"},{\"key\":\"url\",\"value\":null},{\"key\":\"thumbnail\",\"value\":\"main\\/video\\/2.jpg\"}]]','V7-104',0,17,0,1,'in_stock',0,1,0,0,2191,1772,NULL,NULL,17,11,17,876,NULL,39275,'2025-03-31 21:08:45','2025-03-31 21:08:46',2,0,'Botble\\ACL\\Models\\User',0,NULL,'physical',NULL,NULL,0,0,0,0,2),(2,'Floral Maxi Dress','Accessorize with this bohemian fringe handbag, featuring intricate details and enough space for your essentials. The perfect boho-chic addition to your collection.','<div class=\"row justify-content-center\">\n    <div class=\"col-xl-10\">\n        <div class=\"tp-product-details-desc-item pb-105\">\n            <div class=\"row\">\n                <div class=\"col-lg-6\">\n                    <div class=\"pt-25\">\n                        <span>Diamond Tennis Bracelet</span>\n                        <h3 class=\"tp-product-details-desc-title\">Timeless Elegance</h3>\n                        <p>\n                            Elevate your style with our exquisite diamond tennis bracelet. Crafted with precision and attention to detail, each sparkling diamond is expertly set in lustrous white gold, creating a piece of jewelry that exudes sophistication and luxury. Whether worn alone or layered with other bracelets, this timeless accessory adds a touch of glamour to any ensemble.\n                        </p>\n                    </div>\n                    <div>\n                        <h3 class=\"tp-product-details-desc-title\">Exceptional Quality</h3>\n                        <p>\n                            Our diamond tennis bracelet is crafted from the finest materials to ensure lasting beauty and brilliance. Each diamond is carefully selected for its clarity, cut, and color, resulting in a piece of jewelry that\'s truly exceptional. Indulge in luxury and elegance with this stunning bracelet that\'s sure to become a cherished heirloom.\n                        </p>\n                    </div>\n                </div>\n                <div class=\"col-lg-6\">\n                    <div class=\"tp-product-details-desc-thumb\">\n                        <img src=\"/storage/jewelry/products/product-1.png\" alt=\"Diamond Tennis Bracelet\">\n                    </div>\n                </div>\n            </div>\n        </div>\n        <div class=\"tp-product-details-desc-item pb-75\">\n            <div class=\"row\">\n                <div class=\"col-lg-7\">\n                    <div class=\"tp-product-details-desc-thumb\">\n                        <img src=\"/storage/jewelry/products/product-2.png\" alt=\"Close-up of Diamond Tennis Bracelet\">\n                    </div>\n                </div>\n\n                <div class=\"col-lg-5 order-first order-lg-last\">\n                    <div class=\"des-content-2 pl-40\">\n                        <h3 class=\"tp-product-details-desc-title\">\n                            Versatile Style\n                        </h3>\n                        <p>\n                            Effortlessly transition from day to night with our versatile diamond tennis bracelet. Whether paired with a casual outfit or a formal gown, it adds a touch of glamour and sophistication to any look. Treat yourself or someone special to this timeless piece that\'s destined to be cherished for years to come.\n                        </p>\n                    </div>\n                </div>\n            </div>\n        </div>\n        <div class=\"tp-product-details-desc-item\">\n            <div class=\"row\">\n                <div class=\"col-xl-12\">\n                    <div class=\"tp-product-details-desc-banner text-center m-img\">\n                        <h3 class=\"tp-product-details-desc-banner-title tp-product-details-desc-title\">Exquisite Craftsmanship</h3>\n                        <img src=\"/storage/jewelry/products/product-3.png\" alt=\"Jewelry Workshop\">\n                    </div>\n                </div>\n            </div>\n        </div>\n    </div>\n</div>\n','published','[\"main\\/products\\/product-12.jpg\",\"main\\/products\\/product-3.jpg\",\"main\\/products\\/product-details-desc-2.jpg\",\"main\\/products\\/product-9.jpg\",\"main\\/products\\/product-details-desc-1.jpg\"]','[[{\"key\":\"file\",\"value\":\"main\\/video\\/video-2.mp4\"},{\"key\":\"url\",\"value\":null},{\"key\":\"thumbnail\",\"value\":\"main\\/video\\/2.jpg\"}]]','RG-186-A1',0,17,0,1,'in_stock',0,2,0,0,2087,NULL,NULL,NULL,19,16,19,504,NULL,9403,'2025-03-31 21:08:45','2025-03-31 21:08:46',1,0,'Botble\\ACL\\Models\\User',0,NULL,'physical',NULL,NULL,0,0,0,0,2),(3,'Leather Ankle Boots','Make a statement in this floral maxi dress, perfect for summer events or a casual day out. The flowy silhouette and vibrant print will turn heads wherever you go.','<div class=\"row justify-content-center\">\n    <div class=\"col-xl-10\">\n        <div class=\"tp-product-details-desc-item pb-105\">\n            <div class=\"row\">\n                <div class=\"col-lg-6\">\n                    <div class=\"pt-25\">\n                        <span>Diamond Tennis Bracelet</span>\n                        <h3 class=\"tp-product-details-desc-title\">Timeless Elegance</h3>\n                        <p>\n                            Elevate your style with our exquisite diamond tennis bracelet. Crafted with precision and attention to detail, each sparkling diamond is expertly set in lustrous white gold, creating a piece of jewelry that exudes sophistication and luxury. Whether worn alone or layered with other bracelets, this timeless accessory adds a touch of glamour to any ensemble.\n                        </p>\n                    </div>\n                    <div>\n                        <h3 class=\"tp-product-details-desc-title\">Exceptional Quality</h3>\n                        <p>\n                            Our diamond tennis bracelet is crafted from the finest materials to ensure lasting beauty and brilliance. Each diamond is carefully selected for its clarity, cut, and color, resulting in a piece of jewelry that\'s truly exceptional. Indulge in luxury and elegance with this stunning bracelet that\'s sure to become a cherished heirloom.\n                        </p>\n                    </div>\n                </div>\n                <div class=\"col-lg-6\">\n                    <div class=\"tp-product-details-desc-thumb\">\n                        <img src=\"/storage/jewelry/products/product-1.png\" alt=\"Diamond Tennis Bracelet\">\n                    </div>\n                </div>\n            </div>\n        </div>\n        <div class=\"tp-product-details-desc-item pb-75\">\n            <div class=\"row\">\n                <div class=\"col-lg-7\">\n                    <div class=\"tp-product-details-desc-thumb\">\n                        <img src=\"/storage/jewelry/products/product-2.png\" alt=\"Close-up of Diamond Tennis Bracelet\">\n                    </div>\n                </div>\n\n                <div class=\"col-lg-5 order-first order-lg-last\">\n                    <div class=\"des-content-2 pl-40\">\n                        <h3 class=\"tp-product-details-desc-title\">\n                            Versatile Style\n                        </h3>\n                        <p>\n                            Effortlessly transition from day to night with our versatile diamond tennis bracelet. Whether paired with a casual outfit or a formal gown, it adds a touch of glamour and sophistication to any look. Treat yourself or someone special to this timeless piece that\'s destined to be cherished for years to come.\n                        </p>\n                    </div>\n                </div>\n            </div>\n        </div>\n        <div class=\"tp-product-details-desc-item\">\n            <div class=\"row\">\n                <div class=\"col-xl-12\">\n                    <div class=\"tp-product-details-desc-banner text-center m-img\">\n                        <h3 class=\"tp-product-details-desc-banner-title tp-product-details-desc-title\">Exquisite Craftsmanship</h3>\n                        <img src=\"/storage/jewelry/products/product-3.png\" alt=\"Jewelry Workshop\">\n                    </div>\n                </div>\n            </div>\n        </div>\n    </div>\n</div>\n','published','[\"main\\/products\\/product-5.jpg\",\"main\\/products\\/product-19.jpg\",\"main\\/products\\/product-4.jpg\",\"main\\/products\\/product-14.jpg\",\"main\\/products\\/product-16.jpg\"]','[[{\"key\":\"file\",\"value\":null},{\"key\":\"url\",\"value\":\"https:\\/\\/www.youtube.com\\/watch?v=6JYIGclVQdw\"},{\"key\":\"thumbnail\",\"value\":\"main\\/video\\/1.jpg\"}]]','CK-139-A1',0,20,0,1,'in_stock',1,1,0,0,1294,NULL,NULL,NULL,18,14,15,502,NULL,17323,'2025-03-31 21:08:45','2025-03-31 21:08:46',7,0,'Botble\\ACL\\Models\\User',0,NULL,'physical',NULL,NULL,0,0,0,0,2),(4,'Knit Turtleneck Sweater (Digital)','Accessorize with this bohemian fringe handbag, featuring intricate details and enough space for your essentials. The perfect boho-chic addition to your collection.','<div class=\"row justify-content-center\">\n    <div class=\"col-xl-10\">\n        <div class=\"tp-product-details-desc-item pb-105\">\n            <div class=\"row\">\n                <div class=\"col-lg-6\">\n                    <div class=\"pt-25\">\n                        <span>Diamond Tennis Bracelet</span>\n                        <h3 class=\"tp-product-details-desc-title\">Timeless Elegance</h3>\n                        <p>\n                            Elevate your style with our exquisite diamond tennis bracelet. Crafted with precision and attention to detail, each sparkling diamond is expertly set in lustrous white gold, creating a piece of jewelry that exudes sophistication and luxury. Whether worn alone or layered with other bracelets, this timeless accessory adds a touch of glamour to any ensemble.\n                        </p>\n                    </div>\n                    <div>\n                        <h3 class=\"tp-product-details-desc-title\">Exceptional Quality</h3>\n                        <p>\n                            Our diamond tennis bracelet is crafted from the finest materials to ensure lasting beauty and brilliance. Each diamond is carefully selected for its clarity, cut, and color, resulting in a piece of jewelry that\'s truly exceptional. Indulge in luxury and elegance with this stunning bracelet that\'s sure to become a cherished heirloom.\n                        </p>\n                    </div>\n                </div>\n                <div class=\"col-lg-6\">\n                    <div class=\"tp-product-details-desc-thumb\">\n                        <img src=\"/storage/jewelry/products/product-1.png\" alt=\"Diamond Tennis Bracelet\">\n                    </div>\n                </div>\n            </div>\n        </div>\n        <div class=\"tp-product-details-desc-item pb-75\">\n            <div class=\"row\">\n                <div class=\"col-lg-7\">\n                    <div class=\"tp-product-details-desc-thumb\">\n                        <img src=\"/storage/jewelry/products/product-2.png\" alt=\"Close-up of Diamond Tennis Bracelet\">\n                    </div>\n                </div>\n\n                <div class=\"col-lg-5 order-first order-lg-last\">\n                    <div class=\"des-content-2 pl-40\">\n                        <h3 class=\"tp-product-details-desc-title\">\n                            Versatile Style\n                        </h3>\n                        <p>\n                            Effortlessly transition from day to night with our versatile diamond tennis bracelet. Whether paired with a casual outfit or a formal gown, it adds a touch of glamour and sophistication to any look. Treat yourself or someone special to this timeless piece that\'s destined to be cherished for years to come.\n                        </p>\n                    </div>\n                </div>\n            </div>\n        </div>\n        <div class=\"tp-product-details-desc-item\">\n            <div class=\"row\">\n                <div class=\"col-xl-12\">\n                    <div class=\"tp-product-details-desc-banner text-center m-img\">\n                        <h3 class=\"tp-product-details-desc-banner-title tp-product-details-desc-title\">Exquisite Craftsmanship</h3>\n                        <img src=\"/storage/jewelry/products/product-3.png\" alt=\"Jewelry Workshop\">\n                    </div>\n                </div>\n            </div>\n        </div>\n    </div>\n</div>\n','published','[\"main\\/products\\/product-14.jpg\",\"main\\/products\\/product-11.jpg\",\"main\\/products\\/product-15.jpg\",\"main\\/products\\/product-3.jpg\",\"main\\/products\\/product-16.jpg\",\"main\\/products\\/product-details-desc-3.jpg\",\"main\\/products\\/product-4.jpg\"]','[[{\"key\":\"file\",\"value\":\"main\\/video\\/video-1.mp4\"},{\"key\":\"url\",\"value\":null},{\"key\":\"thumbnail\",\"value\":\"main\\/video\\/1.jpg\"}]]','A4-182-A1',0,13,0,1,'in_stock',0,2,0,0,1885,1677.65,NULL,NULL,16,18,16,768,NULL,113769,'2025-03-31 21:08:45','2025-03-31 21:08:46',1,0,'Botble\\ACL\\Models\\User',0,NULL,'digital',NULL,NULL,0,0,0,0,1),(5,'Classic Aviator Sunglasses','Stay on trend with these high-waisted wide-leg trousers, combining comfort and sophistication. Pair them with heels for a refined look.','<div class=\"row justify-content-center\">\n    <div class=\"col-xl-10\">\n        <div class=\"tp-product-details-desc-item pb-105\">\n            <div class=\"row\">\n                <div class=\"col-lg-6\">\n                    <div class=\"pt-25\">\n                        <span>Diamond Tennis Bracelet</span>\n                        <h3 class=\"tp-product-details-desc-title\">Timeless Elegance</h3>\n                        <p>\n                            Elevate your style with our exquisite diamond tennis bracelet. Crafted with precision and attention to detail, each sparkling diamond is expertly set in lustrous white gold, creating a piece of jewelry that exudes sophistication and luxury. Whether worn alone or layered with other bracelets, this timeless accessory adds a touch of glamour to any ensemble.\n                        </p>\n                    </div>\n                    <div>\n                        <h3 class=\"tp-product-details-desc-title\">Exceptional Quality</h3>\n                        <p>\n                            Our diamond tennis bracelet is crafted from the finest materials to ensure lasting beauty and brilliance. Each diamond is carefully selected for its clarity, cut, and color, resulting in a piece of jewelry that\'s truly exceptional. Indulge in luxury and elegance with this stunning bracelet that\'s sure to become a cherished heirloom.\n                        </p>\n                    </div>\n                </div>\n                <div class=\"col-lg-6\">\n                    <div class=\"tp-product-details-desc-thumb\">\n                        <img src=\"/storage/jewelry/products/product-1.png\" alt=\"Diamond Tennis Bracelet\">\n                    </div>\n                </div>\n            </div>\n        </div>\n        <div class=\"tp-product-details-desc-item pb-75\">\n            <div class=\"row\">\n                <div class=\"col-lg-7\">\n                    <div class=\"tp-product-details-desc-thumb\">\n                        <img src=\"/storage/jewelry/products/product-2.png\" alt=\"Close-up of Diamond Tennis Bracelet\">\n                    </div>\n                </div>\n\n                <div class=\"col-lg-5 order-first order-lg-last\">\n                    <div class=\"des-content-2 pl-40\">\n                        <h3 class=\"tp-product-details-desc-title\">\n                            Versatile Style\n                        </h3>\n                        <p>\n                            Effortlessly transition from day to night with our versatile diamond tennis bracelet. Whether paired with a casual outfit or a formal gown, it adds a touch of glamour and sophistication to any look. Treat yourself or someone special to this timeless piece that\'s destined to be cherished for years to come.\n                        </p>\n                    </div>\n                </div>\n            </div>\n        </div>\n        <div class=\"tp-product-details-desc-item\">\n            <div class=\"row\">\n                <div class=\"col-xl-12\">\n                    <div class=\"tp-product-details-desc-banner text-center m-img\">\n                        <h3 class=\"tp-product-details-desc-banner-title tp-product-details-desc-title\">Exquisite Craftsmanship</h3>\n                        <img src=\"/storage/jewelry/products/product-3.png\" alt=\"Jewelry Workshop\">\n                    </div>\n                </div>\n            </div>\n        </div>\n    </div>\n</div>\n','published','[\"main\\/products\\/product-details-desc-1.jpg\",\"main\\/products\\/product-9.jpg\",\"main\\/products\\/product-11.jpg\",\"main\\/products\\/product-2.jpg\",\"main\\/products\\/product-4.jpg\",\"main\\/products\\/product-8.jpg\"]','[[{\"key\":\"file\",\"value\":null},{\"key\":\"url\",\"value\":\"https:\\/\\/www.youtube.com\\/watch?v=6JYIGclVQdw\"},{\"key\":\"thumbnail\",\"value\":\"main\\/video\\/2.jpg\"}]]','1D-173',0,18,0,1,'in_stock',0,3,0,0,1374,235,NULL,NULL,14,14,13,577,NULL,141206,'2025-03-31 21:08:45','2025-03-31 21:08:46',3,0,'Botble\\ACL\\Models\\User',0,NULL,'physical',NULL,NULL,0,0,0,0,1),(6,'Tailored Wool Blazer','Achieve a polished look with this tailored wool blazer, designed for a flattering fit and versatile enough for both work and casual outings.','<div class=\"row justify-content-center\">\n    <div class=\"col-xl-10\">\n        <div class=\"tp-product-details-desc-item pb-105\">\n            <div class=\"row\">\n                <div class=\"col-lg-6\">\n                    <div class=\"pt-25\">\n                        <span>Diamond Tennis Bracelet</span>\n                        <h3 class=\"tp-product-details-desc-title\">Timeless Elegance</h3>\n                        <p>\n                            Elevate your style with our exquisite diamond tennis bracelet. Crafted with precision and attention to detail, each sparkling diamond is expertly set in lustrous white gold, creating a piece of jewelry that exudes sophistication and luxury. Whether worn alone or layered with other bracelets, this timeless accessory adds a touch of glamour to any ensemble.\n                        </p>\n                    </div>\n                    <div>\n                        <h3 class=\"tp-product-details-desc-title\">Exceptional Quality</h3>\n                        <p>\n                            Our diamond tennis bracelet is crafted from the finest materials to ensure lasting beauty and brilliance. Each diamond is carefully selected for its clarity, cut, and color, resulting in a piece of jewelry that\'s truly exceptional. Indulge in luxury and elegance with this stunning bracelet that\'s sure to become a cherished heirloom.\n                        </p>\n                    </div>\n                </div>\n                <div class=\"col-lg-6\">\n                    <div class=\"tp-product-details-desc-thumb\">\n                        <img src=\"/storage/jewelry/products/product-1.png\" alt=\"Diamond Tennis Bracelet\">\n                    </div>\n                </div>\n            </div>\n        </div>\n        <div class=\"tp-product-details-desc-item pb-75\">\n            <div class=\"row\">\n                <div class=\"col-lg-7\">\n                    <div class=\"tp-product-details-desc-thumb\">\n                        <img src=\"/storage/jewelry/products/product-2.png\" alt=\"Close-up of Diamond Tennis Bracelet\">\n                    </div>\n                </div>\n\n                <div class=\"col-lg-5 order-first order-lg-last\">\n                    <div class=\"des-content-2 pl-40\">\n                        <h3 class=\"tp-product-details-desc-title\">\n                            Versatile Style\n                        </h3>\n                        <p>\n                            Effortlessly transition from day to night with our versatile diamond tennis bracelet. Whether paired with a casual outfit or a formal gown, it adds a touch of glamour and sophistication to any look. Treat yourself or someone special to this timeless piece that\'s destined to be cherished for years to come.\n                        </p>\n                    </div>\n                </div>\n            </div>\n        </div>\n        <div class=\"tp-product-details-desc-item\">\n            <div class=\"row\">\n                <div class=\"col-xl-12\">\n                    <div class=\"tp-product-details-desc-banner text-center m-img\">\n                        <h3 class=\"tp-product-details-desc-banner-title tp-product-details-desc-title\">Exquisite Craftsmanship</h3>\n                        <img src=\"/storage/jewelry/products/product-3.png\" alt=\"Jewelry Workshop\">\n                    </div>\n                </div>\n            </div>\n        </div>\n    </div>\n</div>\n','published','[\"main\\/products\\/product-12.jpg\",\"main\\/products\\/product-15.jpg\",\"main\\/products\\/product-17.jpg\",\"main\\/products\\/product-18.jpg\"]','[[{\"key\":\"file\",\"value\":null},{\"key\":\"url\",\"value\":\"https:\\/\\/www.youtube.com\\/watch?v=6JYIGclVQdw\"},{\"key\":\"thumbnail\",\"value\":\"main\\/video\\/1.jpg\"}]]','KQ-157-A1',0,14,0,1,'in_stock',0,2,0,0,2020,NULL,NULL,NULL,19,10,11,814,NULL,165462,'2025-03-31 21:08:45','2025-03-31 21:08:46',3,0,'Botble\\ACL\\Models\\User',0,NULL,'physical',NULL,NULL,0,0,0,0,1),(7,'Bohemian Fringe Handbag','Step out in style with these leather ankle boots, crafted with a sleek design and comfortable block heel. Versatile enough to pair with both dresses and jeans.','<div class=\"row justify-content-center\">\n    <div class=\"col-xl-10\">\n        <div class=\"tp-product-details-desc-item pb-105\">\n            <div class=\"row\">\n                <div class=\"col-lg-6\">\n                    <div class=\"pt-25\">\n                        <span>Diamond Tennis Bracelet</span>\n                        <h3 class=\"tp-product-details-desc-title\">Timeless Elegance</h3>\n                        <p>\n                            Elevate your style with our exquisite diamond tennis bracelet. Crafted with precision and attention to detail, each sparkling diamond is expertly set in lustrous white gold, creating a piece of jewelry that exudes sophistication and luxury. Whether worn alone or layered with other bracelets, this timeless accessory adds a touch of glamour to any ensemble.\n                        </p>\n                    </div>\n                    <div>\n                        <h3 class=\"tp-product-details-desc-title\">Exceptional Quality</h3>\n                        <p>\n                            Our diamond tennis bracelet is crafted from the finest materials to ensure lasting beauty and brilliance. Each diamond is carefully selected for its clarity, cut, and color, resulting in a piece of jewelry that\'s truly exceptional. Indulge in luxury and elegance with this stunning bracelet that\'s sure to become a cherished heirloom.\n                        </p>\n                    </div>\n                </div>\n                <div class=\"col-lg-6\">\n                    <div class=\"tp-product-details-desc-thumb\">\n                        <img src=\"/storage/jewelry/products/product-1.png\" alt=\"Diamond Tennis Bracelet\">\n                    </div>\n                </div>\n            </div>\n        </div>\n        <div class=\"tp-product-details-desc-item pb-75\">\n            <div class=\"row\">\n                <div class=\"col-lg-7\">\n                    <div class=\"tp-product-details-desc-thumb\">\n                        <img src=\"/storage/jewelry/products/product-2.png\" alt=\"Close-up of Diamond Tennis Bracelet\">\n                    </div>\n                </div>\n\n                <div class=\"col-lg-5 order-first order-lg-last\">\n                    <div class=\"des-content-2 pl-40\">\n                        <h3 class=\"tp-product-details-desc-title\">\n                            Versatile Style\n                        </h3>\n                        <p>\n                            Effortlessly transition from day to night with our versatile diamond tennis bracelet. Whether paired with a casual outfit or a formal gown, it adds a touch of glamour and sophistication to any look. Treat yourself or someone special to this timeless piece that\'s destined to be cherished for years to come.\n                        </p>\n                    </div>\n                </div>\n            </div>\n        </div>\n        <div class=\"tp-product-details-desc-item\">\n            <div class=\"row\">\n                <div class=\"col-xl-12\">\n                    <div class=\"tp-product-details-desc-banner text-center m-img\">\n                        <h3 class=\"tp-product-details-desc-banner-title tp-product-details-desc-title\">Exquisite Craftsmanship</h3>\n                        <img src=\"/storage/jewelry/products/product-3.png\" alt=\"Jewelry Workshop\">\n                    </div>\n                </div>\n            </div>\n        </div>\n    </div>\n</div>\n','published','[\"main\\/products\\/product-1.jpg\",\"main\\/products\\/product-10.jpg\",\"main\\/products\\/product-16.jpg\",\"main\\/products\\/product-12.jpg\"]','[]','MJ-151-A1',0,12,0,1,'in_stock',1,4,0,0,2246,NULL,NULL,NULL,19,17,10,850,NULL,186860,'2025-03-31 21:08:45','2025-03-31 21:08:46',5,0,'Botble\\ACL\\Models\\User',0,NULL,'physical',NULL,NULL,0,0,0,0,1),(8,'Silk Scarf with Geometric Print (Digital)','Embrace bohemian vibes with this embroidered boho blouse, featuring intricate stitching and a relaxed fit. Perfect for a casual day with a touch of style.','<div class=\"row justify-content-center\">\n    <div class=\"col-xl-10\">\n        <div class=\"tp-product-details-desc-item pb-105\">\n            <div class=\"row\">\n                <div class=\"col-lg-6\">\n                    <div class=\"pt-25\">\n                        <span>Diamond Tennis Bracelet</span>\n                        <h3 class=\"tp-product-details-desc-title\">Timeless Elegance</h3>\n                        <p>\n                            Elevate your style with our exquisite diamond tennis bracelet. Crafted with precision and attention to detail, each sparkling diamond is expertly set in lustrous white gold, creating a piece of jewelry that exudes sophistication and luxury. Whether worn alone or layered with other bracelets, this timeless accessory adds a touch of glamour to any ensemble.\n                        </p>\n                    </div>\n                    <div>\n                        <h3 class=\"tp-product-details-desc-title\">Exceptional Quality</h3>\n                        <p>\n                            Our diamond tennis bracelet is crafted from the finest materials to ensure lasting beauty and brilliance. Each diamond is carefully selected for its clarity, cut, and color, resulting in a piece of jewelry that\'s truly exceptional. Indulge in luxury and elegance with this stunning bracelet that\'s sure to become a cherished heirloom.\n                        </p>\n                    </div>\n                </div>\n                <div class=\"col-lg-6\">\n                    <div class=\"tp-product-details-desc-thumb\">\n                        <img src=\"/storage/jewelry/products/product-1.png\" alt=\"Diamond Tennis Bracelet\">\n                    </div>\n                </div>\n            </div>\n        </div>\n        <div class=\"tp-product-details-desc-item pb-75\">\n            <div class=\"row\">\n                <div class=\"col-lg-7\">\n                    <div class=\"tp-product-details-desc-thumb\">\n                        <img src=\"/storage/jewelry/products/product-2.png\" alt=\"Close-up of Diamond Tennis Bracelet\">\n                    </div>\n                </div>\n\n                <div class=\"col-lg-5 order-first order-lg-last\">\n                    <div class=\"des-content-2 pl-40\">\n                        <h3 class=\"tp-product-details-desc-title\">\n                            Versatile Style\n                        </h3>\n                        <p>\n                            Effortlessly transition from day to night with our versatile diamond tennis bracelet. Whether paired with a casual outfit or a formal gown, it adds a touch of glamour and sophistication to any look. Treat yourself or someone special to this timeless piece that\'s destined to be cherished for years to come.\n                        </p>\n                    </div>\n                </div>\n            </div>\n        </div>\n        <div class=\"tp-product-details-desc-item\">\n            <div class=\"row\">\n                <div class=\"col-xl-12\">\n                    <div class=\"tp-product-details-desc-banner text-center m-img\">\n                        <h3 class=\"tp-product-details-desc-banner-title tp-product-details-desc-title\">Exquisite Craftsmanship</h3>\n                        <img src=\"/storage/jewelry/products/product-3.png\" alt=\"Jewelry Workshop\">\n                    </div>\n                </div>\n            </div>\n        </div>\n    </div>\n</div>\n','published','[\"main\\/products\\/product-details-desc-1.jpg\",\"main\\/products\\/product-13.jpg\",\"main\\/products\\/product-2.jpg\",\"main\\/products\\/product-18.jpg\",\"main\\/products\\/product-10.jpg\",\"main\\/products\\/product-19.jpg\"]','[[{\"key\":\"file\",\"value\":null},{\"key\":\"url\",\"value\":\"https:\\/\\/www.youtube.com\\/watch?v=6JYIGclVQdw\"},{\"key\":\"thumbnail\",\"value\":\"main\\/video\\/2.jpg\"}]]','RX-168',0,12,0,1,'in_stock',1,5,0,0,818,579,NULL,NULL,19,13,16,631,NULL,68349,'2025-03-31 21:08:45','2025-03-31 21:08:46',3,0,'Botble\\ACL\\Models\\User',0,NULL,'digital',NULL,NULL,0,0,0,0,1),(9,'High-Waisted Wide Leg Trousers','Make a bold statement with this chunky necklace, designed to add a touch of glamour to any outfit. The perfect accessory for a night out.','<div class=\"row justify-content-center\">\n    <div class=\"col-xl-10\">\n        <div class=\"tp-product-details-desc-item pb-105\">\n            <div class=\"row\">\n                <div class=\"col-lg-6\">\n                    <div class=\"pt-25\">\n                        <span>Diamond Tennis Bracelet</span>\n                        <h3 class=\"tp-product-details-desc-title\">Timeless Elegance</h3>\n                        <p>\n                            Elevate your style with our exquisite diamond tennis bracelet. Crafted with precision and attention to detail, each sparkling diamond is expertly set in lustrous white gold, creating a piece of jewelry that exudes sophistication and luxury. Whether worn alone or layered with other bracelets, this timeless accessory adds a touch of glamour to any ensemble.\n                        </p>\n                    </div>\n                    <div>\n                        <h3 class=\"tp-product-details-desc-title\">Exceptional Quality</h3>\n                        <p>\n                            Our diamond tennis bracelet is crafted from the finest materials to ensure lasting beauty and brilliance. Each diamond is carefully selected for its clarity, cut, and color, resulting in a piece of jewelry that\'s truly exceptional. Indulge in luxury and elegance with this stunning bracelet that\'s sure to become a cherished heirloom.\n                        </p>\n                    </div>\n                </div>\n                <div class=\"col-lg-6\">\n                    <div class=\"tp-product-details-desc-thumb\">\n                        <img src=\"/storage/jewelry/products/product-1.png\" alt=\"Diamond Tennis Bracelet\">\n                    </div>\n                </div>\n            </div>\n        </div>\n        <div class=\"tp-product-details-desc-item pb-75\">\n            <div class=\"row\">\n                <div class=\"col-lg-7\">\n                    <div class=\"tp-product-details-desc-thumb\">\n                        <img src=\"/storage/jewelry/products/product-2.png\" alt=\"Close-up of Diamond Tennis Bracelet\">\n                    </div>\n                </div>\n\n                <div class=\"col-lg-5 order-first order-lg-last\">\n                    <div class=\"des-content-2 pl-40\">\n                        <h3 class=\"tp-product-details-desc-title\">\n                            Versatile Style\n                        </h3>\n                        <p>\n                            Effortlessly transition from day to night with our versatile diamond tennis bracelet. Whether paired with a casual outfit or a formal gown, it adds a touch of glamour and sophistication to any look. Treat yourself or someone special to this timeless piece that\'s destined to be cherished for years to come.\n                        </p>\n                    </div>\n                </div>\n            </div>\n        </div>\n        <div class=\"tp-product-details-desc-item\">\n            <div class=\"row\">\n                <div class=\"col-xl-12\">\n                    <div class=\"tp-product-details-desc-banner text-center m-img\">\n                        <h3 class=\"tp-product-details-desc-banner-title tp-product-details-desc-title\">Exquisite Craftsmanship</h3>\n                        <img src=\"/storage/jewelry/products/product-3.png\" alt=\"Jewelry Workshop\">\n                    </div>\n                </div>\n            </div>\n        </div>\n    </div>\n</div>\n','published','[\"main\\/products\\/product-10.jpg\",\"main\\/products\\/product-9.jpg\",\"main\\/products\\/product-16.jpg\"]','[[{\"key\":\"file\",\"value\":null},{\"key\":\"url\",\"value\":\"https:\\/\\/www.youtube.com\\/watch?v=6JYIGclVQdw\"},{\"key\":\"thumbnail\",\"value\":\"main\\/video\\/2.jpg\"}]]','YH-194-A1',0,13,0,1,'in_stock',0,1,0,0,2246,NULL,NULL,NULL,16,11,12,789,NULL,161849,'2025-03-31 21:08:45','2025-03-31 21:08:46',4,0,'Botble\\ACL\\Models\\User',0,NULL,'physical',NULL,NULL,0,0,0,0,1),(10,'Embroidered Boho Blouse','Make a bold statement with this chunky necklace, designed to add a touch of glamour to any outfit. The perfect accessory for a night out.','<div class=\"row justify-content-center\">\n    <div class=\"col-xl-10\">\n        <div class=\"tp-product-details-desc-item pb-105\">\n            <div class=\"row\">\n                <div class=\"col-lg-6\">\n                    <div class=\"pt-25\">\n                        <span>Diamond Tennis Bracelet</span>\n                        <h3 class=\"tp-product-details-desc-title\">Timeless Elegance</h3>\n                        <p>\n                            Elevate your style with our exquisite diamond tennis bracelet. Crafted with precision and attention to detail, each sparkling diamond is expertly set in lustrous white gold, creating a piece of jewelry that exudes sophistication and luxury. Whether worn alone or layered with other bracelets, this timeless accessory adds a touch of glamour to any ensemble.\n                        </p>\n                    </div>\n                    <div>\n                        <h3 class=\"tp-product-details-desc-title\">Exceptional Quality</h3>\n                        <p>\n                            Our diamond tennis bracelet is crafted from the finest materials to ensure lasting beauty and brilliance. Each diamond is carefully selected for its clarity, cut, and color, resulting in a piece of jewelry that\'s truly exceptional. Indulge in luxury and elegance with this stunning bracelet that\'s sure to become a cherished heirloom.\n                        </p>\n                    </div>\n                </div>\n                <div class=\"col-lg-6\">\n                    <div class=\"tp-product-details-desc-thumb\">\n                        <img src=\"/storage/jewelry/products/product-1.png\" alt=\"Diamond Tennis Bracelet\">\n                    </div>\n                </div>\n            </div>\n        </div>\n        <div class=\"tp-product-details-desc-item pb-75\">\n            <div class=\"row\">\n                <div class=\"col-lg-7\">\n                    <div class=\"tp-product-details-desc-thumb\">\n                        <img src=\"/storage/jewelry/products/product-2.png\" alt=\"Close-up of Diamond Tennis Bracelet\">\n                    </div>\n                </div>\n\n                <div class=\"col-lg-5 order-first order-lg-last\">\n                    <div class=\"des-content-2 pl-40\">\n                        <h3 class=\"tp-product-details-desc-title\">\n                            Versatile Style\n                        </h3>\n                        <p>\n                            Effortlessly transition from day to night with our versatile diamond tennis bracelet. Whether paired with a casual outfit or a formal gown, it adds a touch of glamour and sophistication to any look. Treat yourself or someone special to this timeless piece that\'s destined to be cherished for years to come.\n                        </p>\n                    </div>\n                </div>\n            </div>\n        </div>\n        <div class=\"tp-product-details-desc-item\">\n            <div class=\"row\">\n                <div class=\"col-xl-12\">\n                    <div class=\"tp-product-details-desc-banner text-center m-img\">\n                        <h3 class=\"tp-product-details-desc-banner-title tp-product-details-desc-title\">Exquisite Craftsmanship</h3>\n                        <img src=\"/storage/jewelry/products/product-3.png\" alt=\"Jewelry Workshop\">\n                    </div>\n                </div>\n            </div>\n        </div>\n    </div>\n</div>\n','published','[\"main\\/products\\/product-details-desc-1.jpg\",\"main\\/products\\/product-12.jpg\",\"main\\/products\\/product-15.jpg\",\"main\\/products\\/product-9.jpg\",\"main\\/products\\/product-3.jpg\",\"main\\/products\\/product-4.jpg\",\"main\\/products\\/product-1.jpg\",\"main\\/products\\/product-19.jpg\"]','[[{\"key\":\"file\",\"value\":\"main\\/video\\/video-2.mp4\"},{\"key\":\"url\",\"value\":null},{\"key\":\"thumbnail\",\"value\":\"main\\/video\\/2.jpg\"}]]','JM-116',0,13,0,1,'in_stock',1,1,0,0,579,354,NULL,NULL,19,13,15,670,NULL,11848,'2025-03-31 21:08:45','2025-03-31 21:08:46',2,0,'Botble\\ACL\\Models\\User',0,NULL,'physical',NULL,NULL,0,0,0,0,2),(11,'Statement Chunky Necklace','Accessorize with this bohemian fringe handbag, featuring intricate details and enough space for your essentials. The perfect boho-chic addition to your collection.','<div class=\"row justify-content-center\">\n    <div class=\"col-xl-10\">\n        <div class=\"tp-product-details-desc-item pb-105\">\n            <div class=\"row\">\n                <div class=\"col-lg-6\">\n                    <div class=\"pt-25\">\n                        <span>Diamond Tennis Bracelet</span>\n                        <h3 class=\"tp-product-details-desc-title\">Timeless Elegance</h3>\n                        <p>\n                            Elevate your style with our exquisite diamond tennis bracelet. Crafted with precision and attention to detail, each sparkling diamond is expertly set in lustrous white gold, creating a piece of jewelry that exudes sophistication and luxury. Whether worn alone or layered with other bracelets, this timeless accessory adds a touch of glamour to any ensemble.\n                        </p>\n                    </div>\n                    <div>\n                        <h3 class=\"tp-product-details-desc-title\">Exceptional Quality</h3>\n                        <p>\n                            Our diamond tennis bracelet is crafted from the finest materials to ensure lasting beauty and brilliance. Each diamond is carefully selected for its clarity, cut, and color, resulting in a piece of jewelry that\'s truly exceptional. Indulge in luxury and elegance with this stunning bracelet that\'s sure to become a cherished heirloom.\n                        </p>\n                    </div>\n                </div>\n                <div class=\"col-lg-6\">\n                    <div class=\"tp-product-details-desc-thumb\">\n                        <img src=\"/storage/jewelry/products/product-1.png\" alt=\"Diamond Tennis Bracelet\">\n                    </div>\n                </div>\n            </div>\n        </div>\n        <div class=\"tp-product-details-desc-item pb-75\">\n            <div class=\"row\">\n                <div class=\"col-lg-7\">\n                    <div class=\"tp-product-details-desc-thumb\">\n                        <img src=\"/storage/jewelry/products/product-2.png\" alt=\"Close-up of Diamond Tennis Bracelet\">\n                    </div>\n                </div>\n\n                <div class=\"col-lg-5 order-first order-lg-last\">\n                    <div class=\"des-content-2 pl-40\">\n                        <h3 class=\"tp-product-details-desc-title\">\n                            Versatile Style\n                        </h3>\n                        <p>\n                            Effortlessly transition from day to night with our versatile diamond tennis bracelet. Whether paired with a casual outfit or a formal gown, it adds a touch of glamour and sophistication to any look. Treat yourself or someone special to this timeless piece that\'s destined to be cherished for years to come.\n                        </p>\n                    </div>\n                </div>\n            </div>\n        </div>\n        <div class=\"tp-product-details-desc-item\">\n            <div class=\"row\">\n                <div class=\"col-xl-12\">\n                    <div class=\"tp-product-details-desc-banner text-center m-img\">\n                        <h3 class=\"tp-product-details-desc-banner-title tp-product-details-desc-title\">Exquisite Craftsmanship</h3>\n                        <img src=\"/storage/jewelry/products/product-3.png\" alt=\"Jewelry Workshop\">\n                    </div>\n                </div>\n            </div>\n        </div>\n    </div>\n</div>\n','published','[\"main\\/products\\/product-20.jpg\",\"main\\/products\\/product-details-desc-1.jpg\",\"main\\/products\\/product-13.jpg\",\"main\\/products\\/product-details-desc-3.jpg\",\"main\\/products\\/product-8.jpg\",\"main\\/products\\/product-details-desc-2.jpg\",\"main\\/products\\/product-10.jpg\",\"main\\/products\\/product-12.jpg\"]','[[{\"key\":\"file\",\"value\":\"main\\/video\\/video-2.mp4\"},{\"key\":\"url\",\"value\":null},{\"key\":\"thumbnail\",\"value\":\"main\\/video\\/2.jpg\"}]]','0N-178',0,15,0,1,'in_stock',0,3,0,0,1742,507,NULL,NULL,15,14,14,591,NULL,39398,'2025-03-31 21:08:45','2025-03-31 21:08:46',8,0,'Botble\\ACL\\Models\\User',0,NULL,'physical',NULL,NULL,0,0,0,0,2),(12,'Chic Fedora Hat (Digital)','Complete your look with these classic aviator sunglasses, offering a touch of timeless glamour and UV protection for your eyes.','<div class=\"row justify-content-center\">\n    <div class=\"col-xl-10\">\n        <div class=\"tp-product-details-desc-item pb-105\">\n            <div class=\"row\">\n                <div class=\"col-lg-6\">\n                    <div class=\"pt-25\">\n                        <span>Diamond Tennis Bracelet</span>\n                        <h3 class=\"tp-product-details-desc-title\">Timeless Elegance</h3>\n                        <p>\n                            Elevate your style with our exquisite diamond tennis bracelet. Crafted with precision and attention to detail, each sparkling diamond is expertly set in lustrous white gold, creating a piece of jewelry that exudes sophistication and luxury. Whether worn alone or layered with other bracelets, this timeless accessory adds a touch of glamour to any ensemble.\n                        </p>\n                    </div>\n                    <div>\n                        <h3 class=\"tp-product-details-desc-title\">Exceptional Quality</h3>\n                        <p>\n                            Our diamond tennis bracelet is crafted from the finest materials to ensure lasting beauty and brilliance. Each diamond is carefully selected for its clarity, cut, and color, resulting in a piece of jewelry that\'s truly exceptional. Indulge in luxury and elegance with this stunning bracelet that\'s sure to become a cherished heirloom.\n                        </p>\n                    </div>\n                </div>\n                <div class=\"col-lg-6\">\n                    <div class=\"tp-product-details-desc-thumb\">\n                        <img src=\"/storage/jewelry/products/product-1.png\" alt=\"Diamond Tennis Bracelet\">\n                    </div>\n                </div>\n            </div>\n        </div>\n        <div class=\"tp-product-details-desc-item pb-75\">\n            <div class=\"row\">\n                <div class=\"col-lg-7\">\n                    <div class=\"tp-product-details-desc-thumb\">\n                        <img src=\"/storage/jewelry/products/product-2.png\" alt=\"Close-up of Diamond Tennis Bracelet\">\n                    </div>\n                </div>\n\n                <div class=\"col-lg-5 order-first order-lg-last\">\n                    <div class=\"des-content-2 pl-40\">\n                        <h3 class=\"tp-product-details-desc-title\">\n                            Versatile Style\n                        </h3>\n                        <p>\n                            Effortlessly transition from day to night with our versatile diamond tennis bracelet. Whether paired with a casual outfit or a formal gown, it adds a touch of glamour and sophistication to any look. Treat yourself or someone special to this timeless piece that\'s destined to be cherished for years to come.\n                        </p>\n                    </div>\n                </div>\n            </div>\n        </div>\n        <div class=\"tp-product-details-desc-item\">\n            <div class=\"row\">\n                <div class=\"col-xl-12\">\n                    <div class=\"tp-product-details-desc-banner text-center m-img\">\n                        <h3 class=\"tp-product-details-desc-banner-title tp-product-details-desc-title\">Exquisite Craftsmanship</h3>\n                        <img src=\"/storage/jewelry/products/product-3.png\" alt=\"Jewelry Workshop\">\n                    </div>\n                </div>\n            </div>\n        </div>\n    </div>\n</div>\n','published','[\"main\\/products\\/product-details-desc-1.jpg\",\"main\\/products\\/product-8.jpg\",\"main\\/products\\/product-12.jpg\",\"main\\/products\\/product-17.jpg\",\"main\\/products\\/product-2.jpg\",\"main\\/products\\/product-16.jpg\"]','[[{\"key\":\"file\",\"value\":\"main\\/video\\/video-2.mp4\"},{\"key\":\"url\",\"value\":null},{\"key\":\"thumbnail\",\"value\":\"main\\/video\\/2.jpg\"}]]','EW-173-A1',0,19,0,1,'in_stock',1,1,0,0,1942,1631.28,NULL,NULL,16,14,12,891,NULL,66828,'2025-03-31 21:08:45','2025-03-31 21:08:46',7,0,'Botble\\ACL\\Models\\User',0,NULL,'digital',NULL,NULL,0,0,0,0,1),(13,'Strappy Block Heel Sandals','Accessorize with this bohemian fringe handbag, featuring intricate details and enough space for your essentials. The perfect boho-chic addition to your collection.','<div class=\"row justify-content-center\">\n    <div class=\"col-xl-10\">\n        <div class=\"tp-product-details-desc-item pb-105\">\n            <div class=\"row\">\n                <div class=\"col-lg-6\">\n                    <div class=\"pt-25\">\n                        <span>Diamond Tennis Bracelet</span>\n                        <h3 class=\"tp-product-details-desc-title\">Timeless Elegance</h3>\n                        <p>\n                            Elevate your style with our exquisite diamond tennis bracelet. Crafted with precision and attention to detail, each sparkling diamond is expertly set in lustrous white gold, creating a piece of jewelry that exudes sophistication and luxury. Whether worn alone or layered with other bracelets, this timeless accessory adds a touch of glamour to any ensemble.\n                        </p>\n                    </div>\n                    <div>\n                        <h3 class=\"tp-product-details-desc-title\">Exceptional Quality</h3>\n                        <p>\n                            Our diamond tennis bracelet is crafted from the finest materials to ensure lasting beauty and brilliance. Each diamond is carefully selected for its clarity, cut, and color, resulting in a piece of jewelry that\'s truly exceptional. Indulge in luxury and elegance with this stunning bracelet that\'s sure to become a cherished heirloom.\n                        </p>\n                    </div>\n                </div>\n                <div class=\"col-lg-6\">\n                    <div class=\"tp-product-details-desc-thumb\">\n                        <img src=\"/storage/jewelry/products/product-1.png\" alt=\"Diamond Tennis Bracelet\">\n                    </div>\n                </div>\n            </div>\n        </div>\n        <div class=\"tp-product-details-desc-item pb-75\">\n            <div class=\"row\">\n                <div class=\"col-lg-7\">\n                    <div class=\"tp-product-details-desc-thumb\">\n                        <img src=\"/storage/jewelry/products/product-2.png\" alt=\"Close-up of Diamond Tennis Bracelet\">\n                    </div>\n                </div>\n\n                <div class=\"col-lg-5 order-first order-lg-last\">\n                    <div class=\"des-content-2 pl-40\">\n                        <h3 class=\"tp-product-details-desc-title\">\n                            Versatile Style\n                        </h3>\n                        <p>\n                            Effortlessly transition from day to night with our versatile diamond tennis bracelet. Whether paired with a casual outfit or a formal gown, it adds a touch of glamour and sophistication to any look. Treat yourself or someone special to this timeless piece that\'s destined to be cherished for years to come.\n                        </p>\n                    </div>\n                </div>\n            </div>\n        </div>\n        <div class=\"tp-product-details-desc-item\">\n            <div class=\"row\">\n                <div class=\"col-xl-12\">\n                    <div class=\"tp-product-details-desc-banner text-center m-img\">\n                        <h3 class=\"tp-product-details-desc-banner-title tp-product-details-desc-title\">Exquisite Craftsmanship</h3>\n                        <img src=\"/storage/jewelry/products/product-3.png\" alt=\"Jewelry Workshop\">\n                    </div>\n                </div>\n            </div>\n        </div>\n    </div>\n</div>\n','published','[\"main\\/products\\/product-18.jpg\",\"main\\/products\\/product-details-desc-1.jpg\",\"main\\/products\\/product-2.jpg\"]','[[{\"key\":\"file\",\"value\":\"main\\/video\\/video-1.mp4\"},{\"key\":\"url\",\"value\":null},{\"key\":\"thumbnail\",\"value\":\"main\\/video\\/1.jpg\"}]]','YF-161-A1',0,17,0,1,'in_stock',0,2,0,0,1865,NULL,NULL,NULL,19,19,13,709,NULL,80187,'2025-03-31 21:08:45','2025-03-31 21:08:46',3,0,'Botble\\ACL\\Models\\User',0,NULL,'physical',NULL,NULL,0,0,0,0,2),(14,'Velvet Evening Gown','Top off your look with this chic fedora hat, crafted with a classic silhouette and a timeless appeal. A must-have accessory for any fashion-forward wardrobe.','<div class=\"row justify-content-center\">\n    <div class=\"col-xl-10\">\n        <div class=\"tp-product-details-desc-item pb-105\">\n            <div class=\"row\">\n                <div class=\"col-lg-6\">\n                    <div class=\"pt-25\">\n                        <span>Diamond Tennis Bracelet</span>\n                        <h3 class=\"tp-product-details-desc-title\">Timeless Elegance</h3>\n                        <p>\n                            Elevate your style with our exquisite diamond tennis bracelet. Crafted with precision and attention to detail, each sparkling diamond is expertly set in lustrous white gold, creating a piece of jewelry that exudes sophistication and luxury. Whether worn alone or layered with other bracelets, this timeless accessory adds a touch of glamour to any ensemble.\n                        </p>\n                    </div>\n                    <div>\n                        <h3 class=\"tp-product-details-desc-title\">Exceptional Quality</h3>\n                        <p>\n                            Our diamond tennis bracelet is crafted from the finest materials to ensure lasting beauty and brilliance. Each diamond is carefully selected for its clarity, cut, and color, resulting in a piece of jewelry that\'s truly exceptional. Indulge in luxury and elegance with this stunning bracelet that\'s sure to become a cherished heirloom.\n                        </p>\n                    </div>\n                </div>\n                <div class=\"col-lg-6\">\n                    <div class=\"tp-product-details-desc-thumb\">\n                        <img src=\"/storage/jewelry/products/product-1.png\" alt=\"Diamond Tennis Bracelet\">\n                    </div>\n                </div>\n            </div>\n        </div>\n        <div class=\"tp-product-details-desc-item pb-75\">\n            <div class=\"row\">\n                <div class=\"col-lg-7\">\n                    <div class=\"tp-product-details-desc-thumb\">\n                        <img src=\"/storage/jewelry/products/product-2.png\" alt=\"Close-up of Diamond Tennis Bracelet\">\n                    </div>\n                </div>\n\n                <div class=\"col-lg-5 order-first order-lg-last\">\n                    <div class=\"des-content-2 pl-40\">\n                        <h3 class=\"tp-product-details-desc-title\">\n                            Versatile Style\n                        </h3>\n                        <p>\n                            Effortlessly transition from day to night with our versatile diamond tennis bracelet. Whether paired with a casual outfit or a formal gown, it adds a touch of glamour and sophistication to any look. Treat yourself or someone special to this timeless piece that\'s destined to be cherished for years to come.\n                        </p>\n                    </div>\n                </div>\n            </div>\n        </div>\n        <div class=\"tp-product-details-desc-item\">\n            <div class=\"row\">\n                <div class=\"col-xl-12\">\n                    <div class=\"tp-product-details-desc-banner text-center m-img\">\n                        <h3 class=\"tp-product-details-desc-banner-title tp-product-details-desc-title\">Exquisite Craftsmanship</h3>\n                        <img src=\"/storage/jewelry/products/product-3.png\" alt=\"Jewelry Workshop\">\n                    </div>\n                </div>\n            </div>\n        </div>\n    </div>\n</div>\n','published','[\"main\\/products\\/product-details-desc-1.jpg\",\"main\\/products\\/product-20.jpg\",\"main\\/products\\/product-12.jpg\",\"main\\/products\\/product-3.jpg\",\"main\\/products\\/product-6.jpg\",\"main\\/products\\/product-4.jpg\"]','[[{\"key\":\"file\",\"value\":null},{\"key\":\"url\",\"value\":\"https:\\/\\/www.youtube.com\\/watch?v=6JYIGclVQdw\"},{\"key\":\"thumbnail\",\"value\":\"main\\/video\\/2.jpg\"}]]','F5-132-A1',0,15,0,1,'in_stock',1,5,0,0,310,NULL,NULL,NULL,20,16,14,645,NULL,161486,'2025-03-31 21:08:45','2025-03-31 21:08:46',6,0,'Botble\\ACL\\Models\\User',0,NULL,'physical',NULL,NULL,0,0,0,0,2),(15,'Quilted Crossbody Bag','Add a pop of color to your outfit with this silk scarf adorned with a geometric print. Wrap it around your neck or tie it to your handbag for a stylish touch.','<div class=\"row justify-content-center\">\n    <div class=\"col-xl-10\">\n        <div class=\"tp-product-details-desc-item pb-105\">\n            <div class=\"row\">\n                <div class=\"col-lg-6\">\n                    <div class=\"pt-25\">\n                        <span>Diamond Tennis Bracelet</span>\n                        <h3 class=\"tp-product-details-desc-title\">Timeless Elegance</h3>\n                        <p>\n                            Elevate your style with our exquisite diamond tennis bracelet. Crafted with precision and attention to detail, each sparkling diamond is expertly set in lustrous white gold, creating a piece of jewelry that exudes sophistication and luxury. Whether worn alone or layered with other bracelets, this timeless accessory adds a touch of glamour to any ensemble.\n                        </p>\n                    </div>\n                    <div>\n                        <h3 class=\"tp-product-details-desc-title\">Exceptional Quality</h3>\n                        <p>\n                            Our diamond tennis bracelet is crafted from the finest materials to ensure lasting beauty and brilliance. Each diamond is carefully selected for its clarity, cut, and color, resulting in a piece of jewelry that\'s truly exceptional. Indulge in luxury and elegance with this stunning bracelet that\'s sure to become a cherished heirloom.\n                        </p>\n                    </div>\n                </div>\n                <div class=\"col-lg-6\">\n                    <div class=\"tp-product-details-desc-thumb\">\n                        <img src=\"/storage/jewelry/products/product-1.png\" alt=\"Diamond Tennis Bracelet\">\n                    </div>\n                </div>\n            </div>\n        </div>\n        <div class=\"tp-product-details-desc-item pb-75\">\n            <div class=\"row\">\n                <div class=\"col-lg-7\">\n                    <div class=\"tp-product-details-desc-thumb\">\n                        <img src=\"/storage/jewelry/products/product-2.png\" alt=\"Close-up of Diamond Tennis Bracelet\">\n                    </div>\n                </div>\n\n                <div class=\"col-lg-5 order-first order-lg-last\">\n                    <div class=\"des-content-2 pl-40\">\n                        <h3 class=\"tp-product-details-desc-title\">\n                            Versatile Style\n                        </h3>\n                        <p>\n                            Effortlessly transition from day to night with our versatile diamond tennis bracelet. Whether paired with a casual outfit or a formal gown, it adds a touch of glamour and sophistication to any look. Treat yourself or someone special to this timeless piece that\'s destined to be cherished for years to come.\n                        </p>\n                    </div>\n                </div>\n            </div>\n        </div>\n        <div class=\"tp-product-details-desc-item\">\n            <div class=\"row\">\n                <div class=\"col-xl-12\">\n                    <div class=\"tp-product-details-desc-banner text-center m-img\">\n                        <h3 class=\"tp-product-details-desc-banner-title tp-product-details-desc-title\">Exquisite Craftsmanship</h3>\n                        <img src=\"/storage/jewelry/products/product-3.png\" alt=\"Jewelry Workshop\">\n                    </div>\n                </div>\n            </div>\n        </div>\n    </div>\n</div>\n','published','[\"main\\/products\\/product-details-desc-1.jpg\",\"main\\/products\\/product-3.jpg\",\"main\\/products\\/product-12.jpg\",\"main\\/products\\/product-details-desc-3.jpg\",\"main\\/products\\/product-4.jpg\",\"main\\/products\\/product-5.jpg\"]','[[{\"key\":\"file\",\"value\":null},{\"key\":\"url\",\"value\":\"https:\\/\\/www.youtube.com\\/watch?v=6JYIGclVQdw\"},{\"key\":\"thumbnail\",\"value\":\"main\\/video\\/1.jpg\"}]]','BH-147-A1',0,15,0,1,'in_stock',1,3,0,0,901,NULL,NULL,NULL,11,12,16,667,NULL,171631,'2025-03-31 21:08:45','2025-03-31 21:08:46',7,0,'Botble\\ACL\\Models\\User',0,NULL,'physical',NULL,NULL,0,0,0,0,2),(16,'Distressed Skinny Jeans (Digital)','Make a bold statement with this chunky necklace, designed to add a touch of glamour to any outfit. The perfect accessory for a night out.','<div class=\"row justify-content-center\">\n    <div class=\"col-xl-10\">\n        <div class=\"tp-product-details-desc-item pb-105\">\n            <div class=\"row\">\n                <div class=\"col-lg-6\">\n                    <div class=\"pt-25\">\n                        <span>Diamond Tennis Bracelet</span>\n                        <h3 class=\"tp-product-details-desc-title\">Timeless Elegance</h3>\n                        <p>\n                            Elevate your style with our exquisite diamond tennis bracelet. Crafted with precision and attention to detail, each sparkling diamond is expertly set in lustrous white gold, creating a piece of jewelry that exudes sophistication and luxury. Whether worn alone or layered with other bracelets, this timeless accessory adds a touch of glamour to any ensemble.\n                        </p>\n                    </div>\n                    <div>\n                        <h3 class=\"tp-product-details-desc-title\">Exceptional Quality</h3>\n                        <p>\n                            Our diamond tennis bracelet is crafted from the finest materials to ensure lasting beauty and brilliance. Each diamond is carefully selected for its clarity, cut, and color, resulting in a piece of jewelry that\'s truly exceptional. Indulge in luxury and elegance with this stunning bracelet that\'s sure to become a cherished heirloom.\n                        </p>\n                    </div>\n                </div>\n                <div class=\"col-lg-6\">\n                    <div class=\"tp-product-details-desc-thumb\">\n                        <img src=\"/storage/jewelry/products/product-1.png\" alt=\"Diamond Tennis Bracelet\">\n                    </div>\n                </div>\n            </div>\n        </div>\n        <div class=\"tp-product-details-desc-item pb-75\">\n            <div class=\"row\">\n                <div class=\"col-lg-7\">\n                    <div class=\"tp-product-details-desc-thumb\">\n                        <img src=\"/storage/jewelry/products/product-2.png\" alt=\"Close-up of Diamond Tennis Bracelet\">\n                    </div>\n                </div>\n\n                <div class=\"col-lg-5 order-first order-lg-last\">\n                    <div class=\"des-content-2 pl-40\">\n                        <h3 class=\"tp-product-details-desc-title\">\n                            Versatile Style\n                        </h3>\n                        <p>\n                            Effortlessly transition from day to night with our versatile diamond tennis bracelet. Whether paired with a casual outfit or a formal gown, it adds a touch of glamour and sophistication to any look. Treat yourself or someone special to this timeless piece that\'s destined to be cherished for years to come.\n                        </p>\n                    </div>\n                </div>\n            </div>\n        </div>\n        <div class=\"tp-product-details-desc-item\">\n            <div class=\"row\">\n                <div class=\"col-xl-12\">\n                    <div class=\"tp-product-details-desc-banner text-center m-img\">\n                        <h3 class=\"tp-product-details-desc-banner-title tp-product-details-desc-title\">Exquisite Craftsmanship</h3>\n                        <img src=\"/storage/jewelry/products/product-3.png\" alt=\"Jewelry Workshop\">\n                    </div>\n                </div>\n            </div>\n        </div>\n    </div>\n</div>\n','published','[\"main\\/products\\/product-15.jpg\",\"main\\/products\\/product-4.jpg\",\"main\\/products\\/product-details-desc-1.jpg\",\"main\\/products\\/product-16.jpg\",\"main\\/products\\/product-8.jpg\",\"main\\/products\\/product-14.jpg\",\"main\\/products\\/product-17.jpg\",\"main\\/products\\/product-details-desc-2.jpg\"]','[[{\"key\":\"file\",\"value\":null},{\"key\":\"url\",\"value\":\"https:\\/\\/www.youtube.com\\/watch?v=6JYIGclVQdw\"},{\"key\":\"thumbnail\",\"value\":\"main\\/video\\/2.jpg\"}]]','VF-105',0,17,0,1,'in_stock',1,4,0,0,2060,239,NULL,NULL,19,16,10,716,NULL,171204,'2025-03-31 21:08:45','2025-03-31 21:08:46',1,0,'Botble\\ACL\\Models\\User',0,NULL,'digital',NULL,NULL,0,0,0,0,2),(17,'Lace-Up Combat Boots','Achieve a polished look with this tailored wool blazer, designed for a flattering fit and versatile enough for both work and casual outings.','<div class=\"row justify-content-center\">\n    <div class=\"col-xl-10\">\n        <div class=\"tp-product-details-desc-item pb-105\">\n            <div class=\"row\">\n                <div class=\"col-lg-6\">\n                    <div class=\"pt-25\">\n                        <span>Diamond Tennis Bracelet</span>\n                        <h3 class=\"tp-product-details-desc-title\">Timeless Elegance</h3>\n                        <p>\n                            Elevate your style with our exquisite diamond tennis bracelet. Crafted with precision and attention to detail, each sparkling diamond is expertly set in lustrous white gold, creating a piece of jewelry that exudes sophistication and luxury. Whether worn alone or layered with other bracelets, this timeless accessory adds a touch of glamour to any ensemble.\n                        </p>\n                    </div>\n                    <div>\n                        <h3 class=\"tp-product-details-desc-title\">Exceptional Quality</h3>\n                        <p>\n                            Our diamond tennis bracelet is crafted from the finest materials to ensure lasting beauty and brilliance. Each diamond is carefully selected for its clarity, cut, and color, resulting in a piece of jewelry that\'s truly exceptional. Indulge in luxury and elegance with this stunning bracelet that\'s sure to become a cherished heirloom.\n                        </p>\n                    </div>\n                </div>\n                <div class=\"col-lg-6\">\n                    <div class=\"tp-product-details-desc-thumb\">\n                        <img src=\"/storage/jewelry/products/product-1.png\" alt=\"Diamond Tennis Bracelet\">\n                    </div>\n                </div>\n            </div>\n        </div>\n        <div class=\"tp-product-details-desc-item pb-75\">\n            <div class=\"row\">\n                <div class=\"col-lg-7\">\n                    <div class=\"tp-product-details-desc-thumb\">\n                        <img src=\"/storage/jewelry/products/product-2.png\" alt=\"Close-up of Diamond Tennis Bracelet\">\n                    </div>\n                </div>\n\n                <div class=\"col-lg-5 order-first order-lg-last\">\n                    <div class=\"des-content-2 pl-40\">\n                        <h3 class=\"tp-product-details-desc-title\">\n                            Versatile Style\n                        </h3>\n                        <p>\n                            Effortlessly transition from day to night with our versatile diamond tennis bracelet. Whether paired with a casual outfit or a formal gown, it adds a touch of glamour and sophistication to any look. Treat yourself or someone special to this timeless piece that\'s destined to be cherished for years to come.\n                        </p>\n                    </div>\n                </div>\n            </div>\n        </div>\n        <div class=\"tp-product-details-desc-item\">\n            <div class=\"row\">\n                <div class=\"col-xl-12\">\n                    <div class=\"tp-product-details-desc-banner text-center m-img\">\n                        <h3 class=\"tp-product-details-desc-banner-title tp-product-details-desc-title\">Exquisite Craftsmanship</h3>\n                        <img src=\"/storage/jewelry/products/product-3.png\" alt=\"Jewelry Workshop\">\n                    </div>\n                </div>\n            </div>\n        </div>\n    </div>\n</div>\n','published','[\"main\\/products\\/product-13.jpg\",\"main\\/products\\/product-details-desc-2.jpg\",\"main\\/products\\/product-9.jpg\",\"main\\/products\\/product-12.jpg\",\"main\\/products\\/product-details-desc-3.jpg\",\"main\\/products\\/product-1.jpg\",\"main\\/products\\/product-17.jpg\",\"main\\/products\\/product-16.jpg\"]','[[{\"key\":\"file\",\"value\":null},{\"key\":\"url\",\"value\":\"https:\\/\\/www.youtube.com\\/watch?v=6JYIGclVQdw\"},{\"key\":\"thumbnail\",\"value\":\"main\\/video\\/2.jpg\"}]]','SC-191',0,11,0,1,'in_stock',1,2,0,0,839,707,NULL,NULL,15,13,19,900,NULL,77640,'2025-03-31 21:08:45','2025-03-31 21:08:46',7,0,'Botble\\ACL\\Models\\User',0,NULL,'physical',NULL,NULL,0,0,0,0,1),(18,'Cotton Striped T-Shirt Dress','Elevate your street style with this vintage denim jacket, featuring distressed detailing and a relaxed fit for a laid-back vibe.','<div class=\"row justify-content-center\">\n    <div class=\"col-xl-10\">\n        <div class=\"tp-product-details-desc-item pb-105\">\n            <div class=\"row\">\n                <div class=\"col-lg-6\">\n                    <div class=\"pt-25\">\n                        <span>Diamond Tennis Bracelet</span>\n                        <h3 class=\"tp-product-details-desc-title\">Timeless Elegance</h3>\n                        <p>\n                            Elevate your style with our exquisite diamond tennis bracelet. Crafted with precision and attention to detail, each sparkling diamond is expertly set in lustrous white gold, creating a piece of jewelry that exudes sophistication and luxury. Whether worn alone or layered with other bracelets, this timeless accessory adds a touch of glamour to any ensemble.\n                        </p>\n                    </div>\n                    <div>\n                        <h3 class=\"tp-product-details-desc-title\">Exceptional Quality</h3>\n                        <p>\n                            Our diamond tennis bracelet is crafted from the finest materials to ensure lasting beauty and brilliance. Each diamond is carefully selected for its clarity, cut, and color, resulting in a piece of jewelry that\'s truly exceptional. Indulge in luxury and elegance with this stunning bracelet that\'s sure to become a cherished heirloom.\n                        </p>\n                    </div>\n                </div>\n                <div class=\"col-lg-6\">\n                    <div class=\"tp-product-details-desc-thumb\">\n                        <img src=\"/storage/jewelry/products/product-1.png\" alt=\"Diamond Tennis Bracelet\">\n                    </div>\n                </div>\n            </div>\n        </div>\n        <div class=\"tp-product-details-desc-item pb-75\">\n            <div class=\"row\">\n                <div class=\"col-lg-7\">\n                    <div class=\"tp-product-details-desc-thumb\">\n                        <img src=\"/storage/jewelry/products/product-2.png\" alt=\"Close-up of Diamond Tennis Bracelet\">\n                    </div>\n                </div>\n\n                <div class=\"col-lg-5 order-first order-lg-last\">\n                    <div class=\"des-content-2 pl-40\">\n                        <h3 class=\"tp-product-details-desc-title\">\n                            Versatile Style\n                        </h3>\n                        <p>\n                            Effortlessly transition from day to night with our versatile diamond tennis bracelet. Whether paired with a casual outfit or a formal gown, it adds a touch of glamour and sophistication to any look. Treat yourself or someone special to this timeless piece that\'s destined to be cherished for years to come.\n                        </p>\n                    </div>\n                </div>\n            </div>\n        </div>\n        <div class=\"tp-product-details-desc-item\">\n            <div class=\"row\">\n                <div class=\"col-xl-12\">\n                    <div class=\"tp-product-details-desc-banner text-center m-img\">\n                        <h3 class=\"tp-product-details-desc-banner-title tp-product-details-desc-title\">Exquisite Craftsmanship</h3>\n                        <img src=\"/storage/jewelry/products/product-3.png\" alt=\"Jewelry Workshop\">\n                    </div>\n                </div>\n            </div>\n        </div>\n    </div>\n</div>\n','published','[\"main\\/products\\/product-details-desc-1.jpg\",\"main\\/products\\/product-7.jpg\",\"main\\/products\\/product-8.jpg\"]','[[{\"key\":\"file\",\"value\":null},{\"key\":\"url\",\"value\":\"https:\\/\\/www.youtube.com\\/watch?v=6JYIGclVQdw\"},{\"key\":\"thumbnail\",\"value\":\"main\\/video\\/2.jpg\"}]]','ES-139-A1',0,18,0,1,'in_stock',0,5,0,0,1301,NULL,NULL,NULL,16,16,19,697,NULL,84166,'2025-03-31 21:08:45','2025-03-31 21:08:46',6,0,'Botble\\ACL\\Models\\User',0,NULL,'physical',NULL,NULL,0,0,0,0,1),(19,'Printed Palazzo Pants','Top off your look with this chic fedora hat, crafted with a classic silhouette and a timeless appeal. A must-have accessory for any fashion-forward wardrobe.','<div class=\"row justify-content-center\">\n    <div class=\"col-xl-10\">\n        <div class=\"tp-product-details-desc-item pb-105\">\n            <div class=\"row\">\n                <div class=\"col-lg-6\">\n                    <div class=\"pt-25\">\n                        <span>Diamond Tennis Bracelet</span>\n                        <h3 class=\"tp-product-details-desc-title\">Timeless Elegance</h3>\n                        <p>\n                            Elevate your style with our exquisite diamond tennis bracelet. Crafted with precision and attention to detail, each sparkling diamond is expertly set in lustrous white gold, creating a piece of jewelry that exudes sophistication and luxury. Whether worn alone or layered with other bracelets, this timeless accessory adds a touch of glamour to any ensemble.\n                        </p>\n                    </div>\n                    <div>\n                        <h3 class=\"tp-product-details-desc-title\">Exceptional Quality</h3>\n                        <p>\n                            Our diamond tennis bracelet is crafted from the finest materials to ensure lasting beauty and brilliance. Each diamond is carefully selected for its clarity, cut, and color, resulting in a piece of jewelry that\'s truly exceptional. Indulge in luxury and elegance with this stunning bracelet that\'s sure to become a cherished heirloom.\n                        </p>\n                    </div>\n                </div>\n                <div class=\"col-lg-6\">\n                    <div class=\"tp-product-details-desc-thumb\">\n                        <img src=\"/storage/jewelry/products/product-1.png\" alt=\"Diamond Tennis Bracelet\">\n                    </div>\n                </div>\n            </div>\n        </div>\n        <div class=\"tp-product-details-desc-item pb-75\">\n            <div class=\"row\">\n                <div class=\"col-lg-7\">\n                    <div class=\"tp-product-details-desc-thumb\">\n                        <img src=\"/storage/jewelry/products/product-2.png\" alt=\"Close-up of Diamond Tennis Bracelet\">\n                    </div>\n                </div>\n\n                <div class=\"col-lg-5 order-first order-lg-last\">\n                    <div class=\"des-content-2 pl-40\">\n                        <h3 class=\"tp-product-details-desc-title\">\n                            Versatile Style\n                        </h3>\n                        <p>\n                            Effortlessly transition from day to night with our versatile diamond tennis bracelet. Whether paired with a casual outfit or a formal gown, it adds a touch of glamour and sophistication to any look. Treat yourself or someone special to this timeless piece that\'s destined to be cherished for years to come.\n                        </p>\n                    </div>\n                </div>\n            </div>\n        </div>\n        <div class=\"tp-product-details-desc-item\">\n            <div class=\"row\">\n                <div class=\"col-xl-12\">\n                    <div class=\"tp-product-details-desc-banner text-center m-img\">\n                        <h3 class=\"tp-product-details-desc-banner-title tp-product-details-desc-title\">Exquisite Craftsmanship</h3>\n                        <img src=\"/storage/jewelry/products/product-3.png\" alt=\"Jewelry Workshop\">\n                    </div>\n                </div>\n            </div>\n        </div>\n    </div>\n</div>\n','published','[\"main\\/products\\/product-14.jpg\",\"main\\/products\\/product-7.jpg\",\"main\\/products\\/product-16.jpg\",\"main\\/products\\/product-details-desc-3.jpg\",\"main\\/products\\/product-5.jpg\"]','[]','DY-143',0,20,0,1,'in_stock',1,4,0,0,1974,705,NULL,NULL,10,16,20,698,NULL,194935,'2025-03-31 21:08:45','2025-03-31 21:08:46',8,0,'Botble\\ACL\\Models\\User',0,NULL,'physical',NULL,NULL,0,0,0,0,1),(20,'Structured Satchel Bag (Digital)','Achieve a polished look with this tailored wool blazer, designed for a flattering fit and versatile enough for both work and casual outings.','<div class=\"row justify-content-center\">\n    <div class=\"col-xl-10\">\n        <div class=\"tp-product-details-desc-item pb-105\">\n            <div class=\"row\">\n                <div class=\"col-lg-6\">\n                    <div class=\"pt-25\">\n                        <span>Diamond Tennis Bracelet</span>\n                        <h3 class=\"tp-product-details-desc-title\">Timeless Elegance</h3>\n                        <p>\n                            Elevate your style with our exquisite diamond tennis bracelet. Crafted with precision and attention to detail, each sparkling diamond is expertly set in lustrous white gold, creating a piece of jewelry that exudes sophistication and luxury. Whether worn alone or layered with other bracelets, this timeless accessory adds a touch of glamour to any ensemble.\n                        </p>\n                    </div>\n                    <div>\n                        <h3 class=\"tp-product-details-desc-title\">Exceptional Quality</h3>\n                        <p>\n                            Our diamond tennis bracelet is crafted from the finest materials to ensure lasting beauty and brilliance. Each diamond is carefully selected for its clarity, cut, and color, resulting in a piece of jewelry that\'s truly exceptional. Indulge in luxury and elegance with this stunning bracelet that\'s sure to become a cherished heirloom.\n                        </p>\n                    </div>\n                </div>\n                <div class=\"col-lg-6\">\n                    <div class=\"tp-product-details-desc-thumb\">\n                        <img src=\"/storage/jewelry/products/product-1.png\" alt=\"Diamond Tennis Bracelet\">\n                    </div>\n                </div>\n            </div>\n        </div>\n        <div class=\"tp-product-details-desc-item pb-75\">\n            <div class=\"row\">\n                <div class=\"col-lg-7\">\n                    <div class=\"tp-product-details-desc-thumb\">\n                        <img src=\"/storage/jewelry/products/product-2.png\" alt=\"Close-up of Diamond Tennis Bracelet\">\n                    </div>\n                </div>\n\n                <div class=\"col-lg-5 order-first order-lg-last\">\n                    <div class=\"des-content-2 pl-40\">\n                        <h3 class=\"tp-product-details-desc-title\">\n                            Versatile Style\n                        </h3>\n                        <p>\n                            Effortlessly transition from day to night with our versatile diamond tennis bracelet. Whether paired with a casual outfit or a formal gown, it adds a touch of glamour and sophistication to any look. Treat yourself or someone special to this timeless piece that\'s destined to be cherished for years to come.\n                        </p>\n                    </div>\n                </div>\n            </div>\n        </div>\n        <div class=\"tp-product-details-desc-item\">\n            <div class=\"row\">\n                <div class=\"col-xl-12\">\n                    <div class=\"tp-product-details-desc-banner text-center m-img\">\n                        <h3 class=\"tp-product-details-desc-banner-title tp-product-details-desc-title\">Exquisite Craftsmanship</h3>\n                        <img src=\"/storage/jewelry/products/product-3.png\" alt=\"Jewelry Workshop\">\n                    </div>\n                </div>\n            </div>\n        </div>\n    </div>\n</div>\n','published','[\"main\\/products\\/product-19.jpg\",\"main\\/products\\/product-details-desc-1.jpg\",\"main\\/products\\/product-7.jpg\",\"main\\/products\\/product-12.jpg\",\"main\\/products\\/product-9.jpg\",\"main\\/products\\/product-4.jpg\",\"main\\/products\\/product-11.jpg\"]','[[{\"key\":\"file\",\"value\":null},{\"key\":\"url\",\"value\":\"https:\\/\\/www.youtube.com\\/watch?v=6JYIGclVQdw\"},{\"key\":\"thumbnail\",\"value\":\"main\\/video\\/2.jpg\"}]]','DJ-195',0,15,0,1,'in_stock',0,4,0,0,2258,1433,NULL,NULL,17,12,12,535,NULL,34042,'2025-03-31 21:08:45','2025-03-31 21:08:46',8,0,'Botble\\ACL\\Models\\User',0,NULL,'digital',NULL,NULL,0,0,0,0,2),(21,'Off-Shoulder Ruffle Top','Top off your look with this chic fedora hat, crafted with a classic silhouette and a timeless appeal. A must-have accessory for any fashion-forward wardrobe.','<div class=\"row justify-content-center\">\n    <div class=\"col-xl-10\">\n        <div class=\"tp-product-details-desc-item pb-105\">\n            <div class=\"row\">\n                <div class=\"col-lg-6\">\n                    <div class=\"pt-25\">\n                        <span>Diamond Tennis Bracelet</span>\n                        <h3 class=\"tp-product-details-desc-title\">Timeless Elegance</h3>\n                        <p>\n                            Elevate your style with our exquisite diamond tennis bracelet. Crafted with precision and attention to detail, each sparkling diamond is expertly set in lustrous white gold, creating a piece of jewelry that exudes sophistication and luxury. Whether worn alone or layered with other bracelets, this timeless accessory adds a touch of glamour to any ensemble.\n                        </p>\n                    </div>\n                    <div>\n                        <h3 class=\"tp-product-details-desc-title\">Exceptional Quality</h3>\n                        <p>\n                            Our diamond tennis bracelet is crafted from the finest materials to ensure lasting beauty and brilliance. Each diamond is carefully selected for its clarity, cut, and color, resulting in a piece of jewelry that\'s truly exceptional. Indulge in luxury and elegance with this stunning bracelet that\'s sure to become a cherished heirloom.\n                        </p>\n                    </div>\n                </div>\n                <div class=\"col-lg-6\">\n                    <div class=\"tp-product-details-desc-thumb\">\n                        <img src=\"/storage/jewelry/products/product-1.png\" alt=\"Diamond Tennis Bracelet\">\n                    </div>\n                </div>\n            </div>\n        </div>\n        <div class=\"tp-product-details-desc-item pb-75\">\n            <div class=\"row\">\n                <div class=\"col-lg-7\">\n                    <div class=\"tp-product-details-desc-thumb\">\n                        <img src=\"/storage/jewelry/products/product-2.png\" alt=\"Close-up of Diamond Tennis Bracelet\">\n                    </div>\n                </div>\n\n                <div class=\"col-lg-5 order-first order-lg-last\">\n                    <div class=\"des-content-2 pl-40\">\n                        <h3 class=\"tp-product-details-desc-title\">\n                            Versatile Style\n                        </h3>\n                        <p>\n                            Effortlessly transition from day to night with our versatile diamond tennis bracelet. Whether paired with a casual outfit or a formal gown, it adds a touch of glamour and sophistication to any look. Treat yourself or someone special to this timeless piece that\'s destined to be cherished for years to come.\n                        </p>\n                    </div>\n                </div>\n            </div>\n        </div>\n        <div class=\"tp-product-details-desc-item\">\n            <div class=\"row\">\n                <div class=\"col-xl-12\">\n                    <div class=\"tp-product-details-desc-banner text-center m-img\">\n                        <h3 class=\"tp-product-details-desc-banner-title tp-product-details-desc-title\">Exquisite Craftsmanship</h3>\n                        <img src=\"/storage/jewelry/products/product-3.png\" alt=\"Jewelry Workshop\">\n                    </div>\n                </div>\n            </div>\n        </div>\n    </div>\n</div>\n','published','[\"main\\/products\\/product-details-desc-2.jpg\",\"main\\/products\\/product-details-desc-1.jpg\",\"main\\/products\\/product-1.jpg\",\"main\\/products\\/product-8.jpg\",\"main\\/products\\/product-15.jpg\",\"main\\/products\\/product-9.jpg\",\"main\\/products\\/product-11.jpg\"]','[]','GU-148',0,12,0,1,'in_stock',0,3,0,0,2264,1570,NULL,NULL,10,16,20,595,NULL,198867,'2025-03-31 21:08:45','2025-03-31 21:08:46',6,0,'Botble\\ACL\\Models\\User',0,NULL,'physical',NULL,NULL,0,0,0,0,1),(22,'Suede Pointed-Toe Pumps','Embrace bohemian vibes with this embroidered boho blouse, featuring intricate stitching and a relaxed fit. Perfect for a casual day with a touch of style.','<div class=\"row justify-content-center\">\n    <div class=\"col-xl-10\">\n        <div class=\"tp-product-details-desc-item pb-105\">\n            <div class=\"row\">\n                <div class=\"col-lg-6\">\n                    <div class=\"pt-25\">\n                        <span>Diamond Tennis Bracelet</span>\n                        <h3 class=\"tp-product-details-desc-title\">Timeless Elegance</h3>\n                        <p>\n                            Elevate your style with our exquisite diamond tennis bracelet. Crafted with precision and attention to detail, each sparkling diamond is expertly set in lustrous white gold, creating a piece of jewelry that exudes sophistication and luxury. Whether worn alone or layered with other bracelets, this timeless accessory adds a touch of glamour to any ensemble.\n                        </p>\n                    </div>\n                    <div>\n                        <h3 class=\"tp-product-details-desc-title\">Exceptional Quality</h3>\n                        <p>\n                            Our diamond tennis bracelet is crafted from the finest materials to ensure lasting beauty and brilliance. Each diamond is carefully selected for its clarity, cut, and color, resulting in a piece of jewelry that\'s truly exceptional. Indulge in luxury and elegance with this stunning bracelet that\'s sure to become a cherished heirloom.\n                        </p>\n                    </div>\n                </div>\n                <div class=\"col-lg-6\">\n                    <div class=\"tp-product-details-desc-thumb\">\n                        <img src=\"/storage/jewelry/products/product-1.png\" alt=\"Diamond Tennis Bracelet\">\n                    </div>\n                </div>\n            </div>\n        </div>\n        <div class=\"tp-product-details-desc-item pb-75\">\n            <div class=\"row\">\n                <div class=\"col-lg-7\">\n                    <div class=\"tp-product-details-desc-thumb\">\n                        <img src=\"/storage/jewelry/products/product-2.png\" alt=\"Close-up of Diamond Tennis Bracelet\">\n                    </div>\n                </div>\n\n                <div class=\"col-lg-5 order-first order-lg-last\">\n                    <div class=\"des-content-2 pl-40\">\n                        <h3 class=\"tp-product-details-desc-title\">\n                            Versatile Style\n                        </h3>\n                        <p>\n                            Effortlessly transition from day to night with our versatile diamond tennis bracelet. Whether paired with a casual outfit or a formal gown, it adds a touch of glamour and sophistication to any look. Treat yourself or someone special to this timeless piece that\'s destined to be cherished for years to come.\n                        </p>\n                    </div>\n                </div>\n            </div>\n        </div>\n        <div class=\"tp-product-details-desc-item\">\n            <div class=\"row\">\n                <div class=\"col-xl-12\">\n                    <div class=\"tp-product-details-desc-banner text-center m-img\">\n                        <h3 class=\"tp-product-details-desc-banner-title tp-product-details-desc-title\">Exquisite Craftsmanship</h3>\n                        <img src=\"/storage/jewelry/products/product-3.png\" alt=\"Jewelry Workshop\">\n                    </div>\n                </div>\n            </div>\n        </div>\n    </div>\n</div>\n','published','[\"main\\/products\\/product-1.jpg\",\"main\\/products\\/product-19.jpg\",\"main\\/products\\/product-12.jpg\",\"main\\/products\\/product-14.jpg\",\"main\\/products\\/product-details-desc-1.jpg\",\"main\\/products\\/product-2.jpg\",\"main\\/products\\/product-10.jpg\"]','[]','SG-131',0,11,0,1,'in_stock',0,5,0,0,416,17,NULL,NULL,17,11,18,553,NULL,192518,'2025-03-31 21:08:45','2025-03-31 21:08:46',5,0,'Botble\\ACL\\Models\\User',0,NULL,'physical',NULL,NULL,0,0,0,0,2),(23,'Cropped Cable Knit Sweater','Stay on trend with these high-waisted wide-leg trousers, combining comfort and sophistication. Pair them with heels for a refined look.','<div class=\"row justify-content-center\">\n    <div class=\"col-xl-10\">\n        <div class=\"tp-product-details-desc-item pb-105\">\n            <div class=\"row\">\n                <div class=\"col-lg-6\">\n                    <div class=\"pt-25\">\n                        <span>Diamond Tennis Bracelet</span>\n                        <h3 class=\"tp-product-details-desc-title\">Timeless Elegance</h3>\n                        <p>\n                            Elevate your style with our exquisite diamond tennis bracelet. Crafted with precision and attention to detail, each sparkling diamond is expertly set in lustrous white gold, creating a piece of jewelry that exudes sophistication and luxury. Whether worn alone or layered with other bracelets, this timeless accessory adds a touch of glamour to any ensemble.\n                        </p>\n                    </div>\n                    <div>\n                        <h3 class=\"tp-product-details-desc-title\">Exceptional Quality</h3>\n                        <p>\n                            Our diamond tennis bracelet is crafted from the finest materials to ensure lasting beauty and brilliance. Each diamond is carefully selected for its clarity, cut, and color, resulting in a piece of jewelry that\'s truly exceptional. Indulge in luxury and elegance with this stunning bracelet that\'s sure to become a cherished heirloom.\n                        </p>\n                    </div>\n                </div>\n                <div class=\"col-lg-6\">\n                    <div class=\"tp-product-details-desc-thumb\">\n                        <img src=\"/storage/jewelry/products/product-1.png\" alt=\"Diamond Tennis Bracelet\">\n                    </div>\n                </div>\n            </div>\n        </div>\n        <div class=\"tp-product-details-desc-item pb-75\">\n            <div class=\"row\">\n                <div class=\"col-lg-7\">\n                    <div class=\"tp-product-details-desc-thumb\">\n                        <img src=\"/storage/jewelry/products/product-2.png\" alt=\"Close-up of Diamond Tennis Bracelet\">\n                    </div>\n                </div>\n\n                <div class=\"col-lg-5 order-first order-lg-last\">\n                    <div class=\"des-content-2 pl-40\">\n                        <h3 class=\"tp-product-details-desc-title\">\n                            Versatile Style\n                        </h3>\n                        <p>\n                            Effortlessly transition from day to night with our versatile diamond tennis bracelet. Whether paired with a casual outfit or a formal gown, it adds a touch of glamour and sophistication to any look. Treat yourself or someone special to this timeless piece that\'s destined to be cherished for years to come.\n                        </p>\n                    </div>\n                </div>\n            </div>\n        </div>\n        <div class=\"tp-product-details-desc-item\">\n            <div class=\"row\">\n                <div class=\"col-xl-12\">\n                    <div class=\"tp-product-details-desc-banner text-center m-img\">\n                        <h3 class=\"tp-product-details-desc-banner-title tp-product-details-desc-title\">Exquisite Craftsmanship</h3>\n                        <img src=\"/storage/jewelry/products/product-3.png\" alt=\"Jewelry Workshop\">\n                    </div>\n                </div>\n            </div>\n        </div>\n    </div>\n</div>\n','published','[\"main\\/products\\/product-20.jpg\",\"main\\/products\\/product-8.jpg\",\"main\\/products\\/product-13.jpg\"]','[[{\"key\":\"file\",\"value\":\"main\\/video\\/video-2.mp4\"},{\"key\":\"url\",\"value\":null},{\"key\":\"thumbnail\",\"value\":\"main\\/video\\/2.jpg\"}]]','HO-187-A1',0,19,0,1,'in_stock',0,2,0,0,2006,NULL,NULL,NULL,11,10,16,671,NULL,17922,'2025-03-31 21:08:45','2025-03-31 21:08:46',6,0,'Botble\\ACL\\Models\\User',0,NULL,'physical',NULL,NULL,0,0,0,0,1),(24,'Athleisure Jogger Pants (Digital)','Stay on trend with these high-waisted wide-leg trousers, combining comfort and sophistication. Pair them with heels for a refined look.','<div class=\"row justify-content-center\">\n    <div class=\"col-xl-10\">\n        <div class=\"tp-product-details-desc-item pb-105\">\n            <div class=\"row\">\n                <div class=\"col-lg-6\">\n                    <div class=\"pt-25\">\n                        <span>Diamond Tennis Bracelet</span>\n                        <h3 class=\"tp-product-details-desc-title\">Timeless Elegance</h3>\n                        <p>\n                            Elevate your style with our exquisite diamond tennis bracelet. Crafted with precision and attention to detail, each sparkling diamond is expertly set in lustrous white gold, creating a piece of jewelry that exudes sophistication and luxury. Whether worn alone or layered with other bracelets, this timeless accessory adds a touch of glamour to any ensemble.\n                        </p>\n                    </div>\n                    <div>\n                        <h3 class=\"tp-product-details-desc-title\">Exceptional Quality</h3>\n                        <p>\n                            Our diamond tennis bracelet is crafted from the finest materials to ensure lasting beauty and brilliance. Each diamond is carefully selected for its clarity, cut, and color, resulting in a piece of jewelry that\'s truly exceptional. Indulge in luxury and elegance with this stunning bracelet that\'s sure to become a cherished heirloom.\n                        </p>\n                    </div>\n                </div>\n                <div class=\"col-lg-6\">\n                    <div class=\"tp-product-details-desc-thumb\">\n                        <img src=\"/storage/jewelry/products/product-1.png\" alt=\"Diamond Tennis Bracelet\">\n                    </div>\n                </div>\n            </div>\n        </div>\n        <div class=\"tp-product-details-desc-item pb-75\">\n            <div class=\"row\">\n                <div class=\"col-lg-7\">\n                    <div class=\"tp-product-details-desc-thumb\">\n                        <img src=\"/storage/jewelry/products/product-2.png\" alt=\"Close-up of Diamond Tennis Bracelet\">\n                    </div>\n                </div>\n\n                <div class=\"col-lg-5 order-first order-lg-last\">\n                    <div class=\"des-content-2 pl-40\">\n                        <h3 class=\"tp-product-details-desc-title\">\n                            Versatile Style\n                        </h3>\n                        <p>\n                            Effortlessly transition from day to night with our versatile diamond tennis bracelet. Whether paired with a casual outfit or a formal gown, it adds a touch of glamour and sophistication to any look. Treat yourself or someone special to this timeless piece that\'s destined to be cherished for years to come.\n                        </p>\n                    </div>\n                </div>\n            </div>\n        </div>\n        <div class=\"tp-product-details-desc-item\">\n            <div class=\"row\">\n                <div class=\"col-xl-12\">\n                    <div class=\"tp-product-details-desc-banner text-center m-img\">\n                        <h3 class=\"tp-product-details-desc-banner-title tp-product-details-desc-title\">Exquisite Craftsmanship</h3>\n                        <img src=\"/storage/jewelry/products/product-3.png\" alt=\"Jewelry Workshop\">\n                    </div>\n                </div>\n            </div>\n        </div>\n    </div>\n</div>\n','published','[\"main\\/products\\/product-1.jpg\",\"main\\/products\\/product-15.jpg\",\"main\\/products\\/product-10.jpg\",\"main\\/products\\/product-18.jpg\",\"main\\/products\\/product-20.jpg\",\"main\\/products\\/product-9.jpg\",\"main\\/products\\/product-12.jpg\"]','[[{\"key\":\"file\",\"value\":\"main\\/video\\/video-2.mp4\"},{\"key\":\"url\",\"value\":null},{\"key\":\"thumbnail\",\"value\":\"main\\/video\\/2.jpg\"}]]','WL-160-A1',0,12,0,1,'in_stock',1,1,0,0,1973,1657.32,NULL,NULL,17,15,18,573,NULL,103133,'2025-03-31 21:08:45','2025-03-31 21:08:46',7,0,'Botble\\ACL\\Models\\User',0,NULL,'digital',NULL,NULL,0,0,0,0,1),(25,'Leopard Print Midi Skirt','Top off your look with this chic fedora hat, crafted with a classic silhouette and a timeless appeal. A must-have accessory for any fashion-forward wardrobe.','<div class=\"row justify-content-center\">\n    <div class=\"col-xl-10\">\n        <div class=\"tp-product-details-desc-item pb-105\">\n            <div class=\"row\">\n                <div class=\"col-lg-6\">\n                    <div class=\"pt-25\">\n                        <span>Diamond Tennis Bracelet</span>\n                        <h3 class=\"tp-product-details-desc-title\">Timeless Elegance</h3>\n                        <p>\n                            Elevate your style with our exquisite diamond tennis bracelet. Crafted with precision and attention to detail, each sparkling diamond is expertly set in lustrous white gold, creating a piece of jewelry that exudes sophistication and luxury. Whether worn alone or layered with other bracelets, this timeless accessory adds a touch of glamour to any ensemble.\n                        </p>\n                    </div>\n                    <div>\n                        <h3 class=\"tp-product-details-desc-title\">Exceptional Quality</h3>\n                        <p>\n                            Our diamond tennis bracelet is crafted from the finest materials to ensure lasting beauty and brilliance. Each diamond is carefully selected for its clarity, cut, and color, resulting in a piece of jewelry that\'s truly exceptional. Indulge in luxury and elegance with this stunning bracelet that\'s sure to become a cherished heirloom.\n                        </p>\n                    </div>\n                </div>\n                <div class=\"col-lg-6\">\n                    <div class=\"tp-product-details-desc-thumb\">\n                        <img src=\"/storage/jewelry/products/product-1.png\" alt=\"Diamond Tennis Bracelet\">\n                    </div>\n                </div>\n            </div>\n        </div>\n        <div class=\"tp-product-details-desc-item pb-75\">\n            <div class=\"row\">\n                <div class=\"col-lg-7\">\n                    <div class=\"tp-product-details-desc-thumb\">\n                        <img src=\"/storage/jewelry/products/product-2.png\" alt=\"Close-up of Diamond Tennis Bracelet\">\n                    </div>\n                </div>\n\n                <div class=\"col-lg-5 order-first order-lg-last\">\n                    <div class=\"des-content-2 pl-40\">\n                        <h3 class=\"tp-product-details-desc-title\">\n                            Versatile Style\n                        </h3>\n                        <p>\n                            Effortlessly transition from day to night with our versatile diamond tennis bracelet. Whether paired with a casual outfit or a formal gown, it adds a touch of glamour and sophistication to any look. Treat yourself or someone special to this timeless piece that\'s destined to be cherished for years to come.\n                        </p>\n                    </div>\n                </div>\n            </div>\n        </div>\n        <div class=\"tp-product-details-desc-item\">\n            <div class=\"row\">\n                <div class=\"col-xl-12\">\n                    <div class=\"tp-product-details-desc-banner text-center m-img\">\n                        <h3 class=\"tp-product-details-desc-banner-title tp-product-details-desc-title\">Exquisite Craftsmanship</h3>\n                        <img src=\"/storage/jewelry/products/product-3.png\" alt=\"Jewelry Workshop\">\n                    </div>\n                </div>\n            </div>\n        </div>\n    </div>\n</div>\n','published','[\"main\\/products\\/product-details-desc-2.jpg\",\"main\\/products\\/product-18.jpg\",\"main\\/products\\/product-6.jpg\",\"main\\/products\\/product-13.jpg\",\"main\\/products\\/product-16.jpg\",\"main\\/products\\/product-3.jpg\"]','[]','8X-142-A1',0,16,0,1,'in_stock',1,3,0,0,2290,NULL,NULL,NULL,16,20,17,734,NULL,139397,'2025-03-31 21:08:45','2025-03-31 21:08:46',6,0,'Botble\\ACL\\Models\\User',0,NULL,'physical',NULL,NULL,0,0,0,0,2),(26,'Retro Cat-Eye Sunglasses','Stay on trend with these high-waisted wide-leg trousers, combining comfort and sophistication. Pair them with heels for a refined look.','<div class=\"row justify-content-center\">\n    <div class=\"col-xl-10\">\n        <div class=\"tp-product-details-desc-item pb-105\">\n            <div class=\"row\">\n                <div class=\"col-lg-6\">\n                    <div class=\"pt-25\">\n                        <span>Diamond Tennis Bracelet</span>\n                        <h3 class=\"tp-product-details-desc-title\">Timeless Elegance</h3>\n                        <p>\n                            Elevate your style with our exquisite diamond tennis bracelet. Crafted with precision and attention to detail, each sparkling diamond is expertly set in lustrous white gold, creating a piece of jewelry that exudes sophistication and luxury. Whether worn alone or layered with other bracelets, this timeless accessory adds a touch of glamour to any ensemble.\n                        </p>\n                    </div>\n                    <div>\n                        <h3 class=\"tp-product-details-desc-title\">Exceptional Quality</h3>\n                        <p>\n                            Our diamond tennis bracelet is crafted from the finest materials to ensure lasting beauty and brilliance. Each diamond is carefully selected for its clarity, cut, and color, resulting in a piece of jewelry that\'s truly exceptional. Indulge in luxury and elegance with this stunning bracelet that\'s sure to become a cherished heirloom.\n                        </p>\n                    </div>\n                </div>\n                <div class=\"col-lg-6\">\n                    <div class=\"tp-product-details-desc-thumb\">\n                        <img src=\"/storage/jewelry/products/product-1.png\" alt=\"Diamond Tennis Bracelet\">\n                    </div>\n                </div>\n            </div>\n        </div>\n        <div class=\"tp-product-details-desc-item pb-75\">\n            <div class=\"row\">\n                <div class=\"col-lg-7\">\n                    <div class=\"tp-product-details-desc-thumb\">\n                        <img src=\"/storage/jewelry/products/product-2.png\" alt=\"Close-up of Diamond Tennis Bracelet\">\n                    </div>\n                </div>\n\n                <div class=\"col-lg-5 order-first order-lg-last\">\n                    <div class=\"des-content-2 pl-40\">\n                        <h3 class=\"tp-product-details-desc-title\">\n                            Versatile Style\n                        </h3>\n                        <p>\n                            Effortlessly transition from day to night with our versatile diamond tennis bracelet. Whether paired with a casual outfit or a formal gown, it adds a touch of glamour and sophistication to any look. Treat yourself or someone special to this timeless piece that\'s destined to be cherished for years to come.\n                        </p>\n                    </div>\n                </div>\n            </div>\n        </div>\n        <div class=\"tp-product-details-desc-item\">\n            <div class=\"row\">\n                <div class=\"col-xl-12\">\n                    <div class=\"tp-product-details-desc-banner text-center m-img\">\n                        <h3 class=\"tp-product-details-desc-banner-title tp-product-details-desc-title\">Exquisite Craftsmanship</h3>\n                        <img src=\"/storage/jewelry/products/product-3.png\" alt=\"Jewelry Workshop\">\n                    </div>\n                </div>\n            </div>\n        </div>\n    </div>\n</div>\n','published','[\"main\\/products\\/product-7.jpg\",\"main\\/products\\/product-6.jpg\",\"main\\/products\\/product-15.jpg\",\"main\\/products\\/product-9.jpg\"]','[[{\"key\":\"file\",\"value\":null},{\"key\":\"url\",\"value\":\"https:\\/\\/www.youtube.com\\/watch?v=6JYIGclVQdw\"},{\"key\":\"thumbnail\",\"value\":\"main\\/video\\/1.jpg\"}]]','FW-134',0,13,0,1,'in_stock',1,5,0,0,1731,285,NULL,NULL,18,10,20,820,NULL,16441,'2025-03-31 21:08:45','2025-03-31 21:08:46',2,0,'Botble\\ACL\\Models\\User',0,NULL,'physical',NULL,NULL,0,0,0,0,1),(27,'Faux Fur Trimmed Coat','Embrace bohemian vibes with this embroidered boho blouse, featuring intricate stitching and a relaxed fit. Perfect for a casual day with a touch of style.','<div class=\"row justify-content-center\">\n    <div class=\"col-xl-10\">\n        <div class=\"tp-product-details-desc-item pb-105\">\n            <div class=\"row\">\n                <div class=\"col-lg-6\">\n                    <div class=\"pt-25\">\n                        <span>Diamond Tennis Bracelet</span>\n                        <h3 class=\"tp-product-details-desc-title\">Timeless Elegance</h3>\n                        <p>\n                            Elevate your style with our exquisite diamond tennis bracelet. Crafted with precision and attention to detail, each sparkling diamond is expertly set in lustrous white gold, creating a piece of jewelry that exudes sophistication and luxury. Whether worn alone or layered with other bracelets, this timeless accessory adds a touch of glamour to any ensemble.\n                        </p>\n                    </div>\n                    <div>\n                        <h3 class=\"tp-product-details-desc-title\">Exceptional Quality</h3>\n                        <p>\n                            Our diamond tennis bracelet is crafted from the finest materials to ensure lasting beauty and brilliance. Each diamond is carefully selected for its clarity, cut, and color, resulting in a piece of jewelry that\'s truly exceptional. Indulge in luxury and elegance with this stunning bracelet that\'s sure to become a cherished heirloom.\n                        </p>\n                    </div>\n                </div>\n                <div class=\"col-lg-6\">\n                    <div class=\"tp-product-details-desc-thumb\">\n                        <img src=\"/storage/jewelry/products/product-1.png\" alt=\"Diamond Tennis Bracelet\">\n                    </div>\n                </div>\n            </div>\n        </div>\n        <div class=\"tp-product-details-desc-item pb-75\">\n            <div class=\"row\">\n                <div class=\"col-lg-7\">\n                    <div class=\"tp-product-details-desc-thumb\">\n                        <img src=\"/storage/jewelry/products/product-2.png\" alt=\"Close-up of Diamond Tennis Bracelet\">\n                    </div>\n                </div>\n\n                <div class=\"col-lg-5 order-first order-lg-last\">\n                    <div class=\"des-content-2 pl-40\">\n                        <h3 class=\"tp-product-details-desc-title\">\n                            Versatile Style\n                        </h3>\n                        <p>\n                            Effortlessly transition from day to night with our versatile diamond tennis bracelet. Whether paired with a casual outfit or a formal gown, it adds a touch of glamour and sophistication to any look. Treat yourself or someone special to this timeless piece that\'s destined to be cherished for years to come.\n                        </p>\n                    </div>\n                </div>\n            </div>\n        </div>\n        <div class=\"tp-product-details-desc-item\">\n            <div class=\"row\">\n                <div class=\"col-xl-12\">\n                    <div class=\"tp-product-details-desc-banner text-center m-img\">\n                        <h3 class=\"tp-product-details-desc-banner-title tp-product-details-desc-title\">Exquisite Craftsmanship</h3>\n                        <img src=\"/storage/jewelry/products/product-3.png\" alt=\"Jewelry Workshop\">\n                    </div>\n                </div>\n            </div>\n        </div>\n    </div>\n</div>\n','published','[\"main\\/products\\/product-20.jpg\",\"main\\/products\\/product-10.jpg\",\"main\\/products\\/product-15.jpg\",\"main\\/products\\/product-17.jpg\",\"main\\/products\\/product-7.jpg\",\"main\\/products\\/product-19.jpg\",\"main\\/products\\/product-14.jpg\",\"main\\/products\\/product-5.jpg\"]','[]','KY-154-A1',0,20,0,1,'in_stock',1,2,0,0,2264,NULL,NULL,NULL,18,13,19,613,NULL,22742,'2025-03-31 21:08:45','2025-03-31 21:08:46',8,0,'Botble\\ACL\\Models\\User',0,NULL,'physical',NULL,NULL,0,0,0,0,1),(28,'Boho Fringed Kimono (Digital)','Make a statement in this floral maxi dress, perfect for summer events or a casual day out. The flowy silhouette and vibrant print will turn heads wherever you go.','<div class=\"row justify-content-center\">\n    <div class=\"col-xl-10\">\n        <div class=\"tp-product-details-desc-item pb-105\">\n            <div class=\"row\">\n                <div class=\"col-lg-6\">\n                    <div class=\"pt-25\">\n                        <span>Diamond Tennis Bracelet</span>\n                        <h3 class=\"tp-product-details-desc-title\">Timeless Elegance</h3>\n                        <p>\n                            Elevate your style with our exquisite diamond tennis bracelet. Crafted with precision and attention to detail, each sparkling diamond is expertly set in lustrous white gold, creating a piece of jewelry that exudes sophistication and luxury. Whether worn alone or layered with other bracelets, this timeless accessory adds a touch of glamour to any ensemble.\n                        </p>\n                    </div>\n                    <div>\n                        <h3 class=\"tp-product-details-desc-title\">Exceptional Quality</h3>\n                        <p>\n                            Our diamond tennis bracelet is crafted from the finest materials to ensure lasting beauty and brilliance. Each diamond is carefully selected for its clarity, cut, and color, resulting in a piece of jewelry that\'s truly exceptional. Indulge in luxury and elegance with this stunning bracelet that\'s sure to become a cherished heirloom.\n                        </p>\n                    </div>\n                </div>\n                <div class=\"col-lg-6\">\n                    <div class=\"tp-product-details-desc-thumb\">\n                        <img src=\"/storage/jewelry/products/product-1.png\" alt=\"Diamond Tennis Bracelet\">\n                    </div>\n                </div>\n            </div>\n        </div>\n        <div class=\"tp-product-details-desc-item pb-75\">\n            <div class=\"row\">\n                <div class=\"col-lg-7\">\n                    <div class=\"tp-product-details-desc-thumb\">\n                        <img src=\"/storage/jewelry/products/product-2.png\" alt=\"Close-up of Diamond Tennis Bracelet\">\n                    </div>\n                </div>\n\n                <div class=\"col-lg-5 order-first order-lg-last\">\n                    <div class=\"des-content-2 pl-40\">\n                        <h3 class=\"tp-product-details-desc-title\">\n                            Versatile Style\n                        </h3>\n                        <p>\n                            Effortlessly transition from day to night with our versatile diamond tennis bracelet. Whether paired with a casual outfit or a formal gown, it adds a touch of glamour and sophistication to any look. Treat yourself or someone special to this timeless piece that\'s destined to be cherished for years to come.\n                        </p>\n                    </div>\n                </div>\n            </div>\n        </div>\n        <div class=\"tp-product-details-desc-item\">\n            <div class=\"row\">\n                <div class=\"col-xl-12\">\n                    <div class=\"tp-product-details-desc-banner text-center m-img\">\n                        <h3 class=\"tp-product-details-desc-banner-title tp-product-details-desc-title\">Exquisite Craftsmanship</h3>\n                        <img src=\"/storage/jewelry/products/product-3.png\" alt=\"Jewelry Workshop\">\n                    </div>\n                </div>\n            </div>\n        </div>\n    </div>\n</div>\n','published','[\"main\\/products\\/product-11.jpg\",\"main\\/products\\/product-details-desc-1.jpg\",\"main\\/products\\/product-14.jpg\"]','[[{\"key\":\"file\",\"value\":\"main\\/video\\/video-2.mp4\"},{\"key\":\"url\",\"value\":null},{\"key\":\"thumbnail\",\"value\":\"main\\/video\\/2.jpg\"}]]','RN-190',0,14,0,1,'in_stock',1,5,0,0,2339,1527,NULL,NULL,10,15,19,817,NULL,49608,'2025-03-31 21:08:45','2025-03-31 21:08:46',8,0,'Botble\\ACL\\Models\\User',0,NULL,'digital',NULL,NULL,0,0,0,0,2),(29,'Ruffled Wrap Dress','Step out in style with these leather ankle boots, crafted with a sleek design and comfortable block heel. Versatile enough to pair with both dresses and jeans.','<div class=\"row justify-content-center\">\n    <div class=\"col-xl-10\">\n        <div class=\"tp-product-details-desc-item pb-105\">\n            <div class=\"row\">\n                <div class=\"col-lg-6\">\n                    <div class=\"pt-25\">\n                        <span>Diamond Tennis Bracelet</span>\n                        <h3 class=\"tp-product-details-desc-title\">Timeless Elegance</h3>\n                        <p>\n                            Elevate your style with our exquisite diamond tennis bracelet. Crafted with precision and attention to detail, each sparkling diamond is expertly set in lustrous white gold, creating a piece of jewelry that exudes sophistication and luxury. Whether worn alone or layered with other bracelets, this timeless accessory adds a touch of glamour to any ensemble.\n                        </p>\n                    </div>\n                    <div>\n                        <h3 class=\"tp-product-details-desc-title\">Exceptional Quality</h3>\n                        <p>\n                            Our diamond tennis bracelet is crafted from the finest materials to ensure lasting beauty and brilliance. Each diamond is carefully selected for its clarity, cut, and color, resulting in a piece of jewelry that\'s truly exceptional. Indulge in luxury and elegance with this stunning bracelet that\'s sure to become a cherished heirloom.\n                        </p>\n                    </div>\n                </div>\n                <div class=\"col-lg-6\">\n                    <div class=\"tp-product-details-desc-thumb\">\n                        <img src=\"/storage/jewelry/products/product-1.png\" alt=\"Diamond Tennis Bracelet\">\n                    </div>\n                </div>\n            </div>\n        </div>\n        <div class=\"tp-product-details-desc-item pb-75\">\n            <div class=\"row\">\n                <div class=\"col-lg-7\">\n                    <div class=\"tp-product-details-desc-thumb\">\n                        <img src=\"/storage/jewelry/products/product-2.png\" alt=\"Close-up of Diamond Tennis Bracelet\">\n                    </div>\n                </div>\n\n                <div class=\"col-lg-5 order-first order-lg-last\">\n                    <div class=\"des-content-2 pl-40\">\n                        <h3 class=\"tp-product-details-desc-title\">\n                            Versatile Style\n                        </h3>\n                        <p>\n                            Effortlessly transition from day to night with our versatile diamond tennis bracelet. Whether paired with a casual outfit or a formal gown, it adds a touch of glamour and sophistication to any look. Treat yourself or someone special to this timeless piece that\'s destined to be cherished for years to come.\n                        </p>\n                    </div>\n                </div>\n            </div>\n        </div>\n        <div class=\"tp-product-details-desc-item\">\n            <div class=\"row\">\n                <div class=\"col-xl-12\">\n                    <div class=\"tp-product-details-desc-banner text-center m-img\">\n                        <h3 class=\"tp-product-details-desc-banner-title tp-product-details-desc-title\">Exquisite Craftsmanship</h3>\n                        <img src=\"/storage/jewelry/products/product-3.png\" alt=\"Jewelry Workshop\">\n                    </div>\n                </div>\n            </div>\n        </div>\n    </div>\n</div>\n','published','[\"main\\/products\\/product-6.jpg\",\"main\\/products\\/product-5.jpg\",\"main\\/products\\/product-11.jpg\",\"main\\/products\\/product-19.jpg\",\"main\\/products\\/product-1.jpg\"]','[[{\"key\":\"file\",\"value\":\"main\\/video\\/video-1.mp4\"},{\"key\":\"url\",\"value\":null},{\"key\":\"thumbnail\",\"value\":\"main\\/video\\/1.jpg\"}]]','YL-200',0,19,0,1,'in_stock',1,2,0,0,1811,230,NULL,NULL,19,20,12,814,NULL,84964,'2025-03-31 21:08:45','2025-03-31 21:08:46',1,0,'Botble\\ACL\\Models\\User',0,NULL,'physical',NULL,NULL,0,0,0,0,1),(30,'Beaded Evening Clutch','Make a statement in this floral maxi dress, perfect for summer events or a casual day out. The flowy silhouette and vibrant print will turn heads wherever you go.','<div class=\"row justify-content-center\">\n    <div class=\"col-xl-10\">\n        <div class=\"tp-product-details-desc-item pb-105\">\n            <div class=\"row\">\n                <div class=\"col-lg-6\">\n                    <div class=\"pt-25\">\n                        <span>Diamond Tennis Bracelet</span>\n                        <h3 class=\"tp-product-details-desc-title\">Timeless Elegance</h3>\n                        <p>\n                            Elevate your style with our exquisite diamond tennis bracelet. Crafted with precision and attention to detail, each sparkling diamond is expertly set in lustrous white gold, creating a piece of jewelry that exudes sophistication and luxury. Whether worn alone or layered with other bracelets, this timeless accessory adds a touch of glamour to any ensemble.\n                        </p>\n                    </div>\n                    <div>\n                        <h3 class=\"tp-product-details-desc-title\">Exceptional Quality</h3>\n                        <p>\n                            Our diamond tennis bracelet is crafted from the finest materials to ensure lasting beauty and brilliance. Each diamond is carefully selected for its clarity, cut, and color, resulting in a piece of jewelry that\'s truly exceptional. Indulge in luxury and elegance with this stunning bracelet that\'s sure to become a cherished heirloom.\n                        </p>\n                    </div>\n                </div>\n                <div class=\"col-lg-6\">\n                    <div class=\"tp-product-details-desc-thumb\">\n                        <img src=\"/storage/jewelry/products/product-1.png\" alt=\"Diamond Tennis Bracelet\">\n                    </div>\n                </div>\n            </div>\n        </div>\n        <div class=\"tp-product-details-desc-item pb-75\">\n            <div class=\"row\">\n                <div class=\"col-lg-7\">\n                    <div class=\"tp-product-details-desc-thumb\">\n                        <img src=\"/storage/jewelry/products/product-2.png\" alt=\"Close-up of Diamond Tennis Bracelet\">\n                    </div>\n                </div>\n\n                <div class=\"col-lg-5 order-first order-lg-last\">\n                    <div class=\"des-content-2 pl-40\">\n                        <h3 class=\"tp-product-details-desc-title\">\n                            Versatile Style\n                        </h3>\n                        <p>\n                            Effortlessly transition from day to night with our versatile diamond tennis bracelet. Whether paired with a casual outfit or a formal gown, it adds a touch of glamour and sophistication to any look. Treat yourself or someone special to this timeless piece that\'s destined to be cherished for years to come.\n                        </p>\n                    </div>\n                </div>\n            </div>\n        </div>\n        <div class=\"tp-product-details-desc-item\">\n            <div class=\"row\">\n                <div class=\"col-xl-12\">\n                    <div class=\"tp-product-details-desc-banner text-center m-img\">\n                        <h3 class=\"tp-product-details-desc-banner-title tp-product-details-desc-title\">Exquisite Craftsmanship</h3>\n                        <img src=\"/storage/jewelry/products/product-3.png\" alt=\"Jewelry Workshop\">\n                    </div>\n                </div>\n            </div>\n        </div>\n    </div>\n</div>\n','published','[\"main\\/products\\/product-20.jpg\",\"main\\/products\\/product-9.jpg\",\"main\\/products\\/product-7.jpg\",\"main\\/products\\/product-4.jpg\"]','[]','AG-102',0,10,0,1,'in_stock',0,3,0,0,829,567,NULL,NULL,14,11,17,879,NULL,105212,'2025-03-31 21:08:45','2025-03-31 21:08:46',2,0,'Botble\\ACL\\Models\\User',0,NULL,'physical',NULL,NULL,0,0,0,0,2),(31,'Wide Brim Floppy Hat','Achieve a polished look with this tailored wool blazer, designed for a flattering fit and versatile enough for both work and casual outings.','<div class=\"row justify-content-center\">\n    <div class=\"col-xl-10\">\n        <div class=\"tp-product-details-desc-item pb-105\">\n            <div class=\"row\">\n                <div class=\"col-lg-6\">\n                    <div class=\"pt-25\">\n                        <span>Diamond Tennis Bracelet</span>\n                        <h3 class=\"tp-product-details-desc-title\">Timeless Elegance</h3>\n                        <p>\n                            Elevate your style with our exquisite diamond tennis bracelet. Crafted with precision and attention to detail, each sparkling diamond is expertly set in lustrous white gold, creating a piece of jewelry that exudes sophistication and luxury. Whether worn alone or layered with other bracelets, this timeless accessory adds a touch of glamour to any ensemble.\n                        </p>\n                    </div>\n                    <div>\n                        <h3 class=\"tp-product-details-desc-title\">Exceptional Quality</h3>\n                        <p>\n                            Our diamond tennis bracelet is crafted from the finest materials to ensure lasting beauty and brilliance. Each diamond is carefully selected for its clarity, cut, and color, resulting in a piece of jewelry that\'s truly exceptional. Indulge in luxury and elegance with this stunning bracelet that\'s sure to become a cherished heirloom.\n                        </p>\n                    </div>\n                </div>\n                <div class=\"col-lg-6\">\n                    <div class=\"tp-product-details-desc-thumb\">\n                        <img src=\"/storage/jewelry/products/product-1.png\" alt=\"Diamond Tennis Bracelet\">\n                    </div>\n                </div>\n            </div>\n        </div>\n        <div class=\"tp-product-details-desc-item pb-75\">\n            <div class=\"row\">\n                <div class=\"col-lg-7\">\n                    <div class=\"tp-product-details-desc-thumb\">\n                        <img src=\"/storage/jewelry/products/product-2.png\" alt=\"Close-up of Diamond Tennis Bracelet\">\n                    </div>\n                </div>\n\n                <div class=\"col-lg-5 order-first order-lg-last\">\n                    <div class=\"des-content-2 pl-40\">\n                        <h3 class=\"tp-product-details-desc-title\">\n                            Versatile Style\n                        </h3>\n                        <p>\n                            Effortlessly transition from day to night with our versatile diamond tennis bracelet. Whether paired with a casual outfit or a formal gown, it adds a touch of glamour and sophistication to any look. Treat yourself or someone special to this timeless piece that\'s destined to be cherished for years to come.\n                        </p>\n                    </div>\n                </div>\n            </div>\n        </div>\n        <div class=\"tp-product-details-desc-item\">\n            <div class=\"row\">\n                <div class=\"col-xl-12\">\n                    <div class=\"tp-product-details-desc-banner text-center m-img\">\n                        <h3 class=\"tp-product-details-desc-banner-title tp-product-details-desc-title\">Exquisite Craftsmanship</h3>\n                        <img src=\"/storage/jewelry/products/product-3.png\" alt=\"Jewelry Workshop\">\n                    </div>\n                </div>\n            </div>\n        </div>\n    </div>\n</div>\n','published','[\"main\\/products\\/product-13.jpg\",\"main\\/products\\/product-3.jpg\",\"main\\/products\\/product-14.jpg\",\"main\\/products\\/product-17.jpg\",\"main\\/products\\/product-11.jpg\",\"main\\/products\\/product-details-desc-3.jpg\"]','[[{\"key\":\"file\",\"value\":null},{\"key\":\"url\",\"value\":\"https:\\/\\/www.youtube.com\\/watch?v=6JYIGclVQdw\"},{\"key\":\"thumbnail\",\"value\":\"main\\/video\\/1.jpg\"}]]','FV-196',0,17,0,1,'in_stock',0,1,0,0,2399,1630,NULL,NULL,20,16,17,762,NULL,134928,'2025-03-31 21:08:45','2025-03-31 21:08:46',5,0,'Botble\\ACL\\Models\\User',0,NULL,'physical',NULL,NULL,0,0,0,0,1),(32,'Denim Overall Jumpsuit (Digital)','Achieve a polished look with this tailored wool blazer, designed for a flattering fit and versatile enough for both work and casual outings.','<div class=\"row justify-content-center\">\n    <div class=\"col-xl-10\">\n        <div class=\"tp-product-details-desc-item pb-105\">\n            <div class=\"row\">\n                <div class=\"col-lg-6\">\n                    <div class=\"pt-25\">\n                        <span>Diamond Tennis Bracelet</span>\n                        <h3 class=\"tp-product-details-desc-title\">Timeless Elegance</h3>\n                        <p>\n                            Elevate your style with our exquisite diamond tennis bracelet. Crafted with precision and attention to detail, each sparkling diamond is expertly set in lustrous white gold, creating a piece of jewelry that exudes sophistication and luxury. Whether worn alone or layered with other bracelets, this timeless accessory adds a touch of glamour to any ensemble.\n                        </p>\n                    </div>\n                    <div>\n                        <h3 class=\"tp-product-details-desc-title\">Exceptional Quality</h3>\n                        <p>\n                            Our diamond tennis bracelet is crafted from the finest materials to ensure lasting beauty and brilliance. Each diamond is carefully selected for its clarity, cut, and color, resulting in a piece of jewelry that\'s truly exceptional. Indulge in luxury and elegance with this stunning bracelet that\'s sure to become a cherished heirloom.\n                        </p>\n                    </div>\n                </div>\n                <div class=\"col-lg-6\">\n                    <div class=\"tp-product-details-desc-thumb\">\n                        <img src=\"/storage/jewelry/products/product-1.png\" alt=\"Diamond Tennis Bracelet\">\n                    </div>\n                </div>\n            </div>\n        </div>\n        <div class=\"tp-product-details-desc-item pb-75\">\n            <div class=\"row\">\n                <div class=\"col-lg-7\">\n                    <div class=\"tp-product-details-desc-thumb\">\n                        <img src=\"/storage/jewelry/products/product-2.png\" alt=\"Close-up of Diamond Tennis Bracelet\">\n                    </div>\n                </div>\n\n                <div class=\"col-lg-5 order-first order-lg-last\">\n                    <div class=\"des-content-2 pl-40\">\n                        <h3 class=\"tp-product-details-desc-title\">\n                            Versatile Style\n                        </h3>\n                        <p>\n                            Effortlessly transition from day to night with our versatile diamond tennis bracelet. Whether paired with a casual outfit or a formal gown, it adds a touch of glamour and sophistication to any look. Treat yourself or someone special to this timeless piece that\'s destined to be cherished for years to come.\n                        </p>\n                    </div>\n                </div>\n            </div>\n        </div>\n        <div class=\"tp-product-details-desc-item\">\n            <div class=\"row\">\n                <div class=\"col-xl-12\">\n                    <div class=\"tp-product-details-desc-banner text-center m-img\">\n                        <h3 class=\"tp-product-details-desc-banner-title tp-product-details-desc-title\">Exquisite Craftsmanship</h3>\n                        <img src=\"/storage/jewelry/products/product-3.png\" alt=\"Jewelry Workshop\">\n                    </div>\n                </div>\n            </div>\n        </div>\n    </div>\n</div>\n','published','[\"main\\/products\\/product-2.jpg\",\"main\\/products\\/product-details-desc-1.jpg\",\"main\\/products\\/product-1.jpg\",\"main\\/products\\/product-4.jpg\",\"main\\/products\\/product-17.jpg\"]','[]','AV-137',0,15,0,1,'in_stock',0,5,0,0,1634,649,NULL,NULL,15,11,11,682,NULL,97004,'2025-03-31 21:08:45','2025-03-31 21:08:46',3,0,'Botble\\ACL\\Models\\User',0,NULL,'digital',NULL,NULL,0,0,0,0,1),(33,'Embellished Ballet Flats','Make a bold statement with this chunky necklace, designed to add a touch of glamour to any outfit. The perfect accessory for a night out.','<div class=\"row justify-content-center\">\n    <div class=\"col-xl-10\">\n        <div class=\"tp-product-details-desc-item pb-105\">\n            <div class=\"row\">\n                <div class=\"col-lg-6\">\n                    <div class=\"pt-25\">\n                        <span>Diamond Tennis Bracelet</span>\n                        <h3 class=\"tp-product-details-desc-title\">Timeless Elegance</h3>\n                        <p>\n                            Elevate your style with our exquisite diamond tennis bracelet. Crafted with precision and attention to detail, each sparkling diamond is expertly set in lustrous white gold, creating a piece of jewelry that exudes sophistication and luxury. Whether worn alone or layered with other bracelets, this timeless accessory adds a touch of glamour to any ensemble.\n                        </p>\n                    </div>\n                    <div>\n                        <h3 class=\"tp-product-details-desc-title\">Exceptional Quality</h3>\n                        <p>\n                            Our diamond tennis bracelet is crafted from the finest materials to ensure lasting beauty and brilliance. Each diamond is carefully selected for its clarity, cut, and color, resulting in a piece of jewelry that\'s truly exceptional. Indulge in luxury and elegance with this stunning bracelet that\'s sure to become a cherished heirloom.\n                        </p>\n                    </div>\n                </div>\n                <div class=\"col-lg-6\">\n                    <div class=\"tp-product-details-desc-thumb\">\n                        <img src=\"/storage/jewelry/products/product-1.png\" alt=\"Diamond Tennis Bracelet\">\n                    </div>\n                </div>\n            </div>\n        </div>\n        <div class=\"tp-product-details-desc-item pb-75\">\n            <div class=\"row\">\n                <div class=\"col-lg-7\">\n                    <div class=\"tp-product-details-desc-thumb\">\n                        <img src=\"/storage/jewelry/products/product-2.png\" alt=\"Close-up of Diamond Tennis Bracelet\">\n                    </div>\n                </div>\n\n                <div class=\"col-lg-5 order-first order-lg-last\">\n                    <div class=\"des-content-2 pl-40\">\n                        <h3 class=\"tp-product-details-desc-title\">\n                            Versatile Style\n                        </h3>\n                        <p>\n                            Effortlessly transition from day to night with our versatile diamond tennis bracelet. Whether paired with a casual outfit or a formal gown, it adds a touch of glamour and sophistication to any look. Treat yourself or someone special to this timeless piece that\'s destined to be cherished for years to come.\n                        </p>\n                    </div>\n                </div>\n            </div>\n        </div>\n        <div class=\"tp-product-details-desc-item\">\n            <div class=\"row\">\n                <div class=\"col-xl-12\">\n                    <div class=\"tp-product-details-desc-banner text-center m-img\">\n                        <h3 class=\"tp-product-details-desc-banner-title tp-product-details-desc-title\">Exquisite Craftsmanship</h3>\n                        <img src=\"/storage/jewelry/products/product-3.png\" alt=\"Jewelry Workshop\">\n                    </div>\n                </div>\n            </div>\n        </div>\n    </div>\n</div>\n','published','[\"main\\/products\\/product-5.jpg\",\"main\\/products\\/product-4.jpg\",\"main\\/products\\/product-8.jpg\",\"main\\/products\\/product-details-desc-1.jpg\",\"main\\/products\\/product-20.jpg\",\"main\\/products\\/product-2.jpg\"]','[[{\"key\":\"file\",\"value\":null},{\"key\":\"url\",\"value\":\"https:\\/\\/www.youtube.com\\/watch?v=6JYIGclVQdw\"},{\"key\":\"thumbnail\",\"value\":\"main\\/video\\/1.jpg\"}]]','KP-200',0,14,0,1,'in_stock',0,1,0,0,1108,975,NULL,NULL,20,14,19,652,NULL,110869,'2025-03-31 21:08:45','2025-03-31 21:08:46',6,0,'Botble\\ACL\\Models\\User',0,NULL,'physical',NULL,NULL,0,0,0,0,1),(34,'Pleated Midi Skirt','Embrace bohemian vibes with this embroidered boho blouse, featuring intricate stitching and a relaxed fit. Perfect for a casual day with a touch of style.','<div class=\"row justify-content-center\">\n    <div class=\"col-xl-10\">\n        <div class=\"tp-product-details-desc-item pb-105\">\n            <div class=\"row\">\n                <div class=\"col-lg-6\">\n                    <div class=\"pt-25\">\n                        <span>Diamond Tennis Bracelet</span>\n                        <h3 class=\"tp-product-details-desc-title\">Timeless Elegance</h3>\n                        <p>\n                            Elevate your style with our exquisite diamond tennis bracelet. Crafted with precision and attention to detail, each sparkling diamond is expertly set in lustrous white gold, creating a piece of jewelry that exudes sophistication and luxury. Whether worn alone or layered with other bracelets, this timeless accessory adds a touch of glamour to any ensemble.\n                        </p>\n                    </div>\n                    <div>\n                        <h3 class=\"tp-product-details-desc-title\">Exceptional Quality</h3>\n                        <p>\n                            Our diamond tennis bracelet is crafted from the finest materials to ensure lasting beauty and brilliance. Each diamond is carefully selected for its clarity, cut, and color, resulting in a piece of jewelry that\'s truly exceptional. Indulge in luxury and elegance with this stunning bracelet that\'s sure to become a cherished heirloom.\n                        </p>\n                    </div>\n                </div>\n                <div class=\"col-lg-6\">\n                    <div class=\"tp-product-details-desc-thumb\">\n                        <img src=\"/storage/jewelry/products/product-1.png\" alt=\"Diamond Tennis Bracelet\">\n                    </div>\n                </div>\n            </div>\n        </div>\n        <div class=\"tp-product-details-desc-item pb-75\">\n            <div class=\"row\">\n                <div class=\"col-lg-7\">\n                    <div class=\"tp-product-details-desc-thumb\">\n                        <img src=\"/storage/jewelry/products/product-2.png\" alt=\"Close-up of Diamond Tennis Bracelet\">\n                    </div>\n                </div>\n\n                <div class=\"col-lg-5 order-first order-lg-last\">\n                    <div class=\"des-content-2 pl-40\">\n                        <h3 class=\"tp-product-details-desc-title\">\n                            Versatile Style\n                        </h3>\n                        <p>\n                            Effortlessly transition from day to night with our versatile diamond tennis bracelet. Whether paired with a casual outfit or a formal gown, it adds a touch of glamour and sophistication to any look. Treat yourself or someone special to this timeless piece that\'s destined to be cherished for years to come.\n                        </p>\n                    </div>\n                </div>\n            </div>\n        </div>\n        <div class=\"tp-product-details-desc-item\">\n            <div class=\"row\">\n                <div class=\"col-xl-12\">\n                    <div class=\"tp-product-details-desc-banner text-center m-img\">\n                        <h3 class=\"tp-product-details-desc-banner-title tp-product-details-desc-title\">Exquisite Craftsmanship</h3>\n                        <img src=\"/storage/jewelry/products/product-3.png\" alt=\"Jewelry Workshop\">\n                    </div>\n                </div>\n            </div>\n        </div>\n    </div>\n</div>\n','published','[\"main\\/products\\/product-18.jpg\",\"main\\/products\\/product-9.jpg\",\"main\\/products\\/product-6.jpg\",\"main\\/products\\/product-2.jpg\"]','[[{\"key\":\"file\",\"value\":\"main\\/video\\/video-2.mp4\"},{\"key\":\"url\",\"value\":null},{\"key\":\"thumbnail\",\"value\":\"main\\/video\\/2.jpg\"}]]','JF-176-A1',0,13,0,1,'in_stock',1,4,0,0,2170,NULL,NULL,NULL,15,17,14,638,NULL,173918,'2025-03-31 21:08:45','2025-03-31 21:08:46',6,0,'Botble\\ACL\\Models\\User',0,NULL,'physical',NULL,NULL,0,0,0,0,2),(35,'Velour Tracksuit Set','Accessorize with this bohemian fringe handbag, featuring intricate details and enough space for your essentials. The perfect boho-chic addition to your collection.','<div class=\"row justify-content-center\">\n    <div class=\"col-xl-10\">\n        <div class=\"tp-product-details-desc-item pb-105\">\n            <div class=\"row\">\n                <div class=\"col-lg-6\">\n                    <div class=\"pt-25\">\n                        <span>Diamond Tennis Bracelet</span>\n                        <h3 class=\"tp-product-details-desc-title\">Timeless Elegance</h3>\n                        <p>\n                            Elevate your style with our exquisite diamond tennis bracelet. Crafted with precision and attention to detail, each sparkling diamond is expertly set in lustrous white gold, creating a piece of jewelry that exudes sophistication and luxury. Whether worn alone or layered with other bracelets, this timeless accessory adds a touch of glamour to any ensemble.\n                        </p>\n                    </div>\n                    <div>\n                        <h3 class=\"tp-product-details-desc-title\">Exceptional Quality</h3>\n                        <p>\n                            Our diamond tennis bracelet is crafted from the finest materials to ensure lasting beauty and brilliance. Each diamond is carefully selected for its clarity, cut, and color, resulting in a piece of jewelry that\'s truly exceptional. Indulge in luxury and elegance with this stunning bracelet that\'s sure to become a cherished heirloom.\n                        </p>\n                    </div>\n                </div>\n                <div class=\"col-lg-6\">\n                    <div class=\"tp-product-details-desc-thumb\">\n                        <img src=\"/storage/jewelry/products/product-1.png\" alt=\"Diamond Tennis Bracelet\">\n                    </div>\n                </div>\n            </div>\n        </div>\n        <div class=\"tp-product-details-desc-item pb-75\">\n            <div class=\"row\">\n                <div class=\"col-lg-7\">\n                    <div class=\"tp-product-details-desc-thumb\">\n                        <img src=\"/storage/jewelry/products/product-2.png\" alt=\"Close-up of Diamond Tennis Bracelet\">\n                    </div>\n                </div>\n\n                <div class=\"col-lg-5 order-first order-lg-last\">\n                    <div class=\"des-content-2 pl-40\">\n                        <h3 class=\"tp-product-details-desc-title\">\n                            Versatile Style\n                        </h3>\n                        <p>\n                            Effortlessly transition from day to night with our versatile diamond tennis bracelet. Whether paired with a casual outfit or a formal gown, it adds a touch of glamour and sophistication to any look. Treat yourself or someone special to this timeless piece that\'s destined to be cherished for years to come.\n                        </p>\n                    </div>\n                </div>\n            </div>\n        </div>\n        <div class=\"tp-product-details-desc-item\">\n            <div class=\"row\">\n                <div class=\"col-xl-12\">\n                    <div class=\"tp-product-details-desc-banner text-center m-img\">\n                        <h3 class=\"tp-product-details-desc-banner-title tp-product-details-desc-title\">Exquisite Craftsmanship</h3>\n                        <img src=\"/storage/jewelry/products/product-3.png\" alt=\"Jewelry Workshop\">\n                    </div>\n                </div>\n            </div>\n        </div>\n    </div>\n</div>\n','published','[\"main\\/products\\/product-2.jpg\",\"main\\/products\\/product-11.jpg\",\"main\\/products\\/product-10.jpg\",\"main\\/products\\/product-1.jpg\",\"main\\/products\\/product-14.jpg\",\"main\\/products\\/product-details-desc-3.jpg\",\"main\\/products\\/product-16.jpg\"]','[[{\"key\":\"file\",\"value\":\"main\\/video\\/video-1.mp4\"},{\"key\":\"url\",\"value\":null},{\"key\":\"thumbnail\",\"value\":\"main\\/video\\/1.jpg\"}]]','UZ-139-A1',0,10,0,1,'in_stock',1,4,0,0,959,NULL,NULL,NULL,19,10,13,706,NULL,132577,'2025-03-31 21:08:45','2025-03-31 21:08:46',6,0,'Botble\\ACL\\Models\\User',0,NULL,'physical',NULL,NULL,0,0,0,0,1),(36,'Geometric Patterned Cardigan (Digital)','Top off your look with this chic fedora hat, crafted with a classic silhouette and a timeless appeal. A must-have accessory for any fashion-forward wardrobe.','<div class=\"row justify-content-center\">\n    <div class=\"col-xl-10\">\n        <div class=\"tp-product-details-desc-item pb-105\">\n            <div class=\"row\">\n                <div class=\"col-lg-6\">\n                    <div class=\"pt-25\">\n                        <span>Diamond Tennis Bracelet</span>\n                        <h3 class=\"tp-product-details-desc-title\">Timeless Elegance</h3>\n                        <p>\n                            Elevate your style with our exquisite diamond tennis bracelet. Crafted with precision and attention to detail, each sparkling diamond is expertly set in lustrous white gold, creating a piece of jewelry that exudes sophistication and luxury. Whether worn alone or layered with other bracelets, this timeless accessory adds a touch of glamour to any ensemble.\n                        </p>\n                    </div>\n                    <div>\n                        <h3 class=\"tp-product-details-desc-title\">Exceptional Quality</h3>\n                        <p>\n                            Our diamond tennis bracelet is crafted from the finest materials to ensure lasting beauty and brilliance. Each diamond is carefully selected for its clarity, cut, and color, resulting in a piece of jewelry that\'s truly exceptional. Indulge in luxury and elegance with this stunning bracelet that\'s sure to become a cherished heirloom.\n                        </p>\n                    </div>\n                </div>\n                <div class=\"col-lg-6\">\n                    <div class=\"tp-product-details-desc-thumb\">\n                        <img src=\"/storage/jewelry/products/product-1.png\" alt=\"Diamond Tennis Bracelet\">\n                    </div>\n                </div>\n            </div>\n        </div>\n        <div class=\"tp-product-details-desc-item pb-75\">\n            <div class=\"row\">\n                <div class=\"col-lg-7\">\n                    <div class=\"tp-product-details-desc-thumb\">\n                        <img src=\"/storage/jewelry/products/product-2.png\" alt=\"Close-up of Diamond Tennis Bracelet\">\n                    </div>\n                </div>\n\n                <div class=\"col-lg-5 order-first order-lg-last\">\n                    <div class=\"des-content-2 pl-40\">\n                        <h3 class=\"tp-product-details-desc-title\">\n                            Versatile Style\n                        </h3>\n                        <p>\n                            Effortlessly transition from day to night with our versatile diamond tennis bracelet. Whether paired with a casual outfit or a formal gown, it adds a touch of glamour and sophistication to any look. Treat yourself or someone special to this timeless piece that\'s destined to be cherished for years to come.\n                        </p>\n                    </div>\n                </div>\n            </div>\n        </div>\n        <div class=\"tp-product-details-desc-item\">\n            <div class=\"row\">\n                <div class=\"col-xl-12\">\n                    <div class=\"tp-product-details-desc-banner text-center m-img\">\n                        <h3 class=\"tp-product-details-desc-banner-title tp-product-details-desc-title\">Exquisite Craftsmanship</h3>\n                        <img src=\"/storage/jewelry/products/product-3.png\" alt=\"Jewelry Workshop\">\n                    </div>\n                </div>\n            </div>\n        </div>\n    </div>\n</div>\n','published','[\"main\\/products\\/product-15.jpg\",\"main\\/products\\/product-16.jpg\",\"main\\/products\\/product-10.jpg\",\"main\\/products\\/product-13.jpg\",\"main\\/products\\/product-1.jpg\",\"main\\/products\\/product-4.jpg\",\"main\\/products\\/product-7.jpg\",\"main\\/products\\/product-details-desc-1.jpg\"]','[[{\"key\":\"file\",\"value\":\"main\\/video\\/video-1.mp4\"},{\"key\":\"url\",\"value\":null},{\"key\":\"thumbnail\",\"value\":\"main\\/video\\/1.jpg\"}]]','CG-152-A1',0,18,0,1,'in_stock',0,5,0,0,828,629.28,NULL,NULL,12,20,19,858,NULL,77942,'2025-03-31 21:08:45','2025-03-31 21:08:46',4,0,'Botble\\ACL\\Models\\User',0,NULL,'digital',NULL,NULL,0,0,0,0,2),(37,'Buckle Detail Ankle Booties','Stay cozy and chic in this knit turtleneck sweater, featuring a ribbed texture and a timeless design. Perfect for chilly days and nights.','<div class=\"row justify-content-center\">\n    <div class=\"col-xl-10\">\n        <div class=\"tp-product-details-desc-item pb-105\">\n            <div class=\"row\">\n                <div class=\"col-lg-6\">\n                    <div class=\"pt-25\">\n                        <span>Diamond Tennis Bracelet</span>\n                        <h3 class=\"tp-product-details-desc-title\">Timeless Elegance</h3>\n                        <p>\n                            Elevate your style with our exquisite diamond tennis bracelet. Crafted with precision and attention to detail, each sparkling diamond is expertly set in lustrous white gold, creating a piece of jewelry that exudes sophistication and luxury. Whether worn alone or layered with other bracelets, this timeless accessory adds a touch of glamour to any ensemble.\n                        </p>\n                    </div>\n                    <div>\n                        <h3 class=\"tp-product-details-desc-title\">Exceptional Quality</h3>\n                        <p>\n                            Our diamond tennis bracelet is crafted from the finest materials to ensure lasting beauty and brilliance. Each diamond is carefully selected for its clarity, cut, and color, resulting in a piece of jewelry that\'s truly exceptional. Indulge in luxury and elegance with this stunning bracelet that\'s sure to become a cherished heirloom.\n                        </p>\n                    </div>\n                </div>\n                <div class=\"col-lg-6\">\n                    <div class=\"tp-product-details-desc-thumb\">\n                        <img src=\"/storage/jewelry/products/product-1.png\" alt=\"Diamond Tennis Bracelet\">\n                    </div>\n                </div>\n            </div>\n        </div>\n        <div class=\"tp-product-details-desc-item pb-75\">\n            <div class=\"row\">\n                <div class=\"col-lg-7\">\n                    <div class=\"tp-product-details-desc-thumb\">\n                        <img src=\"/storage/jewelry/products/product-2.png\" alt=\"Close-up of Diamond Tennis Bracelet\">\n                    </div>\n                </div>\n\n                <div class=\"col-lg-5 order-first order-lg-last\">\n                    <div class=\"des-content-2 pl-40\">\n                        <h3 class=\"tp-product-details-desc-title\">\n                            Versatile Style\n                        </h3>\n                        <p>\n                            Effortlessly transition from day to night with our versatile diamond tennis bracelet. Whether paired with a casual outfit or a formal gown, it adds a touch of glamour and sophistication to any look. Treat yourself or someone special to this timeless piece that\'s destined to be cherished for years to come.\n                        </p>\n                    </div>\n                </div>\n            </div>\n        </div>\n        <div class=\"tp-product-details-desc-item\">\n            <div class=\"row\">\n                <div class=\"col-xl-12\">\n                    <div class=\"tp-product-details-desc-banner text-center m-img\">\n                        <h3 class=\"tp-product-details-desc-banner-title tp-product-details-desc-title\">Exquisite Craftsmanship</h3>\n                        <img src=\"/storage/jewelry/products/product-3.png\" alt=\"Jewelry Workshop\">\n                    </div>\n                </div>\n            </div>\n        </div>\n    </div>\n</div>\n','published','[\"main\\/products\\/product-13.jpg\",\"main\\/products\\/product-11.jpg\",\"main\\/products\\/product-14.jpg\",\"main\\/products\\/product-20.jpg\",\"main\\/products\\/product-8.jpg\",\"main\\/products\\/product-10.jpg\"]','[]','DJ-154-A1',0,14,0,1,'in_stock',1,5,0,0,1302,NULL,NULL,NULL,10,17,19,607,NULL,136071,'2025-03-31 21:08:45','2025-03-31 21:08:46',4,0,'Botble\\ACL\\Models\\User',0,NULL,'physical',NULL,NULL,0,0,0,0,2),(38,'Embroidered Bomber Jacket','Make a bold statement with this chunky necklace, designed to add a touch of glamour to any outfit. The perfect accessory for a night out.','<div class=\"row justify-content-center\">\n    <div class=\"col-xl-10\">\n        <div class=\"tp-product-details-desc-item pb-105\">\n            <div class=\"row\">\n                <div class=\"col-lg-6\">\n                    <div class=\"pt-25\">\n                        <span>Diamond Tennis Bracelet</span>\n                        <h3 class=\"tp-product-details-desc-title\">Timeless Elegance</h3>\n                        <p>\n                            Elevate your style with our exquisite diamond tennis bracelet. Crafted with precision and attention to detail, each sparkling diamond is expertly set in lustrous white gold, creating a piece of jewelry that exudes sophistication and luxury. Whether worn alone or layered with other bracelets, this timeless accessory adds a touch of glamour to any ensemble.\n                        </p>\n                    </div>\n                    <div>\n                        <h3 class=\"tp-product-details-desc-title\">Exceptional Quality</h3>\n                        <p>\n                            Our diamond tennis bracelet is crafted from the finest materials to ensure lasting beauty and brilliance. Each diamond is carefully selected for its clarity, cut, and color, resulting in a piece of jewelry that\'s truly exceptional. Indulge in luxury and elegance with this stunning bracelet that\'s sure to become a cherished heirloom.\n                        </p>\n                    </div>\n                </div>\n                <div class=\"col-lg-6\">\n                    <div class=\"tp-product-details-desc-thumb\">\n                        <img src=\"/storage/jewelry/products/product-1.png\" alt=\"Diamond Tennis Bracelet\">\n                    </div>\n                </div>\n            </div>\n        </div>\n        <div class=\"tp-product-details-desc-item pb-75\">\n            <div class=\"row\">\n                <div class=\"col-lg-7\">\n                    <div class=\"tp-product-details-desc-thumb\">\n                        <img src=\"/storage/jewelry/products/product-2.png\" alt=\"Close-up of Diamond Tennis Bracelet\">\n                    </div>\n                </div>\n\n                <div class=\"col-lg-5 order-first order-lg-last\">\n                    <div class=\"des-content-2 pl-40\">\n                        <h3 class=\"tp-product-details-desc-title\">\n                            Versatile Style\n                        </h3>\n                        <p>\n                            Effortlessly transition from day to night with our versatile diamond tennis bracelet. Whether paired with a casual outfit or a formal gown, it adds a touch of glamour and sophistication to any look. Treat yourself or someone special to this timeless piece that\'s destined to be cherished for years to come.\n                        </p>\n                    </div>\n                </div>\n            </div>\n        </div>\n        <div class=\"tp-product-details-desc-item\">\n            <div class=\"row\">\n                <div class=\"col-xl-12\">\n                    <div class=\"tp-product-details-desc-banner text-center m-img\">\n                        <h3 class=\"tp-product-details-desc-banner-title tp-product-details-desc-title\">Exquisite Craftsmanship</h3>\n                        <img src=\"/storage/jewelry/products/product-3.png\" alt=\"Jewelry Workshop\">\n                    </div>\n                </div>\n            </div>\n        </div>\n    </div>\n</div>\n','published','[\"main\\/products\\/product-20.jpg\",\"main\\/products\\/product-16.jpg\",\"main\\/products\\/product-5.jpg\",\"main\\/products\\/product-1.jpg\",\"main\\/products\\/product-9.jpg\"]','[[{\"key\":\"file\",\"value\":null},{\"key\":\"url\",\"value\":\"https:\\/\\/www.youtube.com\\/watch?v=6JYIGclVQdw\"},{\"key\":\"thumbnail\",\"value\":\"main\\/video\\/2.jpg\"}]]','1R-150',0,17,0,1,'in_stock',0,2,0,0,1827,839,NULL,NULL,17,19,13,726,NULL,150858,'2025-03-31 21:08:45','2025-03-31 21:08:46',8,0,'Botble\\ACL\\Models\\User',0,NULL,'physical',NULL,NULL,0,0,0,0,1),(39,'Cowl Neck Knit Poncho','Make a statement in this floral maxi dress, perfect for summer events or a casual day out. The flowy silhouette and vibrant print will turn heads wherever you go.','<div class=\"row justify-content-center\">\n    <div class=\"col-xl-10\">\n        <div class=\"tp-product-details-desc-item pb-105\">\n            <div class=\"row\">\n                <div class=\"col-lg-6\">\n                    <div class=\"pt-25\">\n                        <span>Diamond Tennis Bracelet</span>\n                        <h3 class=\"tp-product-details-desc-title\">Timeless Elegance</h3>\n                        <p>\n                            Elevate your style with our exquisite diamond tennis bracelet. Crafted with precision and attention to detail, each sparkling diamond is expertly set in lustrous white gold, creating a piece of jewelry that exudes sophistication and luxury. Whether worn alone or layered with other bracelets, this timeless accessory adds a touch of glamour to any ensemble.\n                        </p>\n                    </div>\n                    <div>\n                        <h3 class=\"tp-product-details-desc-title\">Exceptional Quality</h3>\n                        <p>\n                            Our diamond tennis bracelet is crafted from the finest materials to ensure lasting beauty and brilliance. Each diamond is carefully selected for its clarity, cut, and color, resulting in a piece of jewelry that\'s truly exceptional. Indulge in luxury and elegance with this stunning bracelet that\'s sure to become a cherished heirloom.\n                        </p>\n                    </div>\n                </div>\n                <div class=\"col-lg-6\">\n                    <div class=\"tp-product-details-desc-thumb\">\n                        <img src=\"/storage/jewelry/products/product-1.png\" alt=\"Diamond Tennis Bracelet\">\n                    </div>\n                </div>\n            </div>\n        </div>\n        <div class=\"tp-product-details-desc-item pb-75\">\n            <div class=\"row\">\n                <div class=\"col-lg-7\">\n                    <div class=\"tp-product-details-desc-thumb\">\n                        <img src=\"/storage/jewelry/products/product-2.png\" alt=\"Close-up of Diamond Tennis Bracelet\">\n                    </div>\n                </div>\n\n                <div class=\"col-lg-5 order-first order-lg-last\">\n                    <div class=\"des-content-2 pl-40\">\n                        <h3 class=\"tp-product-details-desc-title\">\n                            Versatile Style\n                        </h3>\n                        <p>\n                            Effortlessly transition from day to night with our versatile diamond tennis bracelet. Whether paired with a casual outfit or a formal gown, it adds a touch of glamour and sophistication to any look. Treat yourself or someone special to this timeless piece that\'s destined to be cherished for years to come.\n                        </p>\n                    </div>\n                </div>\n            </div>\n        </div>\n        <div class=\"tp-product-details-desc-item\">\n            <div class=\"row\">\n                <div class=\"col-xl-12\">\n                    <div class=\"tp-product-details-desc-banner text-center m-img\">\n                        <h3 class=\"tp-product-details-desc-banner-title tp-product-details-desc-title\">Exquisite Craftsmanship</h3>\n                        <img src=\"/storage/jewelry/products/product-3.png\" alt=\"Jewelry Workshop\">\n                    </div>\n                </div>\n            </div>\n        </div>\n    </div>\n</div>\n','published','[\"main\\/products\\/product-10.jpg\",\"main\\/products\\/product-6.jpg\",\"main\\/products\\/product-12.jpg\",\"main\\/products\\/product-11.jpg\",\"main\\/products\\/product-2.jpg\"]','[[{\"key\":\"file\",\"value\":null},{\"key\":\"url\",\"value\":\"https:\\/\\/www.youtube.com\\/watch?v=6JYIGclVQdw\"},{\"key\":\"thumbnail\",\"value\":\"main\\/video\\/2.jpg\"}]]','T8-198-A1',0,17,0,1,'in_stock',1,1,0,0,2304,NULL,NULL,NULL,19,18,12,785,NULL,170784,'2025-03-31 21:08:45','2025-03-31 21:08:46',8,0,'Botble\\ACL\\Models\\User',0,NULL,'physical',NULL,NULL,0,0,0,0,1),(40,'Chunky Knit Infinity Scarf (Digital)','Step out in style with these leather ankle boots, crafted with a sleek design and comfortable block heel. Versatile enough to pair with both dresses and jeans.','<div class=\"row justify-content-center\">\n    <div class=\"col-xl-10\">\n        <div class=\"tp-product-details-desc-item pb-105\">\n            <div class=\"row\">\n                <div class=\"col-lg-6\">\n                    <div class=\"pt-25\">\n                        <span>Diamond Tennis Bracelet</span>\n                        <h3 class=\"tp-product-details-desc-title\">Timeless Elegance</h3>\n                        <p>\n                            Elevate your style with our exquisite diamond tennis bracelet. Crafted with precision and attention to detail, each sparkling diamond is expertly set in lustrous white gold, creating a piece of jewelry that exudes sophistication and luxury. Whether worn alone or layered with other bracelets, this timeless accessory adds a touch of glamour to any ensemble.\n                        </p>\n                    </div>\n                    <div>\n                        <h3 class=\"tp-product-details-desc-title\">Exceptional Quality</h3>\n                        <p>\n                            Our diamond tennis bracelet is crafted from the finest materials to ensure lasting beauty and brilliance. Each diamond is carefully selected for its clarity, cut, and color, resulting in a piece of jewelry that\'s truly exceptional. Indulge in luxury and elegance with this stunning bracelet that\'s sure to become a cherished heirloom.\n                        </p>\n                    </div>\n                </div>\n                <div class=\"col-lg-6\">\n                    <div class=\"tp-product-details-desc-thumb\">\n                        <img src=\"/storage/jewelry/products/product-1.png\" alt=\"Diamond Tennis Bracelet\">\n                    </div>\n                </div>\n            </div>\n        </div>\n        <div class=\"tp-product-details-desc-item pb-75\">\n            <div class=\"row\">\n                <div class=\"col-lg-7\">\n                    <div class=\"tp-product-details-desc-thumb\">\n                        <img src=\"/storage/jewelry/products/product-2.png\" alt=\"Close-up of Diamond Tennis Bracelet\">\n                    </div>\n                </div>\n\n                <div class=\"col-lg-5 order-first order-lg-last\">\n                    <div class=\"des-content-2 pl-40\">\n                        <h3 class=\"tp-product-details-desc-title\">\n                            Versatile Style\n                        </h3>\n                        <p>\n                            Effortlessly transition from day to night with our versatile diamond tennis bracelet. Whether paired with a casual outfit or a formal gown, it adds a touch of glamour and sophistication to any look. Treat yourself or someone special to this timeless piece that\'s destined to be cherished for years to come.\n                        </p>\n                    </div>\n                </div>\n            </div>\n        </div>\n        <div class=\"tp-product-details-desc-item\">\n            <div class=\"row\">\n                <div class=\"col-xl-12\">\n                    <div class=\"tp-product-details-desc-banner text-center m-img\">\n                        <h3 class=\"tp-product-details-desc-banner-title tp-product-details-desc-title\">Exquisite Craftsmanship</h3>\n                        <img src=\"/storage/jewelry/products/product-3.png\" alt=\"Jewelry Workshop\">\n                    </div>\n                </div>\n            </div>\n        </div>\n    </div>\n</div>\n','published','[\"main\\/products\\/product-3.jpg\",\"main\\/products\\/product-6.jpg\",\"main\\/products\\/product-13.jpg\",\"main\\/products\\/product-9.jpg\",\"main\\/products\\/product-7.jpg\",\"main\\/products\\/product-20.jpg\",\"main\\/products\\/product-2.jpg\"]','[[{\"key\":\"file\",\"value\":\"main\\/video\\/video-1.mp4\"},{\"key\":\"url\",\"value\":null},{\"key\":\"thumbnail\",\"value\":\"main\\/video\\/1.jpg\"}]]','V7-117-A1',0,10,0,1,'in_stock',1,4,0,0,990,782.1,NULL,NULL,13,11,10,840,NULL,84721,'2025-03-31 21:08:45','2025-03-31 21:08:46',5,0,'Botble\\ACL\\Models\\User',0,NULL,'digital',NULL,NULL,0,0,0,0,2),(41,'Retro High-Top Sneakers','Stay cozy and chic in this knit turtleneck sweater, featuring a ribbed texture and a timeless design. Perfect for chilly days and nights.','<div class=\"row justify-content-center\">\n    <div class=\"col-xl-10\">\n        <div class=\"tp-product-details-desc-item pb-105\">\n            <div class=\"row\">\n                <div class=\"col-lg-6\">\n                    <div class=\"pt-25\">\n                        <span>Diamond Tennis Bracelet</span>\n                        <h3 class=\"tp-product-details-desc-title\">Timeless Elegance</h3>\n                        <p>\n                            Elevate your style with our exquisite diamond tennis bracelet. Crafted with precision and attention to detail, each sparkling diamond is expertly set in lustrous white gold, creating a piece of jewelry that exudes sophistication and luxury. Whether worn alone or layered with other bracelets, this timeless accessory adds a touch of glamour to any ensemble.\n                        </p>\n                    </div>\n                    <div>\n                        <h3 class=\"tp-product-details-desc-title\">Exceptional Quality</h3>\n                        <p>\n                            Our diamond tennis bracelet is crafted from the finest materials to ensure lasting beauty and brilliance. Each diamond is carefully selected for its clarity, cut, and color, resulting in a piece of jewelry that\'s truly exceptional. Indulge in luxury and elegance with this stunning bracelet that\'s sure to become a cherished heirloom.\n                        </p>\n                    </div>\n                </div>\n                <div class=\"col-lg-6\">\n                    <div class=\"tp-product-details-desc-thumb\">\n                        <img src=\"/storage/jewelry/products/product-1.png\" alt=\"Diamond Tennis Bracelet\">\n                    </div>\n                </div>\n            </div>\n        </div>\n        <div class=\"tp-product-details-desc-item pb-75\">\n            <div class=\"row\">\n                <div class=\"col-lg-7\">\n                    <div class=\"tp-product-details-desc-thumb\">\n                        <img src=\"/storage/jewelry/products/product-2.png\" alt=\"Close-up of Diamond Tennis Bracelet\">\n                    </div>\n                </div>\n\n                <div class=\"col-lg-5 order-first order-lg-last\">\n                    <div class=\"des-content-2 pl-40\">\n                        <h3 class=\"tp-product-details-desc-title\">\n                            Versatile Style\n                        </h3>\n                        <p>\n                            Effortlessly transition from day to night with our versatile diamond tennis bracelet. Whether paired with a casual outfit or a formal gown, it adds a touch of glamour and sophistication to any look. Treat yourself or someone special to this timeless piece that\'s destined to be cherished for years to come.\n                        </p>\n                    </div>\n                </div>\n            </div>\n        </div>\n        <div class=\"tp-product-details-desc-item\">\n            <div class=\"row\">\n                <div class=\"col-xl-12\">\n                    <div class=\"tp-product-details-desc-banner text-center m-img\">\n                        <h3 class=\"tp-product-details-desc-banner-title tp-product-details-desc-title\">Exquisite Craftsmanship</h3>\n                        <img src=\"/storage/jewelry/products/product-3.png\" alt=\"Jewelry Workshop\">\n                    </div>\n                </div>\n            </div>\n        </div>\n    </div>\n</div>\n','published','[\"main\\/products\\/product-19.jpg\",\"main\\/products\\/product-13.jpg\",\"main\\/products\\/product-8.jpg\",\"main\\/products\\/product-3.jpg\",\"main\\/products\\/product-10.jpg\",\"main\\/products\\/product-11.jpg\",\"main\\/products\\/product-6.jpg\"]','[[{\"key\":\"file\",\"value\":null},{\"key\":\"url\",\"value\":\"https:\\/\\/www.youtube.com\\/watch?v=6JYIGclVQdw\"},{\"key\":\"thumbnail\",\"value\":\"main\\/video\\/2.jpg\"}]]','CV-114-A1',0,12,0,1,'in_stock',0,5,0,0,831,NULL,NULL,NULL,12,14,12,717,NULL,148557,'2025-03-31 21:08:45','2025-03-31 21:08:46',5,0,'Botble\\ACL\\Models\\User',0,NULL,'physical',NULL,NULL,0,0,0,0,2),(42,'Faux Leather Leggings','Achieve a polished look with this tailored wool blazer, designed for a flattering fit and versatile enough for both work and casual outings.','<div class=\"row justify-content-center\">\n    <div class=\"col-xl-10\">\n        <div class=\"tp-product-details-desc-item pb-105\">\n            <div class=\"row\">\n                <div class=\"col-lg-6\">\n                    <div class=\"pt-25\">\n                        <span>Diamond Tennis Bracelet</span>\n                        <h3 class=\"tp-product-details-desc-title\">Timeless Elegance</h3>\n                        <p>\n                            Elevate your style with our exquisite diamond tennis bracelet. Crafted with precision and attention to detail, each sparkling diamond is expertly set in lustrous white gold, creating a piece of jewelry that exudes sophistication and luxury. Whether worn alone or layered with other bracelets, this timeless accessory adds a touch of glamour to any ensemble.\n                        </p>\n                    </div>\n                    <div>\n                        <h3 class=\"tp-product-details-desc-title\">Exceptional Quality</h3>\n                        <p>\n                            Our diamond tennis bracelet is crafted from the finest materials to ensure lasting beauty and brilliance. Each diamond is carefully selected for its clarity, cut, and color, resulting in a piece of jewelry that\'s truly exceptional. Indulge in luxury and elegance with this stunning bracelet that\'s sure to become a cherished heirloom.\n                        </p>\n                    </div>\n                </div>\n                <div class=\"col-lg-6\">\n                    <div class=\"tp-product-details-desc-thumb\">\n                        <img src=\"/storage/jewelry/products/product-1.png\" alt=\"Diamond Tennis Bracelet\">\n                    </div>\n                </div>\n            </div>\n        </div>\n        <div class=\"tp-product-details-desc-item pb-75\">\n            <div class=\"row\">\n                <div class=\"col-lg-7\">\n                    <div class=\"tp-product-details-desc-thumb\">\n                        <img src=\"/storage/jewelry/products/product-2.png\" alt=\"Close-up of Diamond Tennis Bracelet\">\n                    </div>\n                </div>\n\n                <div class=\"col-lg-5 order-first order-lg-last\">\n                    <div class=\"des-content-2 pl-40\">\n                        <h3 class=\"tp-product-details-desc-title\">\n                            Versatile Style\n                        </h3>\n                        <p>\n                            Effortlessly transition from day to night with our versatile diamond tennis bracelet. Whether paired with a casual outfit or a formal gown, it adds a touch of glamour and sophistication to any look. Treat yourself or someone special to this timeless piece that\'s destined to be cherished for years to come.\n                        </p>\n                    </div>\n                </div>\n            </div>\n        </div>\n        <div class=\"tp-product-details-desc-item\">\n            <div class=\"row\">\n                <div class=\"col-xl-12\">\n                    <div class=\"tp-product-details-desc-banner text-center m-img\">\n                        <h3 class=\"tp-product-details-desc-banner-title tp-product-details-desc-title\">Exquisite Craftsmanship</h3>\n                        <img src=\"/storage/jewelry/products/product-3.png\" alt=\"Jewelry Workshop\">\n                    </div>\n                </div>\n            </div>\n        </div>\n    </div>\n</div>\n','published','[\"main\\/products\\/product-4.jpg\",\"main\\/products\\/product-14.jpg\",\"main\\/products\\/product-details-desc-1.jpg\",\"main\\/products\\/product-20.jpg\",\"main\\/products\\/product-5.jpg\",\"main\\/products\\/product-2.jpg\",\"main\\/products\\/product-10.jpg\",\"main\\/products\\/product-8.jpg\"]','[[{\"key\":\"file\",\"value\":\"main\\/video\\/video-1.mp4\"},{\"key\":\"url\",\"value\":null},{\"key\":\"thumbnail\",\"value\":\"main\\/video\\/1.jpg\"}]]','JK-106',0,18,0,1,'in_stock',0,3,0,0,2146,355,NULL,NULL,18,16,10,609,NULL,66468,'2025-03-31 21:08:45','2025-03-31 21:08:46',5,0,'Botble\\ACL\\Models\\User',0,NULL,'physical',NULL,NULL,0,0,0,0,2),(43,'Metallic Pleated Maxi Skirt','Top off your look with this chic fedora hat, crafted with a classic silhouette and a timeless appeal. A must-have accessory for any fashion-forward wardrobe.','<div class=\"row justify-content-center\">\n    <div class=\"col-xl-10\">\n        <div class=\"tp-product-details-desc-item pb-105\">\n            <div class=\"row\">\n                <div class=\"col-lg-6\">\n                    <div class=\"pt-25\">\n                        <span>Diamond Tennis Bracelet</span>\n                        <h3 class=\"tp-product-details-desc-title\">Timeless Elegance</h3>\n                        <p>\n                            Elevate your style with our exquisite diamond tennis bracelet. Crafted with precision and attention to detail, each sparkling diamond is expertly set in lustrous white gold, creating a piece of jewelry that exudes sophistication and luxury. Whether worn alone or layered with other bracelets, this timeless accessory adds a touch of glamour to any ensemble.\n                        </p>\n                    </div>\n                    <div>\n                        <h3 class=\"tp-product-details-desc-title\">Exceptional Quality</h3>\n                        <p>\n                            Our diamond tennis bracelet is crafted from the finest materials to ensure lasting beauty and brilliance. Each diamond is carefully selected for its clarity, cut, and color, resulting in a piece of jewelry that\'s truly exceptional. Indulge in luxury and elegance with this stunning bracelet that\'s sure to become a cherished heirloom.\n                        </p>\n                    </div>\n                </div>\n                <div class=\"col-lg-6\">\n                    <div class=\"tp-product-details-desc-thumb\">\n                        <img src=\"/storage/jewelry/products/product-1.png\" alt=\"Diamond Tennis Bracelet\">\n                    </div>\n                </div>\n            </div>\n        </div>\n        <div class=\"tp-product-details-desc-item pb-75\">\n            <div class=\"row\">\n                <div class=\"col-lg-7\">\n                    <div class=\"tp-product-details-desc-thumb\">\n                        <img src=\"/storage/jewelry/products/product-2.png\" alt=\"Close-up of Diamond Tennis Bracelet\">\n                    </div>\n                </div>\n\n                <div class=\"col-lg-5 order-first order-lg-last\">\n                    <div class=\"des-content-2 pl-40\">\n                        <h3 class=\"tp-product-details-desc-title\">\n                            Versatile Style\n                        </h3>\n                        <p>\n                            Effortlessly transition from day to night with our versatile diamond tennis bracelet. Whether paired with a casual outfit or a formal gown, it adds a touch of glamour and sophistication to any look. Treat yourself or someone special to this timeless piece that\'s destined to be cherished for years to come.\n                        </p>\n                    </div>\n                </div>\n            </div>\n        </div>\n        <div class=\"tp-product-details-desc-item\">\n            <div class=\"row\">\n                <div class=\"col-xl-12\">\n                    <div class=\"tp-product-details-desc-banner text-center m-img\">\n                        <h3 class=\"tp-product-details-desc-banner-title tp-product-details-desc-title\">Exquisite Craftsmanship</h3>\n                        <img src=\"/storage/jewelry/products/product-3.png\" alt=\"Jewelry Workshop\">\n                    </div>\n                </div>\n            </div>\n        </div>\n    </div>\n</div>\n','published','[\"main\\/products\\/product-9.jpg\",\"main\\/products\\/product-4.jpg\",\"main\\/products\\/product-19.jpg\"]','[[{\"key\":\"file\",\"value\":null},{\"key\":\"url\",\"value\":\"https:\\/\\/www.youtube.com\\/watch?v=6JYIGclVQdw\"},{\"key\":\"thumbnail\",\"value\":\"main\\/video\\/1.jpg\"}]]','LL-162',0,16,0,1,'in_stock',0,4,0,0,259,207,NULL,NULL,16,20,20,817,NULL,41995,'2025-03-31 21:08:45','2025-03-31 21:08:46',7,0,'Botble\\ACL\\Models\\User',0,NULL,'physical',NULL,NULL,0,0,0,0,2),(44,'Floral Maxi Dress',NULL,NULL,'published','[\"main\\/products\\/product-3.jpg\"]',NULL,'RG-186-A1',0,17,0,1,'in_stock',0,2,1,0,2087,NULL,NULL,NULL,19,16,19,504,NULL,0,'2025-03-31 21:08:45','2025-03-31 21:08:46',NULL,0,'Botble\\ACL\\Models\\User',0,NULL,'physical',NULL,NULL,0,0,0,0,NULL),(45,'Floral Maxi Dress',NULL,NULL,'published','[\"main\\/products\\/product-details-desc-2.jpg\"]',NULL,'RG-186-A1-A2',0,17,0,1,'in_stock',0,2,1,0,2087,NULL,NULL,NULL,19,16,19,504,NULL,0,'2025-03-31 21:08:45','2025-03-31 21:08:46',NULL,0,'Botble\\ACL\\Models\\User',0,NULL,'physical',NULL,NULL,0,0,0,0,NULL),(46,'Floral Maxi Dress',NULL,NULL,'published','[\"main\\/products\\/product-9.jpg\"]',NULL,'RG-186-A1-A3',0,17,0,1,'in_stock',0,2,1,0,2087,NULL,NULL,NULL,19,16,19,504,NULL,0,'2025-03-31 21:08:45','2025-03-31 21:08:46',NULL,0,'Botble\\ACL\\Models\\User',0,NULL,'physical',NULL,NULL,0,0,0,0,NULL),(47,'Leather Ankle Boots',NULL,NULL,'published','[\"main\\/products\\/product-19.jpg\"]',NULL,'CK-139-A1',0,20,0,1,'in_stock',0,1,1,0,1294,NULL,NULL,NULL,18,14,15,502,NULL,0,'2025-03-31 21:08:45','2025-03-31 21:08:46',NULL,0,'Botble\\ACL\\Models\\User',0,NULL,'physical',NULL,NULL,0,0,0,0,NULL),(48,'Leather Ankle Boots',NULL,NULL,'published','[\"main\\/products\\/product-4.jpg\"]',NULL,'CK-139-A1-A2',0,20,0,1,'in_stock',0,1,1,0,1294,NULL,NULL,NULL,18,14,15,502,NULL,0,'2025-03-31 21:08:45','2025-03-31 21:08:46',NULL,0,'Botble\\ACL\\Models\\User',0,NULL,'physical',NULL,NULL,0,0,0,0,NULL),(49,'Leather Ankle Boots',NULL,NULL,'published','[\"main\\/products\\/product-14.jpg\"]',NULL,'CK-139-A1-A3',0,20,0,1,'in_stock',0,1,1,0,1294,NULL,NULL,NULL,18,14,15,502,NULL,0,'2025-03-31 21:08:45','2025-03-31 21:08:46',NULL,0,'Botble\\ACL\\Models\\User',0,NULL,'physical',NULL,NULL,0,0,0,0,NULL),(50,'Knit Turtleneck Sweater (Digital)',NULL,NULL,'published','[\"main\\/products\\/product-11.jpg\"]',NULL,'A4-182-A1',0,13,0,1,'in_stock',0,2,1,0,1885,1677.65,NULL,NULL,16,18,16,768,NULL,0,'2025-03-31 21:08:45','2025-03-31 21:08:46',NULL,0,'Botble\\ACL\\Models\\User',0,NULL,'digital',NULL,NULL,0,0,0,0,NULL),(51,'Knit Turtleneck Sweater (Digital)',NULL,NULL,'published','[\"main\\/products\\/product-15.jpg\"]',NULL,'A4-182-A1-A2',0,13,0,1,'in_stock',0,2,1,0,1885,1526.85,NULL,NULL,16,18,16,768,NULL,0,'2025-03-31 21:08:45','2025-03-31 21:08:46',NULL,0,'Botble\\ACL\\Models\\User',0,NULL,'digital',NULL,NULL,0,0,0,0,NULL),(52,'Tailored Wool Blazer',NULL,NULL,'published','[\"main\\/products\\/product-15.jpg\"]',NULL,'KQ-157-A1',0,14,0,1,'in_stock',0,2,1,0,2020,NULL,NULL,NULL,19,10,11,814,NULL,0,'2025-03-31 21:08:45','2025-03-31 21:08:46',NULL,0,'Botble\\ACL\\Models\\User',0,NULL,'physical',NULL,NULL,0,0,0,0,NULL),(53,'Tailored Wool Blazer',NULL,NULL,'published','[\"main\\/products\\/product-17.jpg\"]',NULL,'KQ-157-A1-A2',0,14,0,1,'in_stock',0,2,1,0,2020,NULL,NULL,NULL,19,10,11,814,NULL,0,'2025-03-31 21:08:45','2025-03-31 21:08:46',NULL,0,'Botble\\ACL\\Models\\User',0,NULL,'physical',NULL,NULL,0,0,0,0,NULL),(54,'Tailored Wool Blazer',NULL,NULL,'published','[\"main\\/products\\/product-18.jpg\"]',NULL,'KQ-157-A1-A3',0,14,0,1,'in_stock',0,2,1,0,2020,NULL,NULL,NULL,19,10,11,814,NULL,0,'2025-03-31 21:08:45','2025-03-31 21:08:46',NULL,0,'Botble\\ACL\\Models\\User',0,NULL,'physical',NULL,NULL,0,0,0,0,NULL),(55,'Bohemian Fringe Handbag',NULL,NULL,'published','[\"main\\/products\\/product-10.jpg\"]',NULL,'MJ-151-A1',0,12,0,1,'in_stock',0,4,1,0,2246,NULL,NULL,NULL,19,17,10,850,NULL,0,'2025-03-31 21:08:45','2025-03-31 21:08:46',NULL,0,'Botble\\ACL\\Models\\User',0,NULL,'physical',NULL,NULL,0,0,0,0,NULL),(56,'Bohemian Fringe Handbag',NULL,NULL,'published','[\"main\\/products\\/product-16.jpg\"]',NULL,'MJ-151-A1-A2',0,12,0,1,'in_stock',0,4,1,0,2246,NULL,NULL,NULL,19,17,10,850,NULL,0,'2025-03-31 21:08:45','2025-03-31 21:08:46',NULL,0,'Botble\\ACL\\Models\\User',0,NULL,'physical',NULL,NULL,0,0,0,0,NULL),(57,'Bohemian Fringe Handbag',NULL,NULL,'published','[\"main\\/products\\/product-12.jpg\"]',NULL,'MJ-151-A1-A3',0,12,0,1,'in_stock',0,4,1,0,2246,NULL,NULL,NULL,19,17,10,850,NULL,0,'2025-03-31 21:08:45','2025-03-31 21:08:46',NULL,0,'Botble\\ACL\\Models\\User',0,NULL,'physical',NULL,NULL,0,0,0,0,NULL),(58,'High-Waisted Wide Leg Trousers',NULL,NULL,'published','[\"main\\/products\\/product-9.jpg\"]',NULL,'YH-194-A1',0,13,0,1,'in_stock',0,1,1,0,2246,NULL,NULL,NULL,16,11,12,789,NULL,0,'2025-03-31 21:08:45','2025-03-31 21:08:46',NULL,0,'Botble\\ACL\\Models\\User',0,NULL,'physical',NULL,NULL,0,0,0,0,NULL),(59,'Chic Fedora Hat (Digital)',NULL,NULL,'published','[\"main\\/products\\/product-8.jpg\"]',NULL,'EW-173-A1',0,19,0,1,'in_stock',0,1,1,0,1942,1631.28,NULL,NULL,16,14,12,891,NULL,0,'2025-03-31 21:08:45','2025-03-31 21:08:46',NULL,0,'Botble\\ACL\\Models\\User',0,NULL,'digital',NULL,NULL,0,0,0,0,NULL),(60,'Chic Fedora Hat (Digital)',NULL,NULL,'published','[\"main\\/products\\/product-12.jpg\"]',NULL,'EW-173-A1-A2',0,19,0,1,'in_stock',0,1,1,0,1942,1553.6,NULL,NULL,16,14,12,891,NULL,0,'2025-03-31 21:08:45','2025-03-31 21:08:46',NULL,0,'Botble\\ACL\\Models\\User',0,NULL,'digital',NULL,NULL,0,0,0,0,NULL),(61,'Chic Fedora Hat (Digital)',NULL,NULL,'published','[\"main\\/products\\/product-17.jpg\"]',NULL,'EW-173-A1-A3',0,19,0,1,'in_stock',0,1,1,0,1942,1534.18,NULL,NULL,16,14,12,891,NULL,0,'2025-03-31 21:08:45','2025-03-31 21:08:46',NULL,0,'Botble\\ACL\\Models\\User',0,NULL,'digital',NULL,NULL,0,0,0,0,NULL),(62,'Chic Fedora Hat (Digital)',NULL,NULL,'published','[\"main\\/products\\/product-2.jpg\"]',NULL,'EW-173-A1-A4',0,19,0,1,'in_stock',0,1,1,0,1942,1534.18,NULL,NULL,16,14,12,891,NULL,0,'2025-03-31 21:08:45','2025-03-31 21:08:46',NULL,0,'Botble\\ACL\\Models\\User',0,NULL,'digital',NULL,NULL,0,0,0,0,NULL),(63,'Strappy Block Heel Sandals',NULL,NULL,'published','[\"main\\/products\\/product-details-desc-1.jpg\"]',NULL,'YF-161-A1',0,17,0,1,'in_stock',0,2,1,0,1865,NULL,NULL,NULL,19,19,13,709,NULL,0,'2025-03-31 21:08:46','2025-03-31 21:08:46',NULL,0,'Botble\\ACL\\Models\\User',0,NULL,'physical',NULL,NULL,0,0,0,0,NULL),(64,'Strappy Block Heel Sandals',NULL,NULL,'published','[\"main\\/products\\/product-2.jpg\"]',NULL,'YF-161-A1-A2',0,17,0,1,'in_stock',0,2,1,0,1865,NULL,NULL,NULL,19,19,13,709,NULL,0,'2025-03-31 21:08:46','2025-03-31 21:08:46',NULL,0,'Botble\\ACL\\Models\\User',0,NULL,'physical',NULL,NULL,0,0,0,0,NULL),(65,'Strappy Block Heel Sandals',NULL,NULL,'published','[\"main\\/products\\/product-18.jpg\"]',NULL,'YF-161-A1-A3',0,17,0,1,'in_stock',0,2,1,0,1865,NULL,NULL,NULL,19,19,13,709,NULL,0,'2025-03-31 21:08:46','2025-03-31 21:08:46',NULL,0,'Botble\\ACL\\Models\\User',0,NULL,'physical',NULL,NULL,0,0,0,0,NULL),(66,'Velvet Evening Gown',NULL,NULL,'published','[\"main\\/products\\/product-20.jpg\"]',NULL,'F5-132-A1',0,15,0,1,'in_stock',0,5,1,0,310,NULL,NULL,NULL,20,16,14,645,NULL,0,'2025-03-31 21:08:46','2025-03-31 21:08:46',NULL,0,'Botble\\ACL\\Models\\User',0,NULL,'physical',NULL,NULL,0,0,0,0,NULL),(67,'Velvet Evening Gown',NULL,NULL,'published','[\"main\\/products\\/product-12.jpg\"]',NULL,'F5-132-A1-A2',0,15,0,1,'in_stock',0,5,1,0,310,NULL,NULL,NULL,20,16,14,645,NULL,0,'2025-03-31 21:08:46','2025-03-31 21:08:46',NULL,0,'Botble\\ACL\\Models\\User',0,NULL,'physical',NULL,NULL,0,0,0,0,NULL),(68,'Velvet Evening Gown',NULL,NULL,'published','[\"main\\/products\\/product-3.jpg\"]',NULL,'F5-132-A1-A3',0,15,0,1,'in_stock',0,5,1,0,310,NULL,NULL,NULL,20,16,14,645,NULL,0,'2025-03-31 21:08:46','2025-03-31 21:08:46',NULL,0,'Botble\\ACL\\Models\\User',0,NULL,'physical',NULL,NULL,0,0,0,0,NULL),(69,'Quilted Crossbody Bag',NULL,NULL,'published','[\"main\\/products\\/product-3.jpg\"]',NULL,'BH-147-A1',0,15,0,1,'in_stock',0,3,1,0,901,NULL,NULL,NULL,11,12,16,667,NULL,0,'2025-03-31 21:08:46','2025-03-31 21:08:46',NULL,0,'Botble\\ACL\\Models\\User',0,NULL,'physical',NULL,NULL,0,0,0,0,NULL),(70,'Cotton Striped T-Shirt Dress',NULL,NULL,'published','[\"main\\/products\\/product-7.jpg\"]',NULL,'ES-139-A1',0,18,0,1,'in_stock',0,5,1,0,1301,NULL,NULL,NULL,16,16,19,697,NULL,0,'2025-03-31 21:08:46','2025-03-31 21:08:46',NULL,0,'Botble\\ACL\\Models\\User',0,NULL,'physical',NULL,NULL,0,0,0,0,NULL),(71,'Cotton Striped T-Shirt Dress',NULL,NULL,'published','[\"main\\/products\\/product-8.jpg\"]',NULL,'ES-139-A1-A2',0,18,0,1,'in_stock',0,5,1,0,1301,NULL,NULL,NULL,16,16,19,697,NULL,0,'2025-03-31 21:08:46','2025-03-31 21:08:46',NULL,0,'Botble\\ACL\\Models\\User',0,NULL,'physical',NULL,NULL,0,0,0,0,NULL),(72,'Cotton Striped T-Shirt Dress',NULL,NULL,'published','[\"main\\/products\\/product-details-desc-1.jpg\"]',NULL,'ES-139-A1-A3',0,18,0,1,'in_stock',0,5,1,0,1301,NULL,NULL,NULL,16,16,19,697,NULL,0,'2025-03-31 21:08:46','2025-03-31 21:08:46',NULL,0,'Botble\\ACL\\Models\\User',0,NULL,'physical',NULL,NULL,0,0,0,0,NULL),(73,'Cropped Cable Knit Sweater',NULL,NULL,'published','[\"main\\/products\\/product-8.jpg\"]',NULL,'HO-187-A1',0,19,0,1,'in_stock',0,2,1,0,2006,NULL,NULL,NULL,11,10,16,671,NULL,0,'2025-03-31 21:08:46','2025-03-31 21:08:46',NULL,0,'Botble\\ACL\\Models\\User',0,NULL,'physical',NULL,NULL,0,0,0,0,NULL),(74,'Cropped Cable Knit Sweater',NULL,NULL,'published','[\"main\\/products\\/product-13.jpg\"]',NULL,'HO-187-A1-A2',0,19,0,1,'in_stock',0,2,1,0,2006,NULL,NULL,NULL,11,10,16,671,NULL,0,'2025-03-31 21:08:46','2025-03-31 21:08:46',NULL,0,'Botble\\ACL\\Models\\User',0,NULL,'physical',NULL,NULL,0,0,0,0,NULL),(75,'Cropped Cable Knit Sweater',NULL,NULL,'published','[\"main\\/products\\/product-20.jpg\"]',NULL,'HO-187-A1-A3',0,19,0,1,'in_stock',0,2,1,0,2006,NULL,NULL,NULL,11,10,16,671,NULL,0,'2025-03-31 21:08:46','2025-03-31 21:08:46',NULL,0,'Botble\\ACL\\Models\\User',0,NULL,'physical',NULL,NULL,0,0,0,0,NULL),(76,'Athleisure Jogger Pants (Digital)',NULL,NULL,'published','[\"main\\/products\\/product-15.jpg\"]',NULL,'WL-160-A1',0,12,0,1,'in_stock',0,1,1,0,1973,1657.32,NULL,NULL,17,15,18,573,NULL,0,'2025-03-31 21:08:46','2025-03-31 21:08:46',NULL,0,'Botble\\ACL\\Models\\User',0,NULL,'digital',NULL,NULL,0,0,0,0,NULL),(77,'Athleisure Jogger Pants (Digital)',NULL,NULL,'published','[\"main\\/products\\/product-10.jpg\"]',NULL,'WL-160-A1-A2',0,12,0,1,'in_stock',0,1,1,0,1973,1657.32,NULL,NULL,17,15,18,573,NULL,0,'2025-03-31 21:08:46','2025-03-31 21:08:46',NULL,0,'Botble\\ACL\\Models\\User',0,NULL,'digital',NULL,NULL,0,0,0,0,NULL),(78,'Athleisure Jogger Pants (Digital)',NULL,NULL,'published','[\"main\\/products\\/product-18.jpg\"]',NULL,'WL-160-A1-A3',0,12,0,1,'in_stock',0,1,1,0,1973,1558.67,NULL,NULL,17,15,18,573,NULL,0,'2025-03-31 21:08:46','2025-03-31 21:08:46',NULL,0,'Botble\\ACL\\Models\\User',0,NULL,'digital',NULL,NULL,0,0,0,0,NULL),(79,'Leopard Print Midi Skirt',NULL,NULL,'published','[\"main\\/products\\/product-18.jpg\"]',NULL,'8X-142-A1',0,16,0,1,'in_stock',0,3,1,0,2290,NULL,NULL,NULL,16,20,17,734,NULL,0,'2025-03-31 21:08:46','2025-03-31 21:08:46',NULL,0,'Botble\\ACL\\Models\\User',0,NULL,'physical',NULL,NULL,0,0,0,0,NULL),(80,'Leopard Print Midi Skirt',NULL,NULL,'published','[\"main\\/products\\/product-6.jpg\"]',NULL,'8X-142-A1-A2',0,16,0,1,'in_stock',0,3,1,0,2290,NULL,NULL,NULL,16,20,17,734,NULL,0,'2025-03-31 21:08:46','2025-03-31 21:08:46',NULL,0,'Botble\\ACL\\Models\\User',0,NULL,'physical',NULL,NULL,0,0,0,0,NULL),(81,'Leopard Print Midi Skirt',NULL,NULL,'published','[\"main\\/products\\/product-13.jpg\"]',NULL,'8X-142-A1-A3',0,16,0,1,'in_stock',0,3,1,0,2290,NULL,NULL,NULL,16,20,17,734,NULL,0,'2025-03-31 21:08:46','2025-03-31 21:08:46',NULL,0,'Botble\\ACL\\Models\\User',0,NULL,'physical',NULL,NULL,0,0,0,0,NULL),(82,'Faux Fur Trimmed Coat',NULL,NULL,'published','[\"main\\/products\\/product-10.jpg\"]',NULL,'KY-154-A1',0,20,0,1,'in_stock',0,2,1,0,2264,NULL,NULL,NULL,18,13,19,613,NULL,0,'2025-03-31 21:08:46','2025-03-31 21:08:46',NULL,0,'Botble\\ACL\\Models\\User',0,NULL,'physical',NULL,NULL,0,0,0,0,NULL),(83,'Pleated Midi Skirt',NULL,NULL,'published','[\"main\\/products\\/product-9.jpg\"]',NULL,'JF-176-A1',0,13,0,1,'in_stock',0,4,1,0,2170,NULL,NULL,NULL,15,17,14,638,NULL,0,'2025-03-31 21:08:46','2025-03-31 21:08:46',NULL,0,'Botble\\ACL\\Models\\User',0,NULL,'physical',NULL,NULL,0,0,0,0,NULL),(84,'Pleated Midi Skirt',NULL,NULL,'published','[\"main\\/products\\/product-6.jpg\"]',NULL,'JF-176-A1-A2',0,13,0,1,'in_stock',0,4,1,0,2170,NULL,NULL,NULL,15,17,14,638,NULL,0,'2025-03-31 21:08:46','2025-03-31 21:08:46',NULL,0,'Botble\\ACL\\Models\\User',0,NULL,'physical',NULL,NULL,0,0,0,0,NULL),(85,'Velour Tracksuit Set',NULL,NULL,'published','[\"main\\/products\\/product-11.jpg\"]',NULL,'UZ-139-A1',0,10,0,1,'in_stock',0,4,1,0,959,NULL,NULL,NULL,19,10,13,706,NULL,0,'2025-03-31 21:08:46','2025-03-31 21:08:46',NULL,0,'Botble\\ACL\\Models\\User',0,NULL,'physical',NULL,NULL,0,0,0,0,NULL),(86,'Velour Tracksuit Set',NULL,NULL,'published','[\"main\\/products\\/product-10.jpg\"]',NULL,'UZ-139-A1-A2',0,10,0,1,'in_stock',0,4,1,0,959,NULL,NULL,NULL,19,10,13,706,NULL,0,'2025-03-31 21:08:46','2025-03-31 21:08:46',NULL,0,'Botble\\ACL\\Models\\User',0,NULL,'physical',NULL,NULL,0,0,0,0,NULL),(87,'Velour Tracksuit Set',NULL,NULL,'published','[\"main\\/products\\/product-1.jpg\"]',NULL,'UZ-139-A1-A3',0,10,0,1,'in_stock',0,4,1,0,959,NULL,NULL,NULL,19,10,13,706,NULL,0,'2025-03-31 21:08:46','2025-03-31 21:08:46',NULL,0,'Botble\\ACL\\Models\\User',0,NULL,'physical',NULL,NULL,0,0,0,0,NULL),(88,'Velour Tracksuit Set',NULL,NULL,'published','[\"main\\/products\\/product-14.jpg\"]',NULL,'UZ-139-A1-A4',0,10,0,1,'in_stock',0,4,1,0,959,NULL,NULL,NULL,19,10,13,706,NULL,0,'2025-03-31 21:08:46','2025-03-31 21:08:46',NULL,0,'Botble\\ACL\\Models\\User',0,NULL,'physical',NULL,NULL,0,0,0,0,NULL),(89,'Geometric Patterned Cardigan (Digital)',NULL,NULL,'published','[\"main\\/products\\/product-16.jpg\"]',NULL,'CG-152-A1',0,18,0,1,'in_stock',0,5,1,0,828,629.28,NULL,NULL,12,20,19,858,NULL,0,'2025-03-31 21:08:46','2025-03-31 21:08:46',NULL,0,'Botble\\ACL\\Models\\User',0,NULL,'digital',NULL,NULL,0,0,0,0,NULL),(90,'Geometric Patterned Cardigan (Digital)',NULL,NULL,'published','[\"main\\/products\\/product-10.jpg\"]',NULL,'CG-152-A1-A2',0,18,0,1,'in_stock',0,5,1,0,828,654.12,NULL,NULL,12,20,19,858,NULL,0,'2025-03-31 21:08:46','2025-03-31 21:08:46',NULL,0,'Botble\\ACL\\Models\\User',0,NULL,'digital',NULL,NULL,0,0,0,0,NULL),(91,'Geometric Patterned Cardigan (Digital)',NULL,NULL,'published','[\"main\\/products\\/product-13.jpg\"]',NULL,'CG-152-A1-A3',0,18,0,1,'in_stock',0,5,1,0,828,695.52,NULL,NULL,12,20,19,858,NULL,0,'2025-03-31 21:08:46','2025-03-31 21:08:46',NULL,0,'Botble\\ACL\\Models\\User',0,NULL,'digital',NULL,NULL,0,0,0,0,NULL),(92,'Geometric Patterned Cardigan (Digital)',NULL,NULL,'published','[\"main\\/products\\/product-1.jpg\"]',NULL,'CG-152-A1-A4',0,18,0,1,'in_stock',0,5,1,0,828,621,NULL,NULL,12,20,19,858,NULL,0,'2025-03-31 21:08:46','2025-03-31 21:08:46',NULL,0,'Botble\\ACL\\Models\\User',0,NULL,'digital',NULL,NULL,0,0,0,0,NULL),(93,'Geometric Patterned Cardigan (Digital)',NULL,NULL,'published','[\"main\\/products\\/product-4.jpg\"]',NULL,'CG-152-A1-A5',0,18,0,1,'in_stock',0,5,1,0,828,703.8,NULL,NULL,12,20,19,858,NULL,0,'2025-03-31 21:08:46','2025-03-31 21:08:46',NULL,0,'Botble\\ACL\\Models\\User',0,NULL,'digital',NULL,NULL,0,0,0,0,NULL),(94,'Buckle Detail Ankle Booties',NULL,NULL,'published','[\"main\\/products\\/product-11.jpg\"]',NULL,'DJ-154-A1',0,14,0,1,'in_stock',0,5,1,0,1302,NULL,NULL,NULL,10,17,19,607,NULL,0,'2025-03-31 21:08:46','2025-03-31 21:08:46',NULL,0,'Botble\\ACL\\Models\\User',0,NULL,'physical',NULL,NULL,0,0,0,0,NULL),(95,'Buckle Detail Ankle Booties',NULL,NULL,'published','[\"main\\/products\\/product-14.jpg\"]',NULL,'DJ-154-A1-A2',0,14,0,1,'in_stock',0,5,1,0,1302,NULL,NULL,NULL,10,17,19,607,NULL,0,'2025-03-31 21:08:46','2025-03-31 21:08:46',NULL,0,'Botble\\ACL\\Models\\User',0,NULL,'physical',NULL,NULL,0,0,0,0,NULL),(96,'Cowl Neck Knit Poncho',NULL,NULL,'published','[\"main\\/products\\/product-6.jpg\"]',NULL,'T8-198-A1',0,17,0,1,'in_stock',0,1,1,0,2304,NULL,NULL,NULL,19,18,12,785,NULL,0,'2025-03-31 21:08:46','2025-03-31 21:08:46',NULL,0,'Botble\\ACL\\Models\\User',0,NULL,'physical',NULL,NULL,0,0,0,0,NULL),(97,'Cowl Neck Knit Poncho',NULL,NULL,'published','[\"main\\/products\\/product-12.jpg\"]',NULL,'T8-198-A1-A2',0,17,0,1,'in_stock',0,1,1,0,2304,NULL,NULL,NULL,19,18,12,785,NULL,0,'2025-03-31 21:08:46','2025-03-31 21:08:46',NULL,0,'Botble\\ACL\\Models\\User',0,NULL,'physical',NULL,NULL,0,0,0,0,NULL),(98,'Cowl Neck Knit Poncho',NULL,NULL,'published','[\"main\\/products\\/product-11.jpg\"]',NULL,'T8-198-A1-A3',0,17,0,1,'in_stock',0,1,1,0,2304,NULL,NULL,NULL,19,18,12,785,NULL,0,'2025-03-31 21:08:46','2025-03-31 21:08:46',NULL,0,'Botble\\ACL\\Models\\User',0,NULL,'physical',NULL,NULL,0,0,0,0,NULL),(99,'Chunky Knit Infinity Scarf (Digital)',NULL,NULL,'published','[\"main\\/products\\/product-6.jpg\"]',NULL,'V7-117-A1',0,10,0,1,'in_stock',0,4,1,0,990,782.1,NULL,NULL,13,11,10,840,NULL,0,'2025-03-31 21:08:46','2025-03-31 21:08:46',NULL,0,'Botble\\ACL\\Models\\User',0,NULL,'digital',NULL,NULL,0,0,0,0,NULL),(100,'Chunky Knit Infinity Scarf (Digital)',NULL,NULL,'published','[\"main\\/products\\/product-13.jpg\"]',NULL,'V7-117-A1-A2',0,10,0,1,'in_stock',0,4,1,0,990,861.3,NULL,NULL,13,11,10,840,NULL,0,'2025-03-31 21:08:46','2025-03-31 21:08:46',NULL,0,'Botble\\ACL\\Models\\User',0,NULL,'digital',NULL,NULL,0,0,0,0,NULL),(101,'Retro High-Top Sneakers',NULL,NULL,'published','[\"main\\/products\\/product-13.jpg\"]',NULL,'CV-114-A1',0,12,0,1,'in_stock',0,5,1,0,831,NULL,NULL,NULL,12,14,12,717,NULL,0,'2025-03-31 21:08:46','2025-03-31 21:08:46',NULL,0,'Botble\\ACL\\Models\\User',0,NULL,'physical',NULL,NULL,0,0,0,0,NULL),(102,'Retro High-Top Sneakers',NULL,NULL,'published','[\"main\\/products\\/product-8.jpg\"]',NULL,'CV-114-A1-A2',0,12,0,1,'in_stock',0,5,1,0,831,NULL,NULL,NULL,12,14,12,717,NULL,0,'2025-03-31 21:08:46','2025-03-31 21:08:46',NULL,0,'Botble\\ACL\\Models\\User',0,NULL,'physical',NULL,NULL,0,0,0,0,NULL),(103,'Retro High-Top Sneakers',NULL,NULL,'published','[\"main\\/products\\/product-3.jpg\"]',NULL,'CV-114-A1-A3',0,12,0,1,'in_stock',0,5,1,0,831,NULL,NULL,NULL,12,14,12,717,NULL,0,'2025-03-31 21:08:46','2025-03-31 21:08:46',NULL,0,'Botble\\ACL\\Models\\User',0,NULL,'physical',NULL,NULL,0,0,0,0,NULL);

--
